November 20, 2023 - 12:55:42 PM
NOAA-style Climate Reports
Select a Year or Month report
Report for 2023 Jan
MONTHLY CLIMATOLOGICAL SUMMARY for JAN. 2023 NAME: Foxton CITY: Oakford STATE: Western Australia ELEV: 29 m LAT: 32° 11' 24" S LONG: 115° 54' 42" E TEMPERATURE (°C), RAIN (mm), WIND SPEED (km/hr) HEAT COOL AVG MEAN DEG DEG WIND DOM DAY TEMP HIGH TIME LOW TIME DAYS DAYS RAIN SPEED HIGH TIME DIR ------------------------------------------------------------------------------------ 1 21.6 30.2 1:30p 14.1 5:45a 0.8 4.2 0.0 1.8 29.0 3:55p S 2 25.5 34.3 4:40p 15.7 5:45a 0.3 7.5 0.0 2.1 24.1 4:10p S 3 27.2 36.7 3:10p 17.3 5:25a 0.1 8.9 0.0 2.1 27.4 10:45p SE 4 27.4 37.2 3:10p 17.9 5:35a 0.0 9.1 0.0 1.6 33.8 2:25a SE 5 29.4 40.1 1:35p 20.8 5:40a 0.0 11.2 0.0 1.1 30.6 2:25a ESE 6 24.0 33.8 10:50a 16.7 12:00m 0.1 5.8 0.0 2.4 32.2 4:30p W 7 20.8 28.7 2:10p 12.4 5:00a 0.8 2.9 0.0 1.6 30.6 3:00p S 8 22.2 30.2 12:50p 14.9 3:45a 0.6 4.5 0.0 1.3 32.2 3:00p S 9 27.4 38.7 4:00p 18.8 12:05a 0.0 9.1 0.0 1.0 22.5 5:50p SE 10 27.3 36.1 10:35a 21.0 9:30p 0.0 9.0 0.0 1.9 27.4 1:30p W 11 20.6 21.0 12:05a 20.1 4:25a 0.0 0.4 0.0 0.0 14.5 3:35a W 12 26.1 32.4 12:35p 19.1 12:00m 0.0 5.3 0.0 1.1 29.0 1:05p W 13 23.3 28.3 11:50a 16.4 4:40a 0.2 4.2 0.0 2.4 30.6 4:25p W 14 17.8 20.4 12:25a 15.1 4:40a 0.2 0.1 0.0 0.6 30.6 3:15a S 15 25.4 31.8 1:30p 19.4 11:10p 0.0 4.8 0.0 1.3 27.4 5:35p S 16 17.4 19.4 12:05a 15.9 5:05a 0.2 0.0 0.0 0.5 25.7 2:40a S 17 23.9 29.3 5:30p 17.0 7:40a 0.0 3.9 0.0 1.1 24.1 2:50p S 18 25.1 32.0 4:20p 15.8 4:45a 0.3 5.0 0.0 1.0 29.0 12:35a SE 19 20.6 23.7 12:05a 18.6 4:05a 0.0 0.4 0.0 0.3 24.1 1:55a SE 20 30.6 37.8 3:10p 22.8 12:00m 0.0 8.4 0.0 0.8 22.5 4:05p SE 21 29.2 39.4 2:25p 19.9 11:45p 0.0 7.4 0.0 1.6 25.7 2:25p WSW 22 27.6 34.9 11:20a 18.9 11:35p 0.0 9.2 0.0 3.4 22.5 7:55a WSW 23 23.6 34.4 2:15p 15.6 5:55a 0.2 4.3 0.0 1.4 33.8 2:45p SW 24 24.8 34.9 12:05p 14.2 5:40a 0.5 6.7 0.0 3.1 27.4 4:20p SW 25 24.3 34.3 3:25p 15.9 4:15a 0.2 6.2 0.0 2.6 19.3 5:10p S 26 20.1 28.4 9:40a 14.6 11:50p 0.3 1.5 0.0 1.3 20.9 3:55a NE 27 22.2 28.8 2:00p 13.8 11:50p 0.5 3.3 0.0 3.4 30.6 2:00p SSW 28 22.5 31.6 1:30p 13.9 12:05a 0.5 4.7 0.0 3.4 25.7 9:15a ENE 29 27.3 37.8 2:10p 17.4 4:55a 0.0 9.1 0.0 2.9 22.5 2:30a ENE 30 30.2 38.4 2:20p 23.2 5:40a 0.0 11.8 0.0 3.7 22.5 1:30a NE 31 28.2 36.3 2:45p 20.1 12:00m 0.0 9.9 0.0 3.5 32.2 10:30p ENE ------------------------------------------------------------------------------------- 24.6 40.1 5 12.4 7 5.9 178.7 0.0 1.8 33.8 4 S Max >= 32.0: 18 Max <= 0.0: 0 Min <= 0.0: 0 Min <= -18.0: 0 Max Rain: 0.00 ON 01/01/23 Days of Rain: 0 (> .2 mm) 0 (> 2 mm) 0 (> 20 mm) Heat Base: 18.3 Cool Base: 18.3 Method: Integration