Gardiner Menu
October 12, 2019 - 17:16:04 PM
NOAA style reports

NOAA-style Climate Reports


Report for 2020 01
                   MONTHLY CLIMATOLOGICAL SUMMARY for JAN. 2020

NAME: Kairos   CITY: Maddington   STATE: Western Australia 
ELEV:    20 m  LAT:  32 06' 00" S  LONG: 116 00' 00" E

                   TEMPERATURE (C), RAIN  (mm), WIND SPEED (km/hr)

                                      HEAT  COOL        AVG
    MEAN                              DEG   DEG         WIND                 DOM
DAY TEMP  HIGH   TIME   LOW    TIME   DAYS  DAYS  RAIN  SPEED HIGH   TIME    DIR
------------------------------------------------------------------------------------
 1  24.3  35.7   1:15p  15.6   3:05a   0.5   6.5   0.0   4.3  32.2   3:30p    SW
 2  20.7  25.9   3:05p  15.8   5:45a   0.4   2.8   0.0   7.1  45.1   3:35p    SW
 3  18.3  23.6   3:25p  13.2   5:50a   1.5   1.5   0.4   6.6  40.2   2:25p    SW
 4  19.8  29.7   4:15p  12.6   5:45a   1.6   3.1   0.0   7.7  43.5   7:00a     E
 5  26.1  37.7   2:40p  13.1   1:25a   0.4   8.2   0.0   8.5  45.1   4:30a    SW
 6  26.3  38.2   2:30p  15.1   5:15a   0.5   8.5   0.0   2.9  30.6   5:50p    SW
 7  26.1  36.0  12:55p  17.7   1:30a   0.0   7.8   0.0   2.1  22.5   4:35p    SW
 8  23.6  32.3  12:40p  16.3   6:00a   0.2   5.4   0.0   6.6  41.8   2:45p    SW
 9  22.7  29.6   1:20p  16.6   5:50a   0.2   4.6   0.0   7.9  41.8   3:45p   SSW
10  24.7  33.3   4:10p  15.8   5:40a   0.3   6.7   0.0   7.9  38.6   2:35a   ESE
11  25.6  37.3   4:35p  18.1   5:40a   0.0   6.6   0.0  12.7  59.5   6:45a     E
12  26.5  36.3  11:00a  17.7   5:55a   0.0   8.2   0.0   4.0  33.8   4:00p    SW
13  26.8  39.1   3:35p  18.3   5:40a   0.0   8.5   0.0   3.1  32.2   1:20a    SW
14  28.9  37.6   4:10p  20.7   6:10a   0.0  10.6   0.0   8.4  66.0  10:10p    SW
15  26.6  34.5   4:25p  19.7   5:10a   0.0   8.3   0.0  10.0  51.5  12:00m     E
16  28.1  39.0   2:35p  20.0   5:20a   0.0   9.8   0.0   7.1  57.9  12:20a    SW
17  25.6  31.8   3:20p  21.7  11:25p   0.0   7.3   0.0   1.6  25.7   3:30p    SW
18  26.2  33.7   3:35p  19.4   6:15a   0.0   7.9   0.0   6.3  54.7  11:20p   ESE
19  23.3  33.7   2:35p  16.8   5:55a   0.1   5.2   0.0  13.4  56.3  12:45a     E
20  24.9  36.5   2:20p  16.8   1:55a   0.1   6.7   0.0   3.7  30.6   6:15p    SW
21  18.3  26.3   9:05a  13.3  11:20p   1.2   1.2   0.0   4.5  35.4   9:05a   SSW
22  20.4  25.6   7:20a  13.8  12:05a   0.3   2.5   0.0   6.1  37.0  10:45a    SW
23  23.7  32.0   6:30a  16.8   7:40p   0.1   5.4   0.0   6.0  40.2   9:40p    SW
24  25.4  35.9   6:45a  16.4   9:30p   0.2   7.3   0.0   3.5  32.2  11:10a    SW
25  27.1  37.1   6:20a  19.3  12:05a   0.0   8.8   0.0   2.7  27.4   7:20a    SW
26  33.0  39.7   8:10a  21.4  12:05a   0.0   6.6   0.0   4.5  30.6   8:30a    SW
27
28
29
30
31
-------------------------------------------------------------------------------------
    24.7  39.7    26    12.6     4     7.8 166.0   0.4   6.1  66.0    14      SW

Max >=  32.0: 19
Max <=   0.0:  0
Min <=   0.0:  0
Min <= -18.0:  0
Max Rain: 0.41 ON 03/01/20
Days of Rain: 1 (> .2 mm) 0 (> 2 mm) 0 (> 20 mm)
Heat Base:  18.3  Cool Base:  18.3  Method: Integration