Gardiner Menu
September 09, 2019 - 18:07:34 PM
NOAA style reports

NOAA-style Climate Reports


Report for 2019 09
                   MONTHLY CLIMATOLOGICAL SUMMARY for SEP. 2019

NAME: Kairos   CITY: Maddington   STATE: Western Australia 
ELEV:    20 m  LAT:  32 06' 00" S  LONG: 116 00' 00" E

                   TEMPERATURE (C), RAIN  (mm), WIND SPEED (km/hr)

                                      HEAT  COOL        AVG
    MEAN                              DEG   DEG         WIND                 DOM
DAY TEMP  HIGH   TIME   LOW    TIME   DAYS  DAYS  RAIN  SPEED HIGH   TIME    DIR
------------------------------------------------------------------------------------
 1  14.3  17.9  11:45a   9.2  12:00m   4.0   0.0  12.0   7.6  54.7   1:40p     N
 2  14.5  20.2   1:35p   8.9  12:30a   3.9   0.1   6.2   7.2  53.1   3:10p   WNW
 3  14.2  18.7   2:25p  10.3   7:05a   4.1   0.0   2.6   2.3  33.8  11:45a    SW
 4  12.8  16.8   2:20p  10.1   9:05p   5.5   0.0   1.0   4.2  33.8   2:20p    SW
 5  11.1  18.7   1:55p   4.0   7:05a   7.3   0.0   0.0   1.9  22.5  10:15a     E
 6  13.2  22.9   3:25p   4.6   1:05a   6.0   0.8   0.0   4.8  41.8   4:55a     E
 7  12.9  22.7   2:25p   2.7   6:45a   6.3   0.9   0.0   2.1  24.1   5:05p   SSW
 8  17.4  28.4   2:15p   7.7   3:25a   3.6   2.8   0.0   3.5  41.8   5:20a     E
 9  22.9  34.6   3:30p  12.2   1:10a   1.1   5.7   0.0   4.3  29.0  12:15p   ENE
10  19.7  31.1   1:05p   9.9   4:55a   1.9   3.3   0.0   2.7  27.4   7:35a   WNW
11  19.2  25.9   2:45p  13.6   4:55a   1.5   2.3   0.0   2.4  24.1  11:50a    NW
12  18.8  27.9   1:50p  11.2   6:45a   2.2   2.7   0.0   1.4  25.7   2:35p    NW
13  19.7  29.8   1:45p  12.1   6:35a   2.0   3.4   0.0   1.1  19.3   1:50p     W
14  19.4  27.9   1:10p  14.3   6:40a   1.2   2.3   0.0   1.9  22.5   3:05p    SW
15  17.8  26.0   1:35p  11.3   6:45a   2.2   1.6   0.0   1.9  38.6  11:45p   SSW
16  19.9  27.9   4:15p  13.9   6:25a   1.3   2.9   0.0  10.1  53.1   5:55a     E
17  17.5  25.4  12:35p  10.8   6:40a   2.3   1.5   0.0   2.6  25.7   3:25p    SW
18  13.1  13.8   2:20a  12.2   5:20a   1.2   0.0   0.0   0.0   8.0   2:00a    SW
19
20
21
22
23
24
25
26
27
28
29
30
-------------------------------------------------------------------------------------
    16.6  34.6     9     2.7     7    57.4  30.4  21.8   3.5  54.7     1      SW

Max >=  32.0:  1
Max <=   0.0:  0
Min <=   0.0:  0
Min <= -18.0:  0
Max Rain: 11.99 ON 01/09/19
Days of Rain: 4 (> .2 mm) 3 (> 2 mm) 0 (> 20 mm)
Heat Base:  18.3  Cool Base:  18.3  Method: Integration