Gardiner Menu
October 12, 2019 - 17:16:04 PM
NOAA style reports

NOAA-style Climate Reports


Report for 2022 08
                   MONTHLY CLIMATOLOGICAL SUMMARY for AUG. 2022

NAME: Foxton   CITY: Oakford   STATE: Western Australia 
ELEV:    29 m  LAT:  32 11' 24" S  LONG: 115 54' 42" E

                   TEMPERATURE (C), RAIN  (mm), WIND SPEED (km/hr)

                                      HEAT  COOL        AVG
    MEAN                              DEG   DEG         WIND                 DOM
DAY TEMP  HIGH   TIME   LOW    TIME   DAYS  DAYS  RAIN  SPEED HIGH   TIME    DIR
------------------------------------------------------------------------------------
 1  13.7  19.7   2:35p   8.5   1:40a   4.7   0.1  13.4   2.1  32.2  10:35p   WNW
 2  13.8  17.8  12:05p  10.2   5:15a   4.4   0.0  10.2   5.1  53.1   8:50a   WSW
 3  13.4  17.2   2:35p   9.9   1:55a   4.9   0.0  18.8   4.0  38.6   2:40a   WSW
 4  12.0  16.3   2:30p   7.0  11:30p   6.3   0.0   5.0   1.0  25.7   1:15p     S
 5  10.2  15.2   1:35p   3.0   5:40a   8.1   0.0   0.2   0.0   6.4  11:05a   WSW
 6  13.9  18.1   2:10p  11.2   7:00a   4.4   0.0  10.6   0.2  11.3   1:00p   WSW
 7  14.1  17.6   3:25p  11.1   9:45p   4.3   0.0  15.2   0.3  20.9  12:10p    NW
 8  12.8  15.6  10:00a  10.2  10:30p   5.5   0.0  14.2   0.6  30.6   7:40p     W
 9   8.8  12.0   2:45p   5.2  12:00m   9.5   0.0  26.8   0.5  27.4  12:55a   WSW
10   9.8  16.4   1:55p   4.4   4:10a   8.5   0.0   0.2   0.6  17.7  11:50a   SSW
11  10.7  19.6   2:05p   2.3   7:05a   6.4   0.1   0.2   0.2  11.3  11:25a     S
12
13
14
15
16
17
18
19
20
21
22
23
24
25
26
27
28
29
30
31
-------------------------------------------------------------------------------------
    12.1  19.7     1     2.3    11    66.8   0.1 114.8   1.3  53.1     2     WSW

Max >=  32.0:  0
Max <=   0.0:  0
Min <=   0.0:  0
Min <= -18.0:  0
Max Rain: 26.80 ON 09/08/22
Days of Rain: 11 (> .2 mm) 8 (> 2 mm) 1 (> 20 mm)
Heat Base:  18.3  Cool Base:  18.3  Method: Integration