Gardiner Menu
October 12, 2019 - 17:16:04 PM
NOAA style reports

NOAA-style Climate Reports


Report for 2019 11
                   MONTHLY CLIMATOLOGICAL SUMMARY for NOV. 2019

NAME: Kairos   CITY: Maddington   STATE: Western Australia 
ELEV:    20 m  LAT:  32 06' 00" S  LONG: 116 00' 00" E

                   TEMPERATURE (C), RAIN  (mm), WIND SPEED (km/hr)

                                      HEAT  COOL        AVG
    MEAN                              DEG   DEG         WIND                 DOM
DAY TEMP  HIGH   TIME   LOW    TIME   DAYS  DAYS  RAIN  SPEED HIGH   TIME    DIR
------------------------------------------------------------------------------------
 1  15.2  20.2  12:45p  10.8   1:15a   3.3   0.1   4.4   6.6  46.7   1:40p    SW
 2  16.1  23.4   2:40p  10.9   3:25a   3.2   1.0   3.8   2.6  30.6   3:25p    SW
 3  16.5  23.3   2:10p  11.3  12:00m   2.9   1.0   0.0   2.3  27.4   5:45p    SW
 4  18.7  30.5   1:35p   9.6   5:40a   2.9   3.4   0.0   2.3  25.7   2:55p    SW
 5  17.9  28.0  12:50p   7.7   5:40a   3.1   2.7   0.0   3.7  33.8   4:10p   SSW
 6  18.6  28.7   1:55p  10.8   3:00a   2.3   2.6   0.0   3.2  33.8   2:45p     S
 7  21.5  31.0   2:45p  14.0  12:05a   0.9   4.1   0.0   5.8  49.9  11:50p     E
 8  24.4  33.2   4:10p  14.5   5:50a   0.5   6.7   0.0  12.7  53.1   4:35a     E
 9  28.4  39.7   2:00p  20.9   5:10a   0.0  10.1   0.0  14.3  59.5   4:55a     E
10  21.7  27.5   2:10p  16.9  12:00m   0.1   3.5   0.0   5.3  29.0   6:55a   NNW
11  22.7  31.4   3:20p  15.3   5:10a   0.8   5.1   0.0   5.6  51.5  11:40p   ESE
12  22.7  31.0   3:35p  13.6   5:20a   1.0   5.4   0.0  16.3  70.8   6:35a     E
13  26.9  38.7   3:05p  16.7   5:40a   0.1   8.8   0.0   6.3  54.7   3:00a     E
14  31.2  40.9  12:55p  22.7   6:10a   0.0  12.9   0.0   4.2  45.1  12:00m   SSW
15  29.5  40.2   4:05p  20.5   5:20a   0.0  11.2   0.0  11.6  62.8   3:40a     E
16  28.9  43.7   2:35p  19.7   5:25a   0.0  10.7   0.0   6.4  53.1   2:25a     E
17  23.9  33.6   2:35p  16.7   5:15a   0.2   5.7   0.0   1.9  25.7  11:30a    SW
18  25.2  36.2   1:00p  16.8   3:25a   0.2   7.1   0.0   2.6  27.4   2:15p    SW
19  20.6  28.3   1:10p  15.8  11:40p   0.5   2.7   0.0   3.9  35.4   1:10p    SW
20
21
22
23
24
25
26
27
28
29
30
-------------------------------------------------------------------------------------
    22.7  43.7    16     7.7     5    22.0 104.8   8.2   6.2  70.8    12      SW

Max >=  32.0:  8
Max <=   0.0:  0
Min <=   0.0:  0
Min <= -18.0:  0
Max Rain: 4.39 ON 01/11/19
Days of Rain: 2 (> .2 mm) 2 (> 2 mm) 0 (> 20 mm)
Heat Base:  18.3  Cool Base:  18.3  Method: Integration