Gardiner Menu
October 12, 2019 - 17:16:04 PM
NOAA style reports

NOAA-style Climate Reports


Report for 2020 07
                   MONTHLY CLIMATOLOGICAL SUMMARY for JUL. 2020

NAME: Kairos   CITY: Maddington   STATE: Western Australia 
ELEV:    20 m  LAT:  32 06' 00" S  LONG: 116 00' 00" E

                   TEMPERATURE (C), RAIN  (mm), WIND SPEED (km/hr)

                                      HEAT  COOL        AVG
    MEAN                              DEG   DEG         WIND                 DOM
DAY TEMP  HIGH   TIME   LOW    TIME   DAYS  DAYS  RAIN  SPEED HIGH   TIME    DIR
------------------------------------------------------------------------------------
 1  12.9  16.9  12:40p   8.9  10:55p   5.4   0.0   0.8   1.4  27.4  12:40p     S
 2  11.6  19.6   3:25p   5.7   7:20a   6.8   0.1   0.0   0.6  17.7   4:15p     E
 3  14.2  20.4   3:10p   7.3  12:05a   4.4   0.2   0.0   5.5  45.1   9:10p   ENE
 4  17.8  23.5   1:55p  14.5   2:15a   1.6   1.1   0.0   7.6  35.4   1:35a   ENE
 5  19.3  25.0   1:35p  15.3  12:00m   0.8   1.8   3.8   4.8  27.4   1:10p   NNE
 6  14.9  19.3   1:00p  12.6   8:50p   3.4   0.0   6.8   6.9  40.2  11:50a    NW
 7  14.4  18.9   2:25p  11.8   7:20a   3.9   0.0   5.0   3.1  35.4  11:45a   WSW
 8  12.7  17.1  11:35a   7.5  11:55p   5.7   0.0   0.2   0.5  16.1  12:05p   SSW
 9  11.5  18.4   2:40p   6.7   7:00a   6.8   0.0   0.0   1.3  17.7   3:50p   SSW
10  11.1  17.0   2:40p   7.3  12:45a   7.2   0.0   0.2   4.2  29.0   9:40a     E
11  12.8  18.8   2:25p   8.6   7:40a   5.5   0.0   0.0   5.8  35.4   9:25p   ENE
12  15.6  22.2   2:45p   9.6   7:00a   3.5   0.8   0.2   6.8  32.2   9:40a   NNE
13  15.7  18.8   4:00p  13.2   7:05a   2.7   0.0  23.4   5.6  29.0   3:15p     N
14  14.0  16.8  11:55a  12.2   8:00a   2.1   0.0  11.0   8.7  48.3   2:00a   WSW
15
16
17
18
19
20
21
22
23
24
25
26
27
28
29
30
31
-------------------------------------------------------------------------------------
    14.2  25.0     5     5.7     2    59.5   4.1  51.4   4.5  48.3    14     ENE

Max >=  32.0:  0
Max <=   0.0:  0
Min <=   0.0:  0
Min <= -18.0:  0
Max Rain: 23.39 ON 13/07/20
Days of Rain: 9 (> .2 mm) 5 (> 2 mm) 1 (> 20 mm)
Heat Base:  18.3  Cool Base:  18.3  Method: Integration