November 20, 2023 - 12:55:42 PM
NOAA-style Climate Reports
Select a Year or Month report
Report for 2022 Dec
MONTHLY CLIMATOLOGICAL SUMMARY for DEC. 2022 NAME: Foxton CITY: Oakford STATE: Western Australia ELEV: 29 m LAT: 32° 11' 24" S LONG: 115° 54' 42" E TEMPERATURE (°C), RAIN (mm), WIND SPEED (km/hr) HEAT COOL AVG MEAN DEG DEG WIND DOM DAY TEMP HIGH TIME LOW TIME DAYS DAYS RAIN SPEED HIGH TIME DIR ------------------------------------------------------------------------------------ 1 20.4 23.3 2:20p 17.3 12:00m 0.0 2.1 0.0 1.3 20.9 12:45p W 2 17.5 23.8 12:05p 13.4 12:00m 1.5 0.8 0.0 0.5 22.5 4:25p SSW 3 21.4 28.8 12:35p 11.9 2:00a 1.5 4.6 0.0 1.8 27.4 10:35p S 4 22.8 29.8 4:30p 18.0 3:00a 0.0 4.6 0.0 3.1 27.4 7:25a S 5 22.2 29.1 3:00p 16.8 5:30a 0.2 4.1 0.0 2.1 25.7 4:25p S 6 21.3 28.1 2:40p 16.3 5:40a 0.2 3.2 0.0 2.1 29.0 3:15p S 7 22.2 31.6 5:15p 14.8 5:25a 0.7 4.5 2.8 2.7 41.8 9:05p SE 8 21.3 25.9 11:35a 16.3 12:00m 0.1 3.0 0.0 1.9 32.2 3:50a WSW 9 18.8 24.0 11:55a 14.6 1:20a 1.1 1.7 0.0 1.1 25.7 2:45p W 10 18.4 24.9 12:40p 10.2 5:35a 1.9 2.0 0.0 1.6 25.7 1:25p S 11 20.4 28.2 3:15p 14.1 5:10a 1.0 3.1 0.0 1.4 27.4 1:10a S 12 22.4 30.3 5:10p 14.2 5:25a 0.7 4.8 0.0 1.6 25.7 10:50p SE 13 19.2 24.3 5:00p 16.3 6:15a 0.7 1.5 0.0 2.1 29.0 2:30a SE 14 23.3 32.0 3:15p 16.2 5:10a 0.3 5.2 0.0 1.6 32.2 2:35a SE 15 24.8 32.5 2:05p 17.8 5:10a 0.0 6.6 0.0 1.3 25.7 2:50a SE 16 24.1 31.0 3:40p 16.4 5:25a 0.2 5.9 0.0 1.6 27.4 7:50a SE 17 23.2 32.5 2:45p 16.4 5:10a 0.3 5.3 0.0 1.4 22.5 1:35a SE 18 25.8 33.8 3:05p 18.0 12:05a 0.0 7.5 0.0 1.1 27.4 4:30p SE 19 28.3 36.6 2:20p 20.6 12:05a 0.0 10.1 0.0 0.8 22.5 1:25a SE 20 29.4 37.0 1:05p 21.0 12:05a 0.0 11.1 0.0 1.3 33.8 4:10p SE 21 27.7 36.5 1:00p 20.7 5:55a 0.0 9.4 0.0 1.0 24.1 2:45a SE 22 28.6 39.0 2:15p 19.7 5:40a 0.0 10.3 0.0 0.5 27.4 1:05a E 23 28.3 39.9 11:35a 18.6 5:50a 0.0 10.0 0.0 0.5 25.7 2:15p WSW 24 24.4 34.6 11:45a 14.6 5:40a 0.5 6.6 0.0 0.8 25.7 5:25p W 25 23.4 32.9 12:55p 15.0 5:35a 0.5 5.6 0.0 0.8 20.9 2:40p W 26 21.0 28.3 12:35p 15.0 5:35a 0.7 3.5 0.0 1.4 32.2 2:35p W 27 20.4 27.8 12:15p 11.2 5:10a 1.6 3.7 0.0 1.6 30.6 11:20a W 28 23.2 33.9 3:30p 14.7 5:40a 0.5 5.4 0.0 0.8 20.9 2:50a SE 29 25.7 38.2 12:35p 14.5 1:20a 0.3 7.7 0.0 0.8 24.1 3:40p ESE 30 23.6 35.2 12:00p 12.8 5:40a 1.1 6.4 0.0 0.6 20.9 12:45p WSW 31 20.9 27.6 12:10p 15.4 5:10a 0.4 3.1 0.0 2.1 32.2 2:55p W ------------------------------------------------------------------------------------- 23.0 39.9 23 10.2 10 16.0 163.2 2.8 1.4 41.8 7 S Max >= 32.0: 14 Max <= 0.0: 0 Min <= 0.0: 0 Min <= -18.0: 0 Max Rain: 2.79 ON 07/12/22 Days of Rain: 1 (> .2 mm) 1 (> 2 mm) 0 (> 20 mm) Heat Base: 18.3 Cool Base: 18.3 Method: Integration