November 20, 2023 - 12:55:42 PM
NOAA-style Climate Reports
Select a Year or Month report
Report for 2022 Apr
MONTHLY CLIMATOLOGICAL SUMMARY for APR. 2022 NAME: Foxton CITY: Oakford STATE: Western Australia ELEV: 29 m LAT: 32° 11' 24" S LONG: 115° 54' 42" E TEMPERATURE (°C), RAIN (mm), WIND SPEED (km/hr) HEAT COOL AVG MEAN DEG DEG WIND DOM DAY TEMP HIGH TIME LOW TIME DAYS DAYS RAIN SPEED HIGH TIME DIR ------------------------------------------------------------------------------------ 1 26.1 29.5 1:00p 23.0 12:35a 0.0 7.8 0.2 0.0 6.4 9:00a ESE 2 26.8 32.7 3:15p 23.6 12:00m 0.0 8.5 0.0 0.0 12.9 3:10p ESE 3 25.5 31.6 1:40p 22.3 2:30a 0.0 7.2 0.4 0.5 17.7 2:20p WSW 4 21.8 25.7 11:50a 17.2 11:55p 0.1 3.5 0.0 0.2 14.5 3:35a SW 5 19.7 28.1 2:45p 14.3 5:50a 1.1 2.5 0.0 0.3 17.7 4:30p SSW 6 21.6 29.6 2:30p 15.7 6:20a 0.7 3.9 0.0 0.0 9.7 6:05p SW 7 23.9 34.1 3:45p 15.1 3:35a 0.3 5.9 0.0 0.2 16.1 4:30p W 8 22.6 27.1 10:50a 17.5 12:00m 0.0 4.3 4.0 2.1 30.6 12:55p WSW 9 17.4 24.6 3:10p 12.7 7:20a 2.0 1.1 1.0 0.5 27.4 3:45p SW 10 16.8 23.4 1:15p 11.9 5:20a 2.4 0.9 3.8 0.8 27.4 1:50p WSW 11 15.9 23.9 2:05p 12.7 7:00a 2.9 0.5 0.2 0.0 12.9 3:20a SW 12 28.1 70.1 9:45p 11.6 3:15a 2.2 11.9 0.2 0.0 24.1 2:35p SW 13 70.1 70.1 4:10a 70.1 12:05a 0.0 29.5 0.0 1.0 22.5 2:55p WSW 14 --- --- --- --- --- 0.0 0.0 0.0 0.5 17.7 3:50p SW 15 --- --- --- --- --- 0.0 0.0 0.0 0.5 19.3 3:50p SW 16 --- --- --- --- --- 0.0 0.0 0.0 1.9 30.6 2:25p SW 17 --- --- --- --- --- 0.0 0.0 0.0 0.3 19.3 1:05p SW 18 --- --- --- --- --- 0.0 0.0 0.0 0.6 24.1 2:55p SW 19 --- --- --- --- --- 0.0 0.0 0.0 0.2 19.3 3:55p SW 20 --- --- --- --- --- 0.0 0.0 0.0 0.0 8.0 8:55a SSW 21 --- --- --- --- --- 0.0 0.0 0.0 0.2 14.5 10:15p S 22 --- --- --- --- --- 0.0 0.0 0.0 0.6 17.7 2:10a ESE 23 --- --- --- --- --- 0.0 0.0 0.0 0.6 14.5 12:35a ESE 24 --- --- --- --- --- 0.0 0.0 0.0 0.0 6.4 12:05a E 25 --- --- --- --- --- 0.0 0.0 10.4 0.6 35.4 7:55p NNE 26 --- --- --- --- --- 0.0 0.0 6.4 0.6 27.4 1:15a W 27 --- --- --- --- --- 0.0 0.0 1.6 0.8 27.4 1:20p SW 28 --- --- --- --- --- 0.0 0.0 5.2 0.8 25.7 2:05p SW 29 15.7 23.6 4:00p 10.2 12:00m 1.1 0.2 2.4 0.0 12.9 1:00p SW 30 14.6 23.6 1:55p 6.2 7:00a 4.8 1.2 0.0 0.2 17.7 4:05p NE ------------------------------------------------------------------------------------- 24.4 70.1 13 6.2 30 17.5 88.8 35.8 0.5 35.4 25 SW Max >= 32.0: 4 Max <= 0.0: 0 Min <= 0.0: 0 Min <= -18.0: 0 Max Rain: 10.39 ON 25/04/22 Days of Rain: 12 (> .2 mm) 6 (> 2 mm) 0 (> 20 mm) Heat Base: 18.3 Cool Base: 18.3 Method: Integration