November 20, 2023 - 12:55:42 PM
NOAA-style Climate Reports
Select a Year or Month report
Report for 2022 Mar
MONTHLY CLIMATOLOGICAL SUMMARY for MAR. 2022 NAME: Foxton CITY: Oakford STATE: Western Australia ELEV: 29 m LAT: 32° 11' 24" S LONG: 115° 54' 42" E TEMPERATURE (°C), RAIN (mm), WIND SPEED (km/hr) HEAT COOL AVG MEAN DEG DEG WIND DOM DAY TEMP HIGH TIME LOW TIME DAYS DAYS RAIN SPEED HIGH TIME DIR ------------------------------------------------------------------------------------ 1 22.5 27.4 1:00p 18.6 12:00m 0.0 4.2 0.0 3.2 35.4 5:35p WSW 2 18.1 24.7 3:30p 13.4 12:00m 1.4 1.2 2.8 1.3 27.4 4:25p SW 3 17.7 28.0 2:35p 7.8 6:35a 3.1 2.4 0.0 1.1 30.6 4:50p SW 4 21.9 31.4 3:05p 14.2 12:10a 0.8 4.4 0.0 0.0 11.3 6:00a ESE 5 23.9 34.7 4:10p 15.9 12:50a 0.2 5.8 0.0 0.2 17.7 4:45p ESE 6 26.0 37.1 2:45p 18.1 1:15a 0.0 7.7 0.0 0.8 29.0 4:30p S 7 26.8 35.2 2:05p 19.1 1:35a 0.0 8.5 0.0 0.2 12.9 7:00a ESE 8 25.5 35.5 4:05p 18.7 6:10a 0.0 7.2 0.0 0.3 12.9 12:45a E 9 27.6 38.7 3:05p 20.4 12:00m 0.0 9.3 0.0 0.6 24.1 4:15p ESE 10 29.0 40.7 2:25p 19.7 1:10a 0.0 10.7 0.0 0.5 19.3 3:40p SW 11 29.3 37.3 2:45p 20.7 12:05a 0.0 11.1 0.0 0.2 14.5 3:00p S 12 24.4 29.5 1:05p 18.8 6:45a 0.0 6.1 0.0 1.1 22.5 12:35p W 13 23.6 28.8 1:50p 18.3 12:00m 0.0 5.3 0.0 0.3 17.7 12:35p W 14 21.9 29.7 12:50p 14.7 6:35a 0.8 4.4 0.0 1.1 20.9 4:50p WSW 15 21.3 26.6 1:20p 17.5 3:35a 0.1 3.1 0.0 1.3 27.4 1:25p WSW 16 20.9 27.8 1:05p 15.7 6:30a 0.4 3.1 0.0 1.1 22.5 2:20p WSW 17 22.3 32.2 2:25p 14.4 6:50a 0.6 4.6 0.2 0.5 19.3 3:25p SW 18 21.9 28.9 3:30p 14.3 6:20a 0.7 4.3 0.0 0.3 17.7 5:55p WSW 19 23.9 28.9 1:15p 19.6 7:00a 0.0 5.6 0.0 0.2 22.5 1:20a ESE 20 22.1 29.2 2:40p 19.0 11:55p 0.0 3.8 0.0 0.8 22.5 12:10p WSW 21 22.4 29.6 3:30p 18.4 1:25a 0.0 4.1 0.0 0.2 14.5 3:35a SW 22 21.4 29.7 3:20p 13.6 7:00a 0.6 3.7 0.0 0.2 14.5 12:25a ESE 23 21.6 29.8 3:15p 15.8 6:30a 0.5 3.8 0.0 0.2 14.5 12:05a SE 24 23.2 32.4 3:25p 16.6 6:55a 0.2 5.1 0.0 0.3 12.9 3:05a ESE 25 27.1 35.3 3:15p 20.7 6:35a 0.0 8.7 0.2 0.3 11.3 10:00a ESE 26 24.3 29.8 11:10a 21.7 9:05p 0.0 6.0 4.4 0.6 24.1 3:10p SW 27 21.7 24.7 1:50p 18.2 11:55p 0.0 3.4 0.0 0.0 17.7 2:35p ESE 28 20.9 26.6 1:25p 17.4 5:00a 0.2 2.8 0.0 0.3 16.1 4:20a E 29 24.6 31.2 2:30p 20.7 12:10a 0.0 6.3 0.0 0.2 22.5 9:15p E 30 22.9 27.0 12:30p 20.1 5:20a 0.0 4.6 0.4 0.3 14.5 1:50a ESE 31 24.6 31.3 2:55p 20.6 3:00a 0.0 6.3 0.6 0.2 14.5 9:55a ESE ------------------------------------------------------------------------------------- 23.4 40.7 10 7.8 3 9.5 167.6 8.6 0.6 35.4 1 ESE Max >= 32.0: 10 Max <= 0.0: 0 Min <= 0.0: 0 Min <= -18.0: 0 Max Rain: 4.39 ON 26/03/22 Days of Rain: 6 (> .2 mm) 2 (> 2 mm) 0 (> 20 mm) Heat Base: 18.3 Cool Base: 18.3 Method: Integration