November 20, 2023 - 12:55:42 PM
NOAA-style Climate Reports
Select a Year or Month report
Report for 2021 Aug
MONTHLY CLIMATOLOGICAL SUMMARY for AUG. 2021 NAME: Foxton CITY: Oakford STATE: Western Australia ELEV: 29 m LAT: 32° 11' 24" S LONG: 115° 54' 42" E TEMPERATURE (°C), RAIN (mm), WIND SPEED (km/hr) HEAT COOL AVG MEAN DEG DEG WIND DOM DAY TEMP HIGH TIME LOW TIME DAYS DAYS RAIN SPEED HIGH TIME DIR ------------------------------------------------------------------------------------ 1 11.1 15.4 2:55a 3.9 12:00m 7.2 0.0 12.0 7.1 57.9 10:45a WSW 2 9.1 16.6 3:00p 2.2 4:40a 9.2 0.0 0.0 0.0 6.4 11:30a SW 3 11.2 18.9 1:15p 5.7 12:00m 7.1 0.0 0.0 0.0 8.0 1:25p SW 4 10.4 21.1 2:40p 3.3 7:25a 8.2 0.3 0.0 0.0 3.2 12:10p SW 5 10.3 22.1 3:25p 1.7 7:40a 8.5 0.5 0.2 0.0 17.7 12:55p SW 6 11.3 24.1 3:10p 2.9 5:20a 8.0 1.1 0.0 0.0 14.5 10:20a N 7 12.4 18.4 12:25p 5.8 2:20a 5.9 0.0 1.6 0.2 20.9 1:45p N 8 15.7 19.8 3:15p 12.0 2:45a 2.8 0.1 1.4 1.4 49.9 10:50p N 9 14.9 19.4 1:00p 12.3 7:25p 3.4 0.0 16.8 4.8 57.9 7:10p NNW 10 10.9 14.1 12:20a 6.3 11:40p 7.4 0.0 5.8 6.4 57.9 2:20p WSW 11 11.1 17.8 4:10p 5.8 5:15a 7.2 0.0 1.4 0.3 17.7 6:10p WSW 12 11.9 16.5 12:50p 7.7 11:55p 6.4 0.0 0.2 0.0 14.5 5:35a WSW 13 11.6 22.2 1:45p 4.7 12:00m 7.3 0.6 0.0 0.2 17.7 12:35p NNW 14 11.2 22.1 2:25p 2.7 7:10a 7.6 0.5 0.0 0.3 17.7 3:40p WSW 15 14.1 24.7 2:50p 6.2 4:05a 5.3 1.1 0.2 0.0 8.0 12:40p WSW 16 17.7 26.0 2:30p 12.6 6:20a 2.3 1.8 0.0 0.0 11.3 12:40p ESE 17 17.4 25.6 1:15p 11.5 12:00m 2.4 1.5 0.0 0.5 27.4 1:50p NW 18 14.4 21.6 1:45p 8.8 11:50p 4.3 0.5 0.2 0.6 19.3 1:50p WSW 19 13.7 18.7 1:35p 8.9 12:05a 4.6 0.0 7.8 0.2 19.3 3:20p WSW 20 13.7 17.8 11:50a 10.7 8:35p 4.6 0.0 6.6 0.3 17.7 12:40p WNW 21 14.1 17.8 1:05p 11.4 7:15a 4.2 0.0 2.2 1.4 29.0 11:35a W 22 13.9 19.4 3:30p 8.9 12:00m 4.4 0.0 0.0 0.2 16.1 2:30a SW 23 11.9 19.5 3:05p 5.1 3:20a 6.4 0.1 0.0 0.2 14.5 10:00a ESE 24 14.4 22.1 2:20p 6.6 7:20a 4.5 0.6 0.0 0.0 11.3 3:30a ESE 25 16.7 25.4 1:30p 10.8 6:20a 2.9 1.3 0.8 0.6 25.7 2:20p W 26 14.0 18.6 1:50p 10.9 5:05a 4.3 0.0 1.4 2.4 33.8 12:35p WSW 27 12.4 17.5 12:05p 7.8 9:35p 5.8 0.0 1.6 1.3 27.4 1:35p WSW 28 13.1 17.7 1:20p 8.1 7:30a 5.2 0.0 0.0 0.2 11.3 11:15a WSW 29 14.8 19.5 2:45p 12.5 1:40a 3.5 0.1 6.2 1.6 37.0 4:35p WSW 30 15.9 19.1 2:45p 13.2 12:25a 2.5 0.1 0.8 2.7 32.2 1:25p W 31 16.2 19.6 1:35p 13.1 6:40a 2.2 0.2 2.6 1.0 20.9 12:15a NNW ------------------------------------------------------------------------------------- 13.3 26.0 16 1.7 5 165.9 10.4 69.7 1.1 57.9 1 WSW Max >= 32.0: 0 Max <= 0.0: 0 Min <= 0.0: 0 Min <= -18.0: 0 Max Rain: 16.79 ON 09/08/21 Days of Rain: 19 (> .2 mm) 8 (> 2 mm) 0 (> 20 mm) Heat Base: 18.3 Cool Base: 18.3 Method: Integration