November 20, 2023 - 12:55:42 PM
NOAA-style Climate Reports
Select a Year or Month report
Report for 2021 Jul
MONTHLY CLIMATOLOGICAL SUMMARY for JUL. 2021 NAME: Foxton CITY: Oakford STATE: Western Australia ELEV: 29 m LAT: 32° 11' 24" S LONG: 115° 54' 42" E TEMPERATURE (°C), RAIN (mm), WIND SPEED (km/hr) HEAT COOL AVG MEAN DEG DEG WIND DOM DAY TEMP HIGH TIME LOW TIME DAYS DAYS RAIN SPEED HIGH TIME DIR ------------------------------------------------------------------------------------ 1 12.9 17.9 1:00p 10.1 6:05a 5.4 0.0 2.6 0.0 12.9 1:15p SW 2 11.1 17.8 3:50p 6.0 7:00a 7.2 0.0 0.0 0.0 6.4 1:15p SW 3 12.1 21.6 3:00p 5.4 8:05a 6.5 0.4 0.0 0.0 6.4 1:20p NNE 4 12.2 15.1 8:40a 8.2 10:10p 6.1 0.0 28.2 0.2 20.9 3:10p WSW 5 12.4 16.3 11:15a 8.1 11:55p 5.9 0.0 4.0 2.6 37.0 5:30a W 6 13.1 18.2 2:35p 8.1 12:40a 5.2 0.0 34.0 1.6 30.6 3:20p NNW 7 14.0 18.0 2:00p 11.4 4:45a 4.3 0.0 8.0 3.4 37.0 12:50p WSW 8 13.3 18.6 2:35p 7.4 8:20a 5.0 0.0 0.4 0.8 20.9 12:15a WSW 9 12.7 17.2 1:15p 9.5 11:15p 5.6 0.0 41.2 1.0 37.0 4:40p WSW 10 11.3 17.2 4:15p 5.0 7:55a 7.0 0.0 1.8 0.2 14.5 1:20a W 11 13.2 19.1 2:20p 9.7 4:20a 5.1 0.0 0.0 0.0 12.9 1:40p NNE 12 16.2 20.7 2:20p 12.8 12:05a 2.3 0.2 26.4 3.9 53.1 7:50p N 13 15.9 19.1 11:30a 13.9 12:00m 2.4 0.0 12.4 5.0 37.0 1:25p W 14 13.6 15.8 3:05p 10.8 7:05a 4.8 0.0 7.4 3.2 37.0 2:55p WSW 15 13.6 17.2 12:55p 10.9 11:50p 4.7 0.0 4.6 5.0 49.9 9:10a WSW 16 12.9 17.4 2:30p 9.2 5:35a 5.4 0.0 1.4 0.3 20.9 2:55p SW 17 13.6 17.9 1:35p 10.9 12:00m 4.7 0.0 0.2 0.0 9.7 2:05p W 18 12.2 17.1 3:50p 7.7 12:00m 6.1 0.0 13.8 0.3 17.7 2:10p W 19 12.3 17.3 2:30p 7.6 12:20a 5.9 0.0 0.2 0.0 11.3 11:00a W 20 12.6 13.4 2:00p 10.8 3:15a 5.8 0.0 37.2 0.0 12.9 9:45a NE 21 13.2 17.3 4:00p 8.7 12:00m 5.1 0.0 9.8 0.2 14.5 11:10a WSW 22 11.0 17.8 3:35p 4.3 7:45a 7.3 0.0 0.0 0.2 14.5 2:40p W 23 13.6 17.5 11:00a 9.8 11:20p 4.7 0.0 5.8 2.9 32.2 5:55a WSW 24 12.6 17.3 2:30p 9.2 7:05a 5.8 0.0 2.8 0.5 19.3 3:35a WSW 25 14.7 20.1 2:10p 10.9 1:35a 3.7 0.2 0.8 1.1 30.6 1:30p W 26 14.1 18.1 11:40a 10.4 7:20a 4.3 0.0 62.4 3.4 46.7 11:55p NNW 27 14.1 16.8 3:30a 10.5 11:50p 4.2 0.0 2.2 7.2 51.5 7:45a WSW 28 13.6 18.2 4:05p 10.4 12:55a 4.7 0.0 5.0 0.6 32.2 1:35p NNW 29 16.2 20.2 1:55p 13.2 11:30p 2.4 0.3 16.4 5.5 40.2 12:50p NW 30 12.3 15.2 11:25a 8.1 11:55p 6.0 0.0 7.2 5.5 48.3 12:10p W 31 10.9 14.9 3:30p 6.8 7:05a 7.4 0.0 9.2 1.8 29.0 11:35p WSW ------------------------------------------------------------------------------------- 13.1 21.6 3 4.3 22 161.1 1.0 345.4 1.8 53.1 12 WSW Max >= 32.0: 0 Max <= 0.0: 0 Min <= 0.0: 0 Min <= -18.0: 0 Max Rain: 62.41 ON 26/07/21 Days of Rain: 27 (> .2 mm) 21 (> 2 mm) 6 (> 20 mm) Heat Base: 18.3 Cool Base: 18.3 Method: Integration