November 20, 2023 - 12:55:42 PM
NOAA-style Climate Reports
Select a Year or Month report
Report for 2020 Aug
MONTHLY CLIMATOLOGICAL SUMMARY for AUG. 2020 NAME: Kairos CITY: Maddington STATE: Western Australia ELEV: 20 m LAT: 32° 06' 00" S LONG: 116° 00' 00" E TEMPERATURE (°C), RAIN (mm), WIND SPEED (km/hr) HEAT COOL AVG MEAN DEG DEG WIND DOM DAY TEMP HIGH TIME LOW TIME DAYS DAYS RAIN SPEED HIGH TIME DIR ------------------------------------------------------------------------------------ 1 13.0 21.3 3:05p 7.9 7:35a 5.6 0.3 0.0 0.8 14.5 2:00p ESE 2 11.7 20.6 1:35p 5.7 5:10a 6.7 0.1 12.0 1.6 24.1 11:35p SW 3 9.7 13.9 12:55p 5.7 7:35a 6.5 0.0 7.4 3.4 22.5 1:15p S 4 5 6 7 8 9 10 11 12 12.0 13.7 6:20p 9.2 12:00m 1.5 0.0 0.0 0.3 11.3 6:40p SSW 13 11.3 17.5 12:15p 6.8 6:40a 6.9 0.0 0.0 0.6 19.3 2:30p WSW 14 12.1 17.1 3:50p 5.9 3:40a 6.3 0.0 0.8 1.3 16.1 9:15a NNW 15 16.7 23.7 1:35p 13.3 5:50a 2.5 0.9 7.6 9.7 43.5 2:35p NNE 16 12.6 14.8 12:05a 11.0 10:50a 5.7 0.0 11.2 6.1 41.8 1:10p W 17 13.2 17.0 12:50p 9.6 6:00a 5.1 0.0 3.8 6.8 38.6 12:25p WSW 18 13.0 16.4 1:15p 7.1 12:00m 5.3 0.0 6.0 3.4 27.4 12:05p SW 19 11.6 19.2 1:30p 4.6 6:15a 6.8 0.0 0.0 1.0 16.1 4:45p SW 20 13.2 21.1 12:30p 7.3 6:00a 5.5 0.3 0.0 1.3 20.9 3:20p SW 21 13.6 20.4 3:10p 6.8 3:15a 4.9 0.2 0.0 3.4 27.4 8:50a ENE 22 16.9 23.2 12:25p 13.1 5:35a 2.4 1.0 0.0 5.0 33.8 1:30a E 23 14.2 19.7 12:25p 8.6 12:00m 4.2 0.1 0.0 2.6 27.4 1:25p WSW 24 14.1 22.0 2:35p 6.6 6:55a 4.8 0.6 0.2 1.8 17.7 1:20p SW 25 15.4 22.8 1:10p 9.4 12:00m 3.7 0.9 0.0 3.5 24.1 6:45a E 26 14.0 22.3 3:10p 6.2 6:55a 5.2 0.9 0.0 1.8 20.9 3:15p SSW 27 17.3 28.2 2:40p 8.5 4:10a 3.5 2.5 0.0 2.4 29.0 9:15a SSW 28 18.7 25.6 11:05a 14.1 12:00m 0.9 1.2 1.6 7.7 32.2 8:15p WSW 29 13.7 18.2 2:20p 7.9 12:00m 4.6 0.0 0.0 4.7 33.8 1:40a SW 30 14.5 22.4 2:35p 7.6 12:30a 4.6 0.7 0.0 7.7 40.2 9:20a E 31 15.8 22.1 1:50p 7.0 7:05a 3.0 0.6 4.4 7.1 32.2 9:55p NW ------------------------------------------------------------------------------------- 13.8 28.2 27 4.6 19 106.0 10.4 55.0 3.6 43.5 15 SW Max >= 32.0: 0 Max <= 0.0: 0 Min <= 0.0: 0 Min <= -18.0: 0 Max Rain: 11.99 ON 02/08/20 Days of Rain: 10 (> .2 mm) 7 (> 2 mm) 0 (> 20 mm) Heat Base: 18.3 Cool Base: 18.3 Method: Integration