November 20, 2023 - 12:55:42 PM
NOAA-style Climate Reports
Select a Year or Month report
Report for 2020 Apr
MONTHLY CLIMATOLOGICAL SUMMARY for APR. 2020 NAME: Kairos CITY: Maddington STATE: Western Australia ELEV: 20 m LAT: 32° 06' 00" S LONG: 116° 00' 00" E TEMPERATURE (°C), RAIN (mm), WIND SPEED (km/hr) HEAT COOL AVG MEAN DEG DEG WIND DOM DAY TEMP HIGH TIME LOW TIME DAYS DAYS RAIN SPEED HIGH TIME DIR ------------------------------------------------------------------------------------ 1 20.7 30.2 12:10p 13.3 4:00a 1.3 3.7 0.0 2.3 20.9 6:25p SW 2 20.0 24.9 3:20p 15.9 12:00m 0.3 2.0 0.0 5.0 33.8 1:15p SW 3 17.7 26.9 3:30p 11.7 7:10a 2.6 1.9 0.0 1.6 24.1 4:35p ESE 4 19.3 25.8 1:00p 13.4 6:25a 1.4 2.4 0.6 11.6 53.1 6:20a E 5 21.3 25.2 4:20p 15.6 7:45a 0.2 3.2 1.0 12.1 48.3 9:45p E 6 25.6 32.5 3:15p 20.6 3:20a 0.0 7.3 0.0 17.2 54.7 8:15a E 7 25.9 35.4 3:00p 19.0 12:00m 0.0 7.6 0.0 9.5 51.5 3:25a E 8 26.1 35.1 12:10p 17.8 1:30a 0.0 7.8 0.0 4.2 37.0 11:05a N 9 25.0 37.3 1:05p 15.7 6:50a 0.5 7.2 0.0 1.4 22.5 4:25p SW 10 29.6 38.1 2:40p 21.5 12:05a 0.0 11.3 0.0 5.0 38.6 3:25a E 11 29.3 40.8 2:15p 22.8 7:05a 0.0 11.0 0.0 6.6 43.5 5:55a E 12 23.2 26.8 5:00p 18.6 11:55p 0.0 4.9 0.0 1.1 16.1 2:35p WSW 13 20.9 28.8 1:15p 15.5 5:50a 0.6 3.3 0.0 1.1 22.5 3:30p SW 14 19.5 27.1 1:10p 13.6 6:40a 1.1 2.3 0.0 2.7 32.2 1:50p SW 15 18.4 24.9 12:55p 13.3 6:50a 1.5 1.7 0.0 2.6 33.8 12:25p SW 16 18.5 27.1 3:25p 12.7 2:00a 2.1 2.3 0.0 1.6 24.1 9:40a E 17 21.2 28.8 3:55p 13.9 12:05a 0.4 3.3 0.0 4.2 33.8 5:30a E 18 17.2 21.5 3:40p 12.3 6:55a 2.0 0.8 0.4 0.3 17.7 3:55p SSW 19 18.0 23.2 11:25a 11.4 12:00m 1.3 1.0 8.0 4.7 37.0 10:10a SW 20 17.2 24.6 1:05p 9.2 5:40a 2.9 1.8 0.0 3.9 41.8 1:25p WNW 21 19.6 25.1 11:45a 15.1 11:50p 0.9 2.1 0.8 2.1 22.5 11:00a WNW 22 18.9 25.5 11:40a 14.4 2:40a 1.2 1.9 0.0 2.4 30.6 12:25p WNW 23 19.6 27.5 2:00p 15.1 2:40a 1.2 2.5 0.2 0.8 22.5 2:35p SW 24 18.6 23.6 10:40a 13.7 4:25a 1.4 1.7 0.0 0.8 17.7 12:30p SW 25 19.1 25.1 3:35p 13.0 12:00m 0.8 1.6 1.2 1.4 19.3 1:10p SW 26 18.7 28.4 1:00p 12.1 2:35a 2.4 2.8 0.0 1.1 19.3 3:05p SW 27 16.8 24.7 11:55a 10.9 7:15a 2.9 1.4 0.0 2.4 25.7 2:45p SW 28 16.3 21.9 2:05p 11.2 10:35p 2.7 0.7 1.0 3.2 27.4 10:50a SSW 29 15.7 23.2 2:55p 9.7 6:55a 3.6 1.0 0.0 4.7 37.0 3:25a ESE 30 15.7 21.8 3:30p 10.8 6:55a 3.2 0.7 0.0 8.4 41.8 3:15p E ------------------------------------------------------------------------------------- 20.4 40.8 11 9.2 20 38.6 102.9 13.2 4.2 54.7 6 E Max >= 32.0: 6 Max <= 0.0: 0 Min <= 0.0: 0 Min <= -18.0: 0 Max Rain: 8.00 ON 19/04/20 Days of Rain: 8 (> .2 mm) 1 (> 2 mm) 0 (> 20 mm) Heat Base: 18.3 Cool Base: 18.3 Method: Integration