November 20, 2023 - 12:55:42 PM
NOAA-style Climate Reports
Select a Year or Month report
Report for 2019 Dec
MONTHLY CLIMATOLOGICAL SUMMARY for DEC. 2019 NAME: Kairos CITY: Maddington STATE: Western Australia ELEV: 20 m LAT: 32° 06' 00" S LONG: 116° 00' 00" E TEMPERATURE (°C), RAIN (mm), WIND SPEED (km/hr) HEAT COOL AVG MEAN DEG DEG WIND DOM DAY TEMP HIGH TIME LOW TIME DAYS DAYS RAIN SPEED HIGH TIME DIR ------------------------------------------------------------------------------------ 1 24.3 34.1 4:10p 13.6 5:40a 0.7 6.8 0.0 6.6 40.2 11:45p ESE 2 27.8 37.9 2:55p 19.4 5:45a 0.0 9.5 0.0 9.5 54.7 5:45a E 3 31.7 42.6 12:40p 22.1 12:00m 0.0 13.4 0.0 9.7 51.5 6:00a E 4 29.6 39.9 12:05p 19.2 5:45a 0.0 11.3 0.0 4.5 40.2 11:55p SW 5 32.7 41.8 3:35p 22.9 5:55a 0.0 14.4 0.0 6.9 45.1 11:55p E 6 29.9 42.1 12:35p 20.6 12:00m 0.0 11.7 0.0 11.1 61.2 4:45a E 7 21.8 27.4 11:20a 18.0 12:00m 0.0 3.6 1.0 5.3 38.6 11:55a WNW 8 20.5 28.1 1:30p 14.3 5:45a 0.8 3.0 0.0 4.5 32.2 2:30p SW 9 22.6 33.9 2:45p 13.7 2:40a 0.8 5.1 0.0 5.3 48.3 5:20a SW 10 27.7 38.7 3:05p 15.2 2:30a 0.3 9.7 0.0 6.6 54.7 10:20p E 11 29.3 38.4 4:00p 19.0 5:35a 0.0 11.0 0.0 19.0 64.4 4:20a E 12 30.8 40.6 4:00p 20.7 5:35a 0.0 12.5 0.0 12.1 53.1 1:05a E 13 33.2 43.1 2:20p 25.9 5:05a 0.0 14.9 0.0 9.8 46.7 4:55a E 14 33.8 42.9 12:00p 24.4 11:20p 0.0 15.5 0.0 8.7 45.1 12:20a E 15 32.7 44.0 1:15p 24.5 12:00m 0.0 14.4 0.0 9.8 45.1 4:35a E 16 30.7 41.3 1:20p 23.6 1:00a 0.0 12.4 0.0 3.9 32.2 3:00p SW 17 28.9 39.3 12:50p 19.4 4:45a 0.0 10.6 0.0 3.9 35.4 1:45p SW 18 28.3 38.1 1:10p 21.3 12:00m 0.0 10.0 0.0 3.4 35.4 3:30a WNW 19 21.7 26.0 2:40p 18.4 12:00m 0.0 3.3 2.2 4.5 35.4 2:40p SW 20 21.3 28.5 3:05p 16.1 2:45a 0.4 3.4 0.0 4.0 35.4 3:10p SSW 21 24.9 36.8 1:35p 16.1 1:50a 0.1 6.8 0.0 10.1 51.5 6:45a E 22 22.7 31.8 12:15p 16.6 5:35a 0.2 4.6 0.0 2.6 27.4 12:55p SW 23 25.5 35.6 1:50p 17.2 3:50a 0.1 7.3 0.0 2.4 24.1 2:25p SW 24 27.0 37.8 1:50p 18.1 6:10a 0.0 8.7 0.0 3.7 48.3 11:20p SW 25 28.9 39.7 1:55p 22.1 12:00m 0.0 10.6 0.0 6.3 54.7 2:00a E 26 25.1 33.5 1:25p 19.8 5:05a 0.0 6.8 0.0 4.2 29.0 5:00p SW 27 23.2 30.9 12:10p 17.4 12:00m 0.0 4.9 0.0 5.3 33.8 3:40p SW 28 22.2 31.8 12:30p 12.9 5:45a 1.1 5.0 0.0 3.4 30.6 4:00p SW 29 21.7 28.8 12:40p 16.1 4:55a 0.3 3.7 0.0 3.9 32.2 12:35p SW 30 20.9 28.3 1:30p 14.4 5:20a 0.6 3.2 0.0 5.1 37.0 1:55p SW 31 22.7 32.9 2:50p 13.2 3:50a 0.9 5.3 0.0 3.7 30.6 3:50p SW ------------------------------------------------------------------------------------- 26.6 44.0 15 12.9 28 6.4 263.3 3.2 6.4 64.4 11 SW Max >= 32.0: 22 Max <= 0.0: 0 Min <= 0.0: 0 Min <= -18.0: 0 Max Rain: 2.21 ON 19/12/19 Days of Rain: 2 (> .2 mm) 1 (> 2 mm) 0 (> 20 mm) Heat Base: 18.3 Cool Base: 18.3 Method: Integration