November 20, 2023 - 12:55:42 PM
NOAA-style Climate Reports
Select a Year or Month report
Report for 2019 Oct
MONTHLY CLIMATOLOGICAL SUMMARY for OCT. 2019 NAME: Kairos CITY: Maddington STATE: Western Australia ELEV: 20 m LAT: 32° 06' 00" S LONG: 116° 00' 00" E TEMPERATURE (°C), RAIN (mm), WIND SPEED (km/hr) HEAT COOL AVG MEAN DEG DEG WIND DOM DAY TEMP HIGH TIME LOW TIME DAYS DAYS RAIN SPEED HIGH TIME DIR ------------------------------------------------------------------------------------ 1 17.5 25.3 2:10p 11.6 6:25a 2.5 1.7 0.2 1.1 29.0 1:40p SW 2 16.7 25.9 3:05p 8.2 6:15a 3.5 1.9 0.0 1.8 24.1 1:45p SW 3 18.6 28.3 3:10p 10.1 6:20a 2.5 2.9 0.0 3.4 30.6 8:55a S 4 17.1 22.2 11:40a 13.6 12:00m 1.6 0.4 13.2 14.6 62.8 4:35p N 5 16.3 21.2 2:45p 12.1 12:00m 2.6 0.6 0.4 3.9 25.7 1:45p SW 6 15.3 23.2 2:20p 10.2 4:00a 3.9 0.9 0.0 2.1 27.4 4:45p SSW 7 18.7 26.5 3:20p 11.2 1:15a 2.1 2.4 0.0 9.0 40.2 11:20p E 8 21.9 32.9 2:45p 13.6 5:40a 1.2 4.8 0.0 7.9 49.9 2:35a E 9 20.9 33.2 2:30p 11.4 6:00a 2.0 4.5 0.0 1.0 16.1 11:45a NW 10 18.6 26.9 2:05p 11.5 3:45a 2.0 2.3 0.0 2.4 27.4 3:10p WNW 11 16.8 21.3 10:50a 12.8 3:55a 1.9 0.5 2.0 2.1 25.7 3:05p SW 12 16.6 23.8 1:15p 10.2 12:00m 2.7 1.0 0.6 3.4 29.0 4:20p SW 13 16.2 24.3 3:00p 8.6 2:15a 3.3 1.2 1.0 1.4 25.7 1:45p SW 14 16.3 22.4 1:45p 10.9 12:00m 2.6 0.7 0.2 3.9 35.4 12:20p SW 15 14.2 21.1 1:50p 7.6 6:10a 4.5 0.4 0.0 4.2 32.2 4:10p SSW 16 15.2 24.6 2:40p 7.8 5:10a 4.3 1.2 0.0 2.7 33.8 4:20p SSW 17 16.1 24.3 12:50p 7.9 3:05a 3.7 1.4 0.0 3.4 32.2 3:55p SW 18 18.6 27.0 2:15p 11.2 6:10a 2.3 2.6 0.0 4.8 53.1 11:45p ESE 19 22.6 32.8 2:55p 12.5 5:10a 1.5 5.7 0.0 13.8 64.4 7:00a E 20 20.7 26.9 1:00p 16.7 6:00a 0.2 2.6 0.0 7.4 32.2 12:10p N 21 18.7 27.4 12:40p 11.4 6:05a 1.9 2.4 0.0 1.9 27.4 3:30p SW 22 19.4 29.7 1:20p 10.7 5:55a 2.1 3.2 0.0 1.6 24.1 4:00p SW 23 17.6 24.8 10:50a 12.3 5:50a 1.9 1.1 2.4 2.7 32.2 12:10p SW 24 16.2 22.5 2:05p 11.2 12:00m 2.9 0.9 0.2 4.0 33.8 4:20p SW 25 18.1 27.0 1:55p 10.9 12:30a 2.2 2.0 0.0 3.2 27.4 3:20p SSW 26 21.1 32.7 2:50p 11.4 3:30a 1.6 4.4 0.0 3.7 30.6 12:00m SSW 27 26.8 38.7 2:45p 16.2 12:00m 0.1 8.6 0.0 7.7 48.3 5:05a E 28 18.8 25.6 1:50p 12.6 4:35a 1.5 2.1 0.0 4.3 32.2 2:00p SW 29 19.5 30.0 2:05p 13.5 12:00m 1.5 2.7 0.0 4.0 37.0 7:15a SW 30 17.3 22.9 11:35a 13.1 2:05a 1.9 0.9 4.4 8.7 48.3 1:35p NW 31 13.6 17.6 2:45p 10.7 10:45p 4.8 0.0 17.2 6.0 48.3 10:10a WNW ------------------------------------------------------------------------------------- 18.1 38.7 27 7.6 15 73.3 68.0 41.8 4.6 64.4 19 SW Max >= 32.0: 5 Max <= 0.0: 0 Min <= 0.0: 0 Min <= -18.0: 0 Max Rain: 17.20 ON 31/10/19 Days of Rain: 11 (> .2 mm) 5 (> 2 mm) 0 (> 20 mm) Heat Base: 18.3 Cool Base: 18.3 Method: Integration