November 20, 2023 - 12:55:42 PM
NOAA-style Climate Reports
Select a Year or Month report
Report for 2019 Aug
MONTHLY CLIMATOLOGICAL SUMMARY for JUL. 2019 NAME: Kairos CITY: Maddington STATE: Western Australia ELEV: 20 m LAT: 32° 06' 00" S LONG: 116° 00' 00" E TEMPERATURE (°C), RAIN (mm), WIND SPEED (km/hr) HEAT COOL AVG MEAN DEG DEG WIND DOM DAY TEMP HIGH TIME LOW TIME DAYS DAYS RAIN SPEED HIGH TIME DIR ------------------------------------------------------------------------------------ 1 14.5 20.6 1:45p 8.7 12:00m 4.1 0.2 1.6 0.3 12.9 2:50p N 2 13.6 21.8 2:35p 7.0 5:45a 5.5 0.7 0.2 0.6 20.9 9:50a ENE 3 16.8 21.9 2:45p 8.9 12:05a 2.4 0.9 0.0 6.1 32.2 12:35p ENE 4 15.5 19.9 9:00a 10.5 12:00m 3.2 0.4 45.0 6.1 41.8 8:00a NNE 5 10.4 13.5 3:00p 8.2 6:35a 7.9 0.0 17.2 0.5 22.5 9:15a W 6 11.8 17.8 3:45p 5.5 6:55a 6.4 0.0 0.8 2.3 22.5 2:50p WNW 7 13.8 19.6 1:35p 8.3 12:00m 4.6 0.1 0.8 2.7 27.4 10:55a N 8 13.1 21.8 3:35p 5.7 7:45a 5.8 0.6 0.2 0.8 22.5 3:40p NW 9 13.5 19.2 4:00p 10.0 10:40p 4.8 0.0 0.2 0.8 20.9 4:15p SW 10 13.8 18.6 2:20p 10.3 11:15p 4.5 0.0 0.4 0.8 16.1 12:05p SW 11 13.7 19.6 3:20p 8.0 12:00m 4.7 0.1 0.2 0.5 12.9 12:20p SSW 12 12.5 20.2 2:35p 6.6 3:00a 6.0 0.2 0.2 1.1 20.9 9:50a ESE 13 13.2 19.9 2:15p 7.3 4:00a 5.3 0.2 0.0 1.9 25.7 10:50a ESE 14 13.4 19.4 2:55p 8.7 6:40a 5.0 0.1 0.0 4.8 29.0 1:25p E 15 14.6 21.3 2:05p 9.8 9:50p 4.2 0.5 0.0 5.1 35.4 7:35a ENE 16 14.2 23.2 2:15p 6.1 7:45a 5.1 1.0 0.0 1.8 24.1 12:45a WNW 17 12.6 23.3 1:35p 3.6 7:30a 6.7 1.0 0.0 1.8 25.7 1:35p WNW 18 14.4 20.1 2:35p 9.3 12:05a 4.1 0.2 0.4 1.0 19.3 5:10a NNW 19 14.4 19.4 12:30p 10.8 11:25p 4.0 0.1 23.4 8.7 57.9 3:55p N 20 12.6 16.8 1:30p 8.1 7:50a 5.7 0.0 7.6 1.9 46.7 12:10a SW 21 15.6 19.1 1:15p 13.3 6:05a 2.8 0.0 3.4 4.2 37.0 12:30p W 22 13.2 17.3 12:35p 9.8 7:25a 5.1 0.0 2.6 1.3 22.5 1:10a SSW 23 13.0 20.6 1:05p 7.0 7:35a 5.5 0.2 0.0 0.2 12.9 10:30a WNW 24 13.9 22.1 2:30p 6.4 7:35a 5.0 0.5 0.2 2.3 22.5 11:15a WNW 25 14.0 18.1 12:55p 10.7 7:15a 4.3 0.0 0.6 4.8 30.6 11:20p E 26 13.6 16.7 2:45p 10.9 7:45a 4.7 0.0 0.0 6.3 40.2 6:55a ENE 27 15.2 21.7 1:15p 11.8 7:30a 3.5 0.5 3.8 1.3 27.4 8:15a SSW 28 14.7 20.7 3:45p 10.9 11:15p 3.9 0.3 0.0 1.6 22.5 11:50p S 29 13.3 17.9 3:35p 10.7 10:35p 5.0 0.0 0.0 7.7 37.0 8:50a E 30 16.4 24.3 3:00p 10.9 12:00m 3.2 1.4 0.0 3.9 37.0 1:20a E 31 15.1 24.6 1:35p 7.3 7:10a 4.5 1.3 0.0 0.5 17.7 3:35p ENE ------------------------------------------------------------------------------------- 13.9 24.6 31 3.6 17 147.5 10.6 108.8 2.7 57.9 19 E Max >= 32.0: 0 Max <= 0.0: 0 Min <= 0.0: 0 Min <= -18.0: 0 Max Rain: 45.01 ON 04/07/19 Days of Rain: 19 (> .2 mm) 7 (> 2 mm) 2 (> 20 mm) Heat Base: 18.3 Cool Base: 18.3 Method: Integration