Gardiner Menu
Last modified: August 17, 2019 - 19:32:26 PM
 NOAA style reports

NOAA-style Climate Reports


Report for 2019 Jun
                   MONTHLY CLIMATOLOGICAL SUMMARY for JUN. 2019

NAME: Kairos   CITY: Maddington   STATE: Western Australia 
ELEV:    20 m  LAT:  32 06' 00" S  LONG: 116 00' 00" E

                   TEMPERATURE (C), RAIN  (mm), WIND SPEED (km/hr)

                                      HEAT  COOL        AVG
    MEAN                              DEG   DEG         WIND                 DOM
DAY TEMP  HIGH   TIME   LOW    TIME   DAYS  DAYS  RAIN  SPEED HIGH   TIME    DIR
------------------------------------------------------------------------------------
 1  17.4  26.0   2:40p  10.5  12:00m   3.1   2.2   0.0   1.1  24.1   1:10p   ENE
 2  17.4  25.3   1:50p  10.0   3:20a   2.6   1.7   0.0   2.9  30.6   9:25a     E
 3  16.6  24.2   4:05p   9.2  11:15p   3.1   1.4   0.0   4.0  29.0   2:20p   ENE
 4  17.2  23.3   3:45p  10.8  12:05a   2.2   1.1   0.0   5.6  37.0   8:15a   ENE
 5  18.4  24.0   2:25p  15.1   3:30a   1.1   1.2   0.0   8.0  41.8   6:30a   NNE
 6  19.2  23.1  12:20p  13.7  12:00m   0.5   1.4   7.2  14.2  49.9  12:30p   NNE
 7  13.9  18.0   2:00p  11.4   1:30a   4.3   0.0  26.0  10.0  56.3   3:20a     N
 8  13.0  18.1   2:15p  10.1  11:50p   5.3   0.0  18.6   7.2  56.3   3:05p     N
 9  13.1  16.9  11:30a   8.8   4:10a   5.3   0.0   8.2   5.5  40.2  11:30a   WNW
10  13.8  19.8  12:05p  10.1  11:40p   4.6   0.0  16.0   9.5  57.9  12:20p    NW
11  12.3  17.1   2:25p   9.6   7:20a   6.0   0.0  15.0   1.6  41.8   2:00a    SW
12  12.7  18.3   3:20p  10.0   4:05a   5.6   0.0   2.8   0.6  24.1   1:05p     W
13  12.4  17.6  12:55p   7.8   3:45a   5.9   0.0   6.6   1.6  20.9  11:40a     N
14  11.8  17.2   4:10p   6.9   6:20a   6.5   0.0   3.4   1.1  17.7  11:15a    NW
15  13.6  19.9   1:15p   8.3   3:15a   4.9   0.1   0.6   0.3  16.1   3:25p     W
16  13.6  19.6   1:10p   9.9   7:45a   4.8   0.1   0.4   1.9  25.7   2:55p     N
17  12.4  18.3   2:00p   6.2  12:00m   5.9   0.0   0.0   3.1  35.4   9:50a     E
18  11.1  19.9  12:50p   4.6   7:45a   7.4   0.2   0.0   0.5  14.5   6:05a   ENE
19  11.1  20.3   2:20p   3.4   4:30a   7.5   0.3   0.0   1.9  29.0   7:50a     E
20  13.8  20.3   2:20p   4.9   1:30a   4.7   0.1   0.0  10.3  48.3  10:25p     E
21  18.4  24.6   3:30p  13.9   7:40a   1.5   1.6   0.0   5.1  45.1  12:30a   NNW
22  17.7  21.6  11:30a  14.3  11:30p   1.1   0.5  59.4   7.1  40.2   5:55p     N
23  15.3  19.4   2:05p  12.8   9:05p   3.0   0.0  11.2   4.3  38.6   6:35p     N
24  14.9  20.6   1:40p   9.8   6:00a   3.6   0.2   0.2   0.5  19.3   2:40p    SW
25  17.2  21.7   2:15p  13.6  11:15p   1.6   0.5   0.0   4.3  30.6  12:15p   NNE
26  15.7  19.9   3:55p  13.1  11:55p   2.8   0.2  17.6   8.0  37.0   5:55p     N
27  12.6  16.4   1:45p   8.9  12:00m   5.7   0.0  13.2   3.4  41.8   2:00p   WNW
28  10.8  16.6   4:15p   7.1   7:40a   7.5   0.0   4.8   0.5  22.5  12:05a     S
29  13.1  17.0  12:10p   8.6  12:05a   5.2   0.0   0.4   4.7  30.6   1:40p     N
30  12.9  14.3   3:00p  11.0   5:15a   5.4   0.0  11.2   5.5  29.0   9:25a     N
-------------------------------------------------------------------------------------
    14.4  26.0     1     3.4    19   128.5  12.9 222.9   4.5  57.9    10       N

Max >=  32.0:  0
Max <=   0.0:  0
Min <=   0.0:  0
Min <= -18.0:  0
Max Rain: 59.41 ON 22/06/19
Days of Rain: 19 (> .2 mm) 15 (> 2 mm) 2 (> 20 mm)
Heat Base:  18.3  Cool Base:  18.3  Method: Integration