Gardiner Menu
Last modified: August 17, 2019 - 19:32:26 PM
 NOAA style reports

NOAA-style Climate Reports


Report for 2019 Apr
                   MONTHLY CLIMATOLOGICAL SUMMARY for MAR. 2019

NAME: Kairos   CITY: Maddington   STATE: Western Australia 
ELEV:    20 m  LAT:  32 06' 00" S  LONG: 116 00' 00" E

                   TEMPERATURE (C), RAIN  (mm), WIND SPEED (km/hr)

                                      HEAT  COOL        AVG
    MEAN                              DEG   DEG         WIND                 DOM
DAY TEMP  HIGH   TIME   LOW    TIME   DAYS  DAYS  RAIN  SPEED HIGH   TIME    DIR
------------------------------------------------------------------------------------
 1  20.8  25.8   1:40p  14.7  12:00m   0.3   2.4   0.0   5.1  37.0   1:45p    SW
 2  19.6  29.3   1:50p  11.7   6:10a   1.8   3.0   0.0   3.7  33.8   3:10p   SSW
 3  25.8  36.9   3:50p  15.4  12:55a   0.3   7.8   0.0   6.1  45.1   7:10a     E
 4  31.9  41.4   2:25p  24.4  12:00m   0.0  13.6   0.0  12.6  74.0  10:40p     E
 5  24.6  29.9   3:05p  19.8   6:00a   0.0   6.3   0.0  18.0  74.0  12:40a     E
 6  23.6  31.2   2:15p  17.3   6:20a   0.1   5.4   0.0   9.7  64.4  12:40a     E
 7  23.1  25.7   2:30p  20.3  12:00m   0.0   4.8   3.0   0.3  17.7   3:50p    SW
 8  24.1  32.3   2:35p  19.3   6:45a   0.0   5.7   0.0   0.3  14.5   3:30p    SW
 9  22.4  23.8   3:15p  21.3  12:00m   0.0   4.1   5.4   0.2  12.9   1:55p   WSW
10  24.7  32.2   2:00p  20.1   3:15a   0.0   6.4   0.2   1.6  22.5   4:25p    SW
11  25.1  33.8   3:40p  19.3   6:50a   0.0   6.8   0.0   1.8  25.7  11:50p   SSW
12  25.1  34.3   3:40p  18.4   6:25a   0.0   6.8   0.0   8.2  48.3   4:15a     E
13  21.8  32.3   3:05p  14.1   6:15a   0.7   4.2   0.0   2.9  29.0   4:45p   SSW
14  25.1  35.2   3:40p  17.9  12:05a   0.0   6.8   0.0   4.7  37.0   1:10a     E
15  25.9  34.4   1:40p  18.9  12:00m   0.0   7.3   0.0   6.0  38.6   2:40a    SW
16  23.9  32.8   1:40p  17.1   6:35a   0.1   5.7   0.0   2.4  41.8  11:45p    SW
17  26.7  37.2   2:20p  19.9   4:30a   0.0   8.4   0.0   4.7  40.2  12:00m    SW
18  29.3  39.6   2:25p  22.7   6:45a   0.0  11.0   0.0   8.4  45.1   4:40a     E
19  28.8  38.2   2:10p  22.4  12:00m   0.0  10.6   0.0   6.8  40.2  12:20a     E
20  26.7  35.7  12:50p  20.3   5:05a   0.0   8.4   0.0   0.8  20.9   2:50p    SW
21  27.6  35.5   3:15p  22.6  10:40p   0.0   9.3   0.0   1.6  32.2  12:00m    SW
22  24.6  30.3   3:00p  18.8  12:00m   0.0   6.3   0.0   4.5  35.4   8:45p     S
23  21.2  29.7   3:10p  14.3   6:45a   0.9   3.8   0.0   4.8  43.5   8:55a   SSW
24  21.1  30.4   3:20p  12.9   6:40a   1.3   4.1   0.0   2.9  43.5  11:15p   ESE
25  20.8  29.7   3:45p  13.3   6:40a   1.3   3.8   0.0   6.3  46.7  12:05a     E
26  25.2  36.1   3:50p  16.4   6:45a   0.2   7.1   0.0   3.4  35.4   1:50a   ENE
27  23.7  34.7   1:35p  16.3   6:45a   0.3   5.7   0.0   2.1  25.7   4:35p    SW
28  21.4  29.5   2:45p  15.4   7:00a   0.6   3.8   0.0   2.4  24.1   1:55p    SE
29  20.3  28.3   3:20p  13.0   5:45a   1.4   3.4   0.0   4.5  43.5   9:25a    SE
30  22.3  31.7   3:20p  14.3   6:45a   0.8   4.9   0.0   7.1  38.6   8:35a     E
31  27.4  36.3   3:15p  20.8   5:25a   0.0   9.1   0.0   8.7  53.1   2:10a   ENE
-------------------------------------------------------------------------------------
    24.3  41.4     4    11.7     2    10.0 196.6   8.6   4.9  74.0     4       E

Max >=  32.0: 18
Max <=   0.0:  0
Min <=   0.0:  0
Min <= -18.0:  0
Max Rain: 5.41 ON 09/03/19
Days of Rain: 3 (> .2 mm) 2 (> 2 mm) 0 (> 20 mm)
Heat Base:  18.3  Cool Base:  18.3  Method: Integration