Gardiner Menu
Last modified: August 17, 2019 - 19:32:26 PM
 NOAA style reports

NOAA-style Climate Reports


Report for 2019 Feb
                   MONTHLY CLIMATOLOGICAL SUMMARY for FEB. 2019

NAME: Kairos   CITY: Maddington   STATE: Western Australia 
ELEV:    20 m  LAT:  32 06' 00" S  LONG: 116 00' 00" E

                   TEMPERATURE (C), RAIN  (mm), WIND SPEED (km/hr)

                                      HEAT  COOL        AVG
    MEAN                              DEG   DEG         WIND                 DOM
DAY TEMP  HIGH   TIME   LOW    TIME   DAYS  DAYS  RAIN  SPEED HIGH   TIME    DIR
------------------------------------------------------------------------------------
 1  31.5  41.8   1:40p  20.9  11:55p   0.0  11.4   0.0   6.6  40.2   2:55a    SW
 2  21.9  27.7  11:40a  16.9   6:15a   0.1   3.7   0.0   6.9  35.4   2:55p   SSW
 3  22.3  30.7   3:45p  14.1   5:50a   0.9   4.9   0.0   4.8  35.4   8:10a   ESE
 4  24.5  32.1   4:25p  16.2   6:40a   0.1   5.5   0.0   7.4  59.5   6:55a     E
 5  27.6  36.7   2:20p  17.9   6:35a   0.0   8.0   0.0   7.6  49.9   3:10a    SW
 6  31.4  40.1   2:35p  21.8   6:35a   0.0  11.4   0.0   5.8  48.3  11:55p    SW
 7  28.9  36.6   3:15p  21.3   6:30a   0.0   9.1   0.0   8.7  53.1  12:50p   ESE
 8  28.2  34.9   3:30p  19.4   6:35a   0.0   8.5   0.0   9.5  51.5  10:50p   ESE
 9  28.8  36.8   3:40p  18.2   6:35a   0.0   9.0   0.0   9.3  59.5   7:10a     E
10  30.1  39.0   1:00p  20.8  12:00m   0.0  10.1   0.0   5.6  38.6   2:35a    SW
11  21.9  30.0  12:45p  14.1   6:35a   0.6   4.2   0.0   4.0  29.0   1:45p    SW
12  21.4  31.2   2:35p  13.9   6:35a   0.8   4.0   0.0   2.3  27.4   2:50p    SW
13  23.5  34.3   1:40p  16.8   6:10a   0.2   5.4   0.0   9.0  49.9   3:05a     E
14  24.4  34.4   2:50p  15.7   6:35a   0.2   6.4   0.0   1.6  25.7   2:50p    SW
15  23.6  31.7   2:05p  16.4   3:30a   0.2   5.5   0.0   2.1  24.1   2:00p    SW
16  26.3  34.3   3:00p  16.8   6:50a   0.0   6.7   0.0   4.3  48.3  11:35p    SW
17  26.4  33.1   3:50p  18.1   6:50a   0.0   6.8   0.0   6.1  49.9  12:05a   ESE
18  25.6  34.7   2:00p  16.7   6:45a   0.0   6.2   0.0   6.6  45.1   2:25a     E
19  27.4  37.1   2:30p  16.6   2:50a   0.1   7.8   0.0   2.4  29.0   3:15p    SW
20  26.4  35.1   1:10p  19.8  11:10p   0.0   6.9   0.0   1.9  29.0   1:35a    SW
21  22.2  27.3   2:15p  18.4   4:10a   0.0   3.9   0.0   1.8  22.5   1:40p    SW
22  22.8  30.2   2:20p  17.2  12:00m   0.0   4.5   0.0   1.3  20.9  12:40p    SW
23  22.2  31.2   2:50p  14.4   6:25a   0.9   4.8   0.0   2.1  29.0   4:25p    SW
24  24.1  34.3   1:50p  16.8   4:55a   0.2   6.0   0.0   3.7  41.8  11:50p    SW
25  28.1  38.1   3:55p  19.4   5:40a   0.0   9.8   0.0  12.7  57.9   3:55a     E
26  28.6  38.5   2:15p  21.6  12:00m   0.0  10.3   0.0   7.6  54.7   4:05a     E
27  26.6  37.8   1:45p  18.1   6:25a   0.0   8.3   0.0   1.4  25.7   4:45p    SW
28  23.9  31.9  12:15p  18.9   5:35a   0.0   5.6   0.0   3.5  27.4   3:30p    SW
-------------------------------------------------------------------------------------
    25.7  41.8     1    13.9    12     4.6 194.5   0.0   5.2  59.5     4      SW

Max >=  32.0: 19
Max <=   0.0:  0
Min <=   0.0:  0
Min <= -18.0:  0
Max Rain: 0.00 ON 01/02/19
Days of Rain: 0 (> .2 mm) 0 (> 2 mm) 0 (> 20 mm)
Heat Base:  18.3  Cool Base:  18.3  Method: Integration