Gardiner Menu
Last modified: August 17, 2019 - 19:32:26 PM
 NOAA style reports

NOAA-style Climate Reports


Report for 2019
                            ANNUAL CLIMATOLOGICAL SUMMARY

NAME: Kairos  CITY: Maddington   STATE: Western Australia  
ELEV:    20 m  LAT:  32 06' 00" S  LONG: 116 00' 00" E

               TEMPERATURE (C), HEAT BASE 18.3, COOL BASE 18.3
                          DEP.  HEAT  COOL                                          
        MEAN  MEAN        FROM  DEG   DEG                        MAX  MAX  MIN  MIN 
 YR MO  MAX   MIN   MEAN  NORM  DAYS  DAYS  HI  DATE  LOW  DATE  >=32 <=0  <=0  <=-18 
------------------------------------------------------------------------------------
 19  1  33.2  16.2  24.1   0.0    14   183  44.9  20  10.5    4   19    0    0    0
 19  2  34.3  17.8  25.7   0.0     5   195  41.8   1  13.9   12   19    0    0    0
 19  3  32.7  17.9  24.3   0.0    10   197  41.4   4  11.7    2   18    0    0    0
 19  4  27.3  13.4  19.9   0.0    44    89  35.2   9   5.1   20    1    0    0    0
 19  5  23.3   9.3  15.8   0.0   115    37  29.8  15   2.4   17    0    0    0    0
 19  6  20.0   9.8  14.4   0.0   129    13  26.0   1   3.4   19    0    0    0    0
 19  7  20.0   8.8  13.9   0.0   147    11  24.6  31   3.6   17    0    0    0    0
 19  8  20.6   8.3  14.0   0.0   126    15  27.0  22   3.4   19    0    0    0    0
 19  9
 19 10
 19 11
 19 12
------------------------------------------------------------------------------------
        26.5  12.7  19.0   0.0   590   739  44.9 JAN   2.4  MAY   57    0    0    0

                                PRECIPITATION (mm)

               DEP.   MAX        DAYS OF RAIN 
               FROM   OBS.          OVER
 YR MO  TOTAL  NORM   DAY  DATE  .2   2   20
---------------------------------------------
 19  1   8.6    0.0   4.8   23    4    2    0
 19  2   0.0    0.0   0.0    1    0    0    0
 19  3   8.6    0.0   5.4    9    3    2    0
 19  4  35.4    0.0  22.4   19    7    4    1
 19  5  23.4    0.0  11.2   20    6    4    0
 19  6 222.9    0.0  59.4   22   19   15    2
 19  7 108.8    0.0  45.0    4   19    7    2
 19  8  96.2    0.0  26.0   16   14    9    1
 19  9
 19 10
 19 11
 19 12
---------------------------------------------
       503.9   0.0  59.4  JUN   72   43    6

                                WIND SPEED (km/hr)
                          DOM
 YR MO   AVG.  HI   DATE  DIR
---------------------------------
 19  1   4.6  57.9    9    SW
 19  2   5.2  59.5    4    SW
 19  3   4.9  74.0    4     E
 19  4   4.2  61.2    9    SW
 19  5   3.0  43.5    3     E
 19  6   4.5  57.9   10     N
 19  7   2.7  57.9   19     E
 19  8   4.1  51.5   16     E
 19  9
 19 10
 19 11
 19 12
---------------------------------
         4.1  74.0  MAR   SW