Gardiner Menu
Last modified: August 17, 2019 - 19:32:26 PM
 NOAA style reports

NOAA-style Climate Reports


Report for 2018 Dec
                   MONTHLY CLIMATOLOGICAL SUMMARY for DEC. 2018

NAME: Kairos   CITY: Maddington   STATE: Western Australia 
ELEV:    20 m  LAT:  32 06' 00" S  LONG: 116 00' 00" E

                   TEMPERATURE (C), RAIN  (mm), WIND SPEED (km/hr)

                                      HEAT  COOL        AVG
    MEAN                              DEG   DEG         WIND                 DOM
DAY TEMP  HIGH   TIME   LOW    TIME   DAYS  DAYS  RAIN  SPEED HIGH   TIME    DIR
------------------------------------------------------------------------------------
 1  17.8  25.3   1:45p  11.2   2:35a   2.2   1.6   0.0   2.6  25.7   3:20p    SW
 2  22.8  34.4   2:45p  12.8   3:25a   1.3   5.7   0.0   4.0  32.2   4:00p   SSW
 3  27.6  42.3   2:35p  18.8  12:05a   0.0   9.3   0.0   7.6  53.1   3:25a     E
 4  20.3  24.9   2:55p  14.9  11:55p   0.3   2.3   0.0   4.2  30.6   3:05p    SW
 5  19.9  29.0   1:45p  12.1   4:40a   1.5   3.2   0.0   2.3  25.7   6:40p    SW
 6  18.6  25.3   1:25p  13.3  12:00m   1.5   1.8   0.0   4.3  29.0   2:10a    SW
 7  19.1  28.4   1:05p   9.8   5:20a   2.4   3.1   0.0   3.9  32.2   5:20p    SW
 8  21.9  32.7  12:30p  11.2   4:50a   1.5   5.2   0.0   3.5  29.0   3:15p    SW
 9  24.3  36.3   3:10p  15.3   1:45a   0.5   6.5   0.0   3.4  32.2   3:55p   SSW
10  23.3  32.9  12:15p  17.1   5:45a   0.1   5.1   0.0   3.2  30.6   3:35p    SW
11  19.4  25.6   2:00p  14.1   5:55a   0.9   2.1   0.2   6.4  35.4  12:20p    SW
12  22.2  30.8   2:05p  16.9   4:00a   0.3   4.1   0.4   2.4  38.6  11:55p   SSW
13  25.2  36.4   4:20p  15.7   5:30a   0.4   7.3   0.0  10.3  57.9   3:45a     E
14  30.5  42.1   3:10p  19.9   1:05a   0.0  12.2   0.0   5.6  46.7  10:15p   ENE
15  23.7  30.4   2:50p  19.1  12:00m   0.0   5.4   0.0   2.3  20.9   2:10p   SSW
16  22.2  30.2  12:15p  16.3   3:40a   0.4   4.3   0.0   7.1  43.5   2:20p   SSW
17  22.4  30.4   2:35p  16.6   5:15a   0.3   4.4   0.0   4.7  35.4   4:50p    SW
18  21.7  28.7  12:55p  15.2   5:50a   0.5   3.8   0.0   4.0  30.6   3:00p    SW
19  22.6  31.4   2:15p  16.3  12:35a   0.3   4.6   0.0   5.6  37.0   6:15a    SW
20  25.7  34.7   4:15p  16.7  12:10a   0.1   7.6   0.0  12.2  53.1   7:00a     E
21  28.5  38.9   4:05p  18.3   5:45a   0.0  10.2   0.0  13.5  67.6   2:40a     E
22  32.4  43.3   2:30p  23.5  12:00m   0.0  14.1   0.0   7.7  38.6   4:50a     E
23  26.4  36.8  10:50a  18.8  12:00m   0.0   8.1   0.0   2.1  32.2  12:45p     W
24  25.2  36.7   3:05p  15.9   5:05a   0.4   7.2   0.0   2.6  27.4   3:05p    SW
25  26.5  37.3   2:25p  18.2   2:30a   0.0   8.2   0.0   3.9  33.8   3:35a    SW
26  22.6  31.1   3:20p  15.3   5:50a   0.4   4.7   0.0   3.4  25.7  12:30p    SW
27  21.3  29.1   2:30p  13.2   5:45a   0.8   3.8   0.0   3.7  30.6  12:05p    SW
28  21.1  27.1   1:15p  15.8  12:00m   0.2   3.0   0.0   5.0  40.2   3:00p    SW
29  21.7  30.2  12:40p  13.1   3:40a   1.0   4.4   0.0   4.0  29.0   8:25a    SW
30  22.7  32.5   2:50p  14.6   3:50a   0.7   5.1   0.0   3.1  30.6   3:30p    SW
31  24.2  36.1  12:55p  14.0   5:50a   0.8   6.8   0.0   3.2  30.6   2:00p    SW
-------------------------------------------------------------------------------------
    23.4  43.3    22     9.8     7    18.7 175.3   0.6   4.9  67.6    21      SW

Max >=  32.0: 15
Max <=   0.0:  0
Min <=   0.0:  0
Min <= -18.0:  0
Max Rain: 0.41 ON 12/12/18
Days of Rain: 2 (> .2 mm) 0 (> 2 mm) 0 (> 20 mm)
Heat Base:  18.3  Cool Base:  18.3  Method: Integration