Gardiner Family

Gardiner Family




Gardiner Family
NOAA style reports

NOAA-style Climate Reports


Report for 2018 Nov
                   MONTHLY CLIMATOLOGICAL SUMMARY for NOV. 2018

NAME: Kairos   CITY: Maddington   STATE: Western Australia 
ELEV:    20 m  LAT:  32 06' 00" S  LONG: 116 00' 00" E

                   TEMPERATURE (C), RAIN  (mm), WIND SPEED (km/hr)

                                      HEAT  COOL        AVG
    MEAN                              DEG   DEG         WIND                 DOM
DAY TEMP  HIGH   TIME   LOW    TIME   DAYS  DAYS  RAIN  SPEED HIGH   TIME    DIR
------------------------------------------------------------------------------------
 1  17.3  24.0  12:45p  12.0  12:00m   2.2   1.2   0.0   4.3  30.6   1:50p    SW
 2  16.9  24.1   1:20p  10.8   2:30a   2.8   1.4   0.0   2.7  27.4   7:00p   SSW
 3  20.2  30.3  12:20p  13.8   6:10a   1.4   3.3   0.0   3.2  27.4   2:25p    SW
 4  17.7  24.4   2:10p  11.3   5:45a   2.1   1.4   5.2   3.5  32.2  12:25p    SW
 5  15.3  20.6   1:50p  11.1  10:30p   3.2   0.2   0.6   6.1  37.0   3:55p    SW
 6  14.6  21.2   2:05p  10.0  11:50p   4.1   0.3   0.2   4.0  35.4   5:10p    SW
 7  16.2  26.6   2:00p   9.7   1:55a   3.6   1.5   0.0   8.2  41.8   7:30a     E
 8  19.1  31.6   3:05p   7.3   4:25a   3.1   3.8   0.0   2.9  40.2  11:55p   SSW
 9  24.8  35.6   2:55p  14.7   5:20a   0.6   7.1   0.0  10.6  61.2   1:20a     E
10  22.7  30.9   2:45p  17.0   4:00a   0.2   4.6   0.0   2.3  20.9  11:45a   WNW
11  18.9  25.1  11:40a  14.1  11:25p   1.3   2.0   0.0   4.5  38.6   3:00p    SW
12  18.2  25.8   3:15p   9.9   5:40a   2.2   2.0   0.0   3.4  29.0   2:45p    SW
13  20.7  30.1   1:40p  15.7  12:00m   0.8   3.2   0.0   2.6  29.0   2:05p    SW
14  23.1  34.7   3:15p  14.3   2:05a   0.8   5.7   0.0   2.7  32.2   3:55a    SW
15  26.5  36.1   2:30p  16.8   2:20a   0.1   8.4   0.0   5.8  57.9  11:05p   SSW
16  26.9  37.3   2:50p  17.9   5:45a   0.0   8.7   0.0   8.0  66.0  12:30a     E
17  22.4  27.7  11:35a  18.2  11:50p   0.0   4.1   0.0   4.7  25.7  11:05a    SW
18  20.0  26.6   1:25p  15.6  12:00m   0.5   2.2   0.0   4.7  32.2   2:50p    SW
19  16.9  22.2  12:20p  11.9  12:00m   2.1   0.7   0.0   5.8  33.8   5:20p   SSW
20  16.4  24.4   2:10p   8.3   5:50a   3.3   1.4   0.0   4.2  33.8   2:40p   SSW
21  19.7  29.1   1:40p  11.9   5:35a   1.8   3.2   0.0   5.1  40.2  11:45p     E
22  22.0  29.2   2:20p  16.3   6:10a   0.3   4.0   0.0  15.0  57.9   5:00a     E
23  19.8  27.2   1:55p  14.4  12:00m   1.1   2.6   2.6   5.0  35.4   3:10p    SW
24  18.3  26.4   2:20p  12.2   5:15a   2.2   2.2   0.0   2.4  27.4   2:00p    SW
25  16.1  23.3  11:25a   8.5   5:25a   3.2   1.0   0.6   4.2  32.2   3:30p    SW
26  16.8  25.9   4:15p   7.3   5:30a   3.2   1.7   0.0   4.2  38.6  11:55p   ESE
27  19.7  29.3   2:05p  12.2   5:25a   1.8   3.2   0.0  11.3  49.9   3:15a     E
28  19.6  29.8  12:45p  10.6   5:30a   2.0   3.4   0.0   4.3  32.2   3:45p    SW
29  19.8  30.2   2:50p  11.7   5:35a   1.7   3.3   0.0   5.8  38.6   4:20p   SSW
30  18.6  25.7   2:05p  13.2   5:20a   1.7   2.0   0.0   6.3  37.0   5:05p    SW
-------------------------------------------------------------------------------------
    19.5  37.3    16     7.3     8    53.4  89.7   9.2   5.3  66.0    16      SW

Max >=  32.0:  4
Max <=   0.0:  0
Min <=   0.0:  0
Min <= -18.0:  0
Max Rain: 5.21 ON 04/11/18
Days of Rain: 5 (> .2 mm) 2 (> 2 mm) 0 (> 20 mm)
Heat Base:  18.3  Cool Base:  18.3  Method: Integration
Gardiner Family