Gardiner Menu
Last modified: August 17, 2019 - 19:32:26 PM
 NOAA style reports

NOAA-style Climate Reports


Report for 2018 Oct
                   MONTHLY CLIMATOLOGICAL SUMMARY for OCT. 2018

NAME: Kairos   CITY: Maddington   STATE: Western Australia 
ELEV:    20 m  LAT:  32 06' 00" S  LONG: 116 00' 00" E

                   TEMPERATURE (C), RAIN  (mm), WIND SPEED (km/hr)

                                      HEAT  COOL        AVG
    MEAN                              DEG   DEG         WIND                 DOM
DAY TEMP  HIGH   TIME   LOW    TIME   DAYS  DAYS  RAIN  SPEED HIGH   TIME    DIR
------------------------------------------------------------------------------------
 1  16.4  21.5  12:30p  12.4   4:00a   2.3   0.4   0.0   3.5  33.8  11:35p   ESE
 2  17.8  24.4   2:45p  13.3   4:10a   1.9   1.4   0.0   8.5  37.0   9:40a   ESE
 3  16.6  21.7  12:25p  13.4   6:10a   2.0   0.3   8.0  13.5  62.8   7:50a     E
 4  18.6  24.8   1:30p  14.7   5:30a   1.4   1.7   0.0  12.7  62.8   1:40a     E
 5  19.2  25.8   1:20p  15.6   6:05a   0.8   1.6   0.0   4.3  25.7  10:20a     N
 6  17.9  23.0   2:10p  14.3   5:50a   1.5   1.2   0.0   0.5  16.1  12:00m   WSW
 7  19.0  25.3   4:25p  14.2   4:30a   1.2   1.9   0.0   5.6  45.1   3:55a     E
 8  21.7  28.4   1:10p  15.2   6:30a   0.3   3.1   0.0   7.1  41.8   7:50p     E
 9  21.8  30.9   3:25p  15.1   5:10a   0.6   4.1   2.0  13.0  54.7   5:20a     E
10  21.9  29.3   1:35p  16.5  12:00m   0.1   3.1   0.2   5.5  45.1   4:15a     E
11  19.8  26.3  11:15a  14.4   2:35a   1.0   2.5   0.0   3.2  29.0  12:45p   WNW
12  17.8  20.8  11:05a  15.1  11:55p   0.9   0.5   0.6   2.3  24.1  10:25a    SW
13  17.4  22.9  12:20p  12.7  12:00m   1.8   0.9  13.8   6.1  33.8  11:10a     N
14  14.3  17.3   3:15p  10.0   3:55a   4.0   0.0  16.0   6.0  59.5   9:45a    SW
15  17.4  24.8   2:45p  10.8  12:00m   2.5   1.6   0.0   1.4  20.9   3:25p    SW
16  19.1  30.8   3:05p   8.8   5:40a   3.0   3.8   0.0   1.8  25.7   5:00p   SSW
17  23.1  34.6  12:45p  14.4   1:40a   0.4   5.2   0.0   9.0  41.8  11:40a   WNW
18  13.9  18.4  12:10a   9.8  11:50p   4.4   0.0  24.6   4.2  37.0  12:55a   WSW
19  14.2  21.1   2:55p   9.2   2:20a   4.3   0.2   0.8   1.6  24.1  11:50a    SW
20  15.3  19.6   1:00p   9.5   5:50a   3.1   0.2   0.2   4.8  30.6  12:30p   WNW
21  16.9  21.3  12:50p  13.9   9:30p   1.8   0.4   3.6   5.6  40.2  12:15p   WNW
22  15.6  21.8   2:45p   9.7  12:00m   3.0   0.2   0.0   2.9  30.6   9:00a    SW
23  15.9  24.0   2:30p   8.4   1:55a   3.6   1.3   0.0   4.2  29.0   5:55a    SW
24  16.3  21.9   3:20p  12.7   3:25a   2.4   0.4   0.0   2.3  25.7   2:50p   SSW
25  20.6  28.4   1:50p  13.3  12:05a   1.3   3.6   0.0   4.7  37.0   3:15p   SSW
26  21.1  30.9   3:45p  14.0   6:15a   0.8   3.6   0.0   3.4  29.0   5:20p   SSW
27  20.8  30.1   2:25p  13.2   6:05a   0.9   3.4   0.0   3.2  30.6  11:20p   SSW
28  20.7  31.1   1:55p  13.2   6:05a   1.2   3.6   0.0   4.0  37.0  12:45a    SW
29  18.3  27.3   2:35p  10.8   5:45a   2.3   2.3   0.0   4.2  30.6   4:25p   SSW
30  19.2  27.9   2:30p  12.2   6:00a   1.7   2.5   0.0   3.2  29.0   4:35p   SSW
31  19.6  28.3   2:05p  14.0   4:55a   1.3   2.6   0.0   3.9  29.0   4:25p    SW
-------------------------------------------------------------------------------------
    18.3  34.6    17     8.4    23    58.0  57.7  69.8   5.0  62.8     3      SW

Max >=  32.0:  1
Max <=   0.0:  0
Min <=   0.0:  0
Min <= -18.0:  0
Max Rain: 24.61 ON 18/10/18
Days of Rain: 10 (> .2 mm) 6 (> 2 mm) 1 (> 20 mm)
Heat Base:  18.3  Cool Base:  18.3  Method: Integration