Gardiner Menu
Last modified: August 17, 2019 - 19:32:26 PM
 NOAA style reports

NOAA-style Climate Reports


Report for 2018 Sep
                   MONTHLY CLIMATOLOGICAL SUMMARY for AUG. 2018

NAME: Kairos   CITY: Maddington   STATE: Western Australia 
ELEV:    20 m  LAT:  32 06' 00" S  LONG: 116 00' 00" E

                   TEMPERATURE (C), RAIN  (mm), WIND SPEED (km/hr)

                                      HEAT  COOL        AVG
    MEAN                              DEG   DEG         WIND                 DOM
DAY TEMP  HIGH   TIME   LOW    TIME   DAYS  DAYS  RAIN  SPEED HIGH   TIME    DIR
------------------------------------------------------------------------------------
 1  11.7  16.3  12:00p   7.2  11:50p   6.6   0.0  32.2   7.7  51.5   3:25p     N
 2  11.0  17.1   1:55p   5.3   7:35a   7.3   0.0   8.2   3.2  38.6   2:05p    SW
 3  14.3  17.6  11:50a  12.4   6:35a   4.0   0.0  32.4   6.9  41.8   6:20p     W
 4  11.1  14.2  12:10p   8.4  11:50p   7.2   0.0   9.0   5.6  48.3   2:10p    SW
 5  10.2  14.9  12:20p   6.8  12:00m   8.1   0.0   0.2   2.3  29.0  12:30p    SW
 6  11.6  17.3  12:55p   5.6   1:55a   6.7   0.0   0.2   1.9  20.9   1:35p    NW
 7  15.2  21.1   1:20p  11.9  10:15p   3.4   0.3   0.0   2.3  24.1   2:50a   WNW
 8  14.3  17.0  12:15p  12.1   7:35a   4.0   0.0  10.6   9.5  40.2   5:45p     N
 9  12.1  16.8   2:40a   7.1  12:00m   6.3   0.0  25.4   7.6  59.5   3:00p    SW
10   9.5  15.7  12:55p   3.1   7:20a   8.8   0.0   1.6   1.4  25.7  12:25p   SSW
11  10.9  19.8   3:35p   3.3   5:30a   7.6   0.1   0.0   1.0  19.3  11:00a   NNE
12  13.7  21.9   3:10p   6.6   7:00a   5.4   0.7   0.0   4.5  33.8  11:30a     N
13  16.1  24.1   2:25p   7.1   2:15a   3.7   1.5   0.0   9.2  43.5   3:50p     N
14  15.2  20.1  12:35p  12.6  11:30p   3.2   0.1  19.6   2.7  33.8  12:45p    SW
15  14.4  19.9   2:30p  10.1  12:00m   4.0   0.1   0.0   1.0  22.5   2:30p    SW
16  13.2  19.3   2:00p   9.2   1:05a   5.1   0.0   2.0   1.6  24.1   4:00p     W
17  12.8  18.9   1:30p   6.9  11:20p   5.5   0.0   1.4   0.8  22.5   3:25a   SSW
18  13.5  19.9   3:45p   7.6  12:05a   5.0   0.2   0.0   8.4  40.2   6:25a     E
19  18.8  27.4   3:05p  12.4   4:30a   1.9   2.4   0.0   7.4  43.5   1:25a     E
20  21.1  26.2  11:05a  16.1  11:50p   0.2   2.8   0.2   6.9  38.6  12:30a     N
21  13.6  16.7  12:15p   8.9  11:55p   4.7   0.0  22.0   1.9  35.4   4:30p    SW
22  11.2  16.4   4:30p   6.7   6:45a   7.1   0.0   0.2   2.9  35.4  10:35a   SSW
23  12.1  21.0   2:45p   4.7   4:05a   6.6   0.4   0.2   0.8  24.1   9:00a    SW
24  13.8  22.7   3:35p   5.8   4:40a   5.3   0.8   0.0   2.3  30.6   8:25a     E
25  14.3  23.6   2:15p   5.9   6:05a   5.1   1.2   0.0   0.8  17.7   7:35a   ENE
26  15.7  25.5   1:50p   8.2   2:30a   4.4   1.8   0.0   1.3  20.9   7:35a   NNE
27  13.6  21.4  11:55a   6.1   5:15a   5.0   0.4   2.8   4.5  32.2  12:50p     N
28  13.1  17.8  11:25a   9.3  12:00m   5.2   0.0  22.0   6.6  41.8  12:10p     N
29  10.7  13.8   2:50p   7.9   1:40a   7.5   0.0  15.8   6.1  46.7   3:00p    SW
30  11.6  17.4   3:30p   7.1  12:00m   6.7   0.0   0.2   3.5  35.4   9:40a   SSW
31  12.6  18.6  12:10p   6.4  12:55a   5.7   0.0   0.0   1.1  19.3   3:10p    SW
-------------------------------------------------------------------------------------
    13.3  27.4    19     3.1    10   167.1  12.8 206.2   4.0  59.5     9      SW

Max >=  32.0:  0
Max <=   0.0:  0
Min <=   0.0:  0
Min <= -18.0:  0
Max Rain: 32.41 ON 03/08/18
Days of Rain: 20 (> .2 mm) 12 (> 2 mm) 5 (> 20 mm)
Heat Base:  18.3  Cool Base:  18.3  Method: Integration