Gardiner Family

Gardiner Family




Gardiner Family
NOAA style reports

NOAA-style Climate Reports


Report for 2018 Jul
                   MONTHLY CLIMATOLOGICAL SUMMARY for JUN. 2018

NAME: Kairos   CITY: Maddington   STATE: Western Australia 
ELEV:    20 m  LAT:  32 06' 00" S  LONG: 116 00' 00" E

                   TEMPERATURE (C), RAIN  (mm), WIND SPEED (km/hr)

                                      HEAT  COOL        AVG
    MEAN                              DEG   DEG         WIND                 DOM
DAY TEMP  HIGH   TIME   LOW    TIME   DAYS  DAYS  RAIN  SPEED HIGH   TIME    DIR
------------------------------------------------------------------------------------
 1  13.6  20.6   3:05p   9.3  11:05p   5.0   0.3   0.2   1.4  22.5   8:40a     E
 2  14.4  21.4   2:30p   9.5  12:05a   4.5   0.6   0.0   2.7  25.7   6:05a     E
 3  16.7  24.2   3:25p  11.1   7:50a   3.0   1.4   0.0   2.4  33.8   2:15a     E
 4  15.7  21.5   2:45p  10.4   4:30a   3.2   0.6   1.4   4.0  37.0  11:30p   NNE
 5  16.2  18.7  12:20a  11.8  11:50p   2.2   0.1   9.2  12.2  59.5   6:10a     N
 6  13.7  16.8   3:05p  10.7   3:10a   4.6   0.0  23.6   2.3  29.0  12:40p     W
 7  11.0  13.2   4:05p   6.2  12:00m   7.3   0.0  29.6   1.1  19.3   1:00p   NNE
 8  11.1  18.4   1:55p   4.1   4:15a   7.2   0.0   0.2   0.8  19.3  11:35p    NW
 9  15.8  21.1   2:25p  12.2   6:35a   2.9   0.4  19.6  11.1  43.5   1:35p     N
10  15.1  18.9   2:10p   9.6  12:00m   3.2   0.0   9.8   6.3  46.7   1:45p    SW
11  13.6  19.1  12:35p   8.9  12:55a   4.8   0.0   0.0   1.0  17.7   2:05p   NNW
12  13.7  20.1   2:00p   9.3  12:00m   4.7   0.1   2.8   1.1  35.4   2:50p     N
13  12.2  20.2   2:20p   7.3   6:10a   6.2   0.1   0.2   0.2  11.3  12:45p   WSW
14  13.2  21.9   1:50p   6.1   7:45a   5.7   0.6   0.0   0.2  16.1  12:30p    SW
15  14.1  22.4   1:55p   6.4   6:20a   5.1   0.8   0.0   0.8  17.7  10:20a    NE
16  16.7  22.2   2:55p  12.0  12:05a   2.6   0.9   0.0   8.4  33.8   1:20p     E
17  18.4  24.1   1:50p  13.4   1:45a   1.6   1.6   0.0   7.7  33.8   2:15p   NNE
18  14.4  18.6  12:05a   9.3  12:00m   3.9   0.0  17.2   3.5  41.8  12:05p   WSW
19  13.1  18.7   3:45p   7.7   6:20a   5.2   0.0   4.0   2.1  19.3  10:05a   NNW
20  15.5  20.2   2:00p  12.6  10:40p   3.0   0.2   1.2   1.6  17.7   9:25a   NNW
21  13.6  21.1   1:00p   9.1   5:25a   5.0   0.2   3.0   0.6  22.5   1:45p    SW
22  14.8  20.2   2:20p   9.8   3:25a   3.8   0.3   0.0   0.5  19.3  10:30a   ENE
23  16.2  23.5   2:40p  10.3  11:45p   3.2   1.2   0.0   3.9  25.7   4:35a   ENE
24  16.3  23.1   3:00p  10.3  12:05a   3.0   0.9   0.0   4.8  29.0   3:10a     E
25  15.4  21.4   1:40p  10.8   7:40a   3.3   0.5   0.0   6.9  25.7   4:25a   NNE
26  16.3  19.3   2:05p  13.2   3:05a   2.0   0.1   6.4   5.5  24.1  10:10a   NNE
27  14.3  16.3   2:15p  10.9  11:50p   3.9   0.0  37.2   2.7  20.9   2:10a   NNE
28  12.3  19.0   2:25p   7.5  11:55p   6.0   0.0   0.2   0.8  17.7   4:35p     S
29  11.7  17.9  12:50p   6.9   1:30a   6.6   0.0   0.0   3.4  24.1  12:00m   ENE
30  12.6  19.2   1:45p   7.9   4:30a   5.7   0.0   0.0   4.2  27.4  12:20a   ENE
-------------------------------------------------------------------------------------
    14.4  24.2     3     4.1     8   128.3  11.0 165.8   3.5  59.5     5       N

Max >=  32.0:  0
Max <=   0.0:  0
Min <=   0.0:  0
Min <= -18.0:  0
Max Rain: 37.21 ON 27/06/18
Days of Rain: 17 (> .2 mm) 11 (> 2 mm) 3 (> 20 mm)
Heat Base:  18.3  Cool Base:  18.3  Method: Integration
Gardiner Family