Gardiner Family

Gardiner Family




Gardiner Family
NOAA style reports

NOAA-style Climate Reports


Report for 2018 Jun
                   MONTHLY CLIMATOLOGICAL SUMMARY for JUN. 2018

NAME: Kairos   CITY: Maddington   STATE: Western Australia 
ELEV:    66 ft  LAT:  32 06' 00" S  LONG: 116 00' 00" E

                   TEMPERATURE (F), RAIN  (in), WIND SPEED (mph)

                                      HEAT  COOL        AVG
    MEAN                              DEG   DEG         WIND                 DOM
DAY TEMP  HIGH   TIME   LOW    TIME   DAYS  DAYS  RAIN  SPEED HIGH   TIME    DIR
------------------------------------------------------------------------------------
 1  56.5  69.0   3:05p  48.7  11:05p   8.9   0.5  0.01   0.9  14.0   8:40a     E
 2  57.9  70.6   2:30p  49.1  12:05a   8.2   1.1  0.00   1.7  16.0   6:05a     E
 3  62.0  75.6   3:25p  51.9   7:50a   5.5   2.5  0.00   1.5  21.0   2:15a     E
 4  60.2  70.7   2:45p  50.7   4:30a   5.7   1.0  0.05   2.5  23.0  11:30p   NNE
 5  61.1  65.6  12:20a  53.2  11:50p   3.9   0.1  0.36   7.6  37.0   6:10a     N
 6  56.7  62.3   3:05p  51.2   3:10a   8.2   0.0  0.93   1.4  18.0  12:40p     W
 7  51.8  55.7   4:05p  43.2  12:00m  13.1   0.0  1.16   0.7  12.0   1:00p   NNE
 8  52.0  65.2   1:55p  39.3   4:15a  12.9   0.0  0.01   0.5  12.0  11:35p    NW
 9  60.5  69.9   2:25p  54.0   6:35a   5.2   0.8  0.77   6.9  27.0   1:35p     N
10  59.2  66.0   2:10p  49.2  12:00m   5.8   0.0  0.39   3.9  29.0   1:45p    SW
11  56.4  66.4  12:35p  48.0  12:55a   8.6   0.0  0.00   0.6  11.0   2:05p   NNW
12  56.6  68.1   2:00p  48.8  12:00m   8.5   0.2  0.11   0.7  22.0   2:50p     N
13  54.0  68.3   2:20p  45.2   6:10a  11.2   0.2  0.01   0.1   7.0  12:45p   WSW
14  55.8  71.4   1:50p  43.0   7:45a  10.3   1.2  0.00   0.1  10.0  12:30p    SW
15  57.3  72.3   1:55p  43.5   6:20a   9.2   1.5  0.00   0.5  11.0  10:20a    NE
16  62.0  71.9   2:55p  53.6  12:05a   4.6   1.6  0.00   5.2  21.0   1:20p     E
17  65.1  75.4   1:50p  56.2   1:45a   2.8   2.9  0.00   4.8  21.0   2:15p   NNE
18  57.9  65.4  12:05a  48.7  12:00m   7.0   0.0  0.68   2.2  26.0  12:05p   WSW
19  55.6  65.6   3:45p  45.8   6:20a   9.4   0.0  0.16   1.3  12.0  10:05a   NNW
20  59.9  68.4   2:00p  54.7  10:40p   5.4   0.4  0.05   1.0  11.0   9:25a   NNW
21  56.4  70.0   1:00p  48.4   5:25a   9.0   0.4  0.12   0.4  14.0   1:45p    SW
22  58.7  68.4   2:20p  49.7   3:25a   6.8   0.6  0.00   0.3  12.0  10:30a   ENE
23  61.2  74.3   2:40p  50.6  11:45p   5.8   2.1  0.00   2.4  16.0   4:35a   ENE
24  61.3  73.6   3:00p  50.6  12:05a   5.4   1.7  0.00   3.0  18.0   3:10a     E
25  59.8  70.5   1:40p  51.5   7:40a   5.9   0.8  0.00   4.3  16.0   4:25a   NNE
26  61.4  66.7   2:05p  55.8   3:05a   3.7   0.1  0.25   3.4  15.0  10:10a   NNE
27  57.8  61.3   2:15p  51.6  11:50p   7.1   0.0  1.47   1.7  13.0   2:10a   NNE
28  54.2  66.2   2:25p  45.5  11:55p  10.8   0.0  0.01   0.5  11.0   4:35p     S
29  53.1  64.3  12:50p  44.4   1:30a  11.9   0.0  0.00   2.1  15.0  12:00m   ENE
30  54.7  66.5   1:45p  46.2   4:30a  10.3   0.0  0.00   2.6  17.0  12:20a   ENE
-------------------------------------------------------------------------------------
    57.9  75.6     3    39.3     8   230.9  19.8  6.53   2.2  37.0     5       N

Max >=  90.0:  0
Max <=  32.0:  0
Min <=  32.0:  0
Min <=   0.0:  0
Max Rain: 1.47 ON 27/06/18
Days of Rain: 13 (>.01 in) 11 (>.1 in) 2 (>1 in)
Heat Base:  64.9  Cool Base:  64.9  Method: Integration
Gardiner Family