Gardiner Family

Gardiner Family




Gardiner Family
NOAA style reports

NOAA-style Climate Reports


Report for 2018 May
                   MONTHLY CLIMATOLOGICAL SUMMARY for MAY. 2018

NAME: Kairos   CITY: Maddington   STATE: Western Australia 
ELEV:    20 m  LAT:  32 06' 00" S  LONG: 116 00' 00" E

                   TEMPERATURE (C), RAIN  (mm), WIND SPEED (km/hr)

                                      HEAT  COOL        AVG
    MEAN                              DEG   DEG         WIND                 DOM
DAY TEMP  HIGH   TIME   LOW    TIME   DAYS  DAYS  RAIN  SPEED HIGH   TIME    DIR
------------------------------------------------------------------------------------
 1  15.7  21.5   2:20p  10.9   6:55a   3.2   0.6   0.0   2.7  27.4   9:45a    SW
 2  14.5  19.9   2:30p  10.9   3:15a   3.9   0.1   1.8   3.5  41.8   1:25p    SW
 3  14.4  21.7   3:25p   9.0   4:50a   4.5   0.6   0.0   1.8  29.0  12:35p    SW
 4  14.6  23.9   1:35p   6.3   7:05a   4.9   1.2   0.0   0.6  17.7  11:55a    SW
 5  20.1  29.4   2:50p  12.7   1:15a   1.6   3.4   0.0   7.4  37.0   5:30a     E
 6  18.6  21.4   1:15a  12.7  12:00m   0.7   1.0   3.6   5.8  41.8  11:15a     N
 7  15.3  22.6   2:35p   8.5   7:20a   3.9   0.9   0.0   1.1  19.3   5:10p   SSW
 8  15.8  23.2   2:50p  10.0   5:30a   3.7   1.1   0.0   1.8  20.9  12:20p   SSW
 9  18.4  25.2   2:40p  10.8  12:50a   1.7   1.8   0.0   7.4  40.2  11:45p     E
10  19.4  24.4   4:10p  15.1   5:50a   1.0   2.1   0.0  15.8  61.2   4:25a     E
11  22.3  29.9   3:30p  16.7   6:45a   0.3   4.3   0.0  13.4  51.5  12:40a     E
12  24.4  34.2   2:15p  15.1  12:00m   0.2   6.3   0.0   3.9  37.0  12:05a   NNE
13  18.7  26.8   3:05p  12.9   3:55a   1.8   2.2   0.0   1.3  20.9   4:25p   SSW
14  20.8  26.6   3:05p  14.5  12:05a   0.5   3.0   0.0  12.1  54.7   9:50a     E
15  19.9  28.2   2:25p  14.7  11:20p   1.1   2.7   0.0   8.2  51.5  12:10a     E
16  19.7  27.8   2:20p  12.2  12:00m   1.2   2.7   0.0   3.4  35.4   1:10a     E
17  18.1  26.6   3:05p  10.1   3:30a   2.5   2.3   0.0   5.1  33.8  12:00m     E
18  17.3  25.3   2:45p   9.6   6:40a   2.8   1.8   0.0   3.9  37.0  12:40a     E
19  16.7  25.7   3:45p  10.1   6:20a   3.5   1.9   0.0   1.1  20.9  11:00a    NE
20  15.9  26.1   3:00p   8.3   7:05a   4.4   2.0   0.0   1.0  20.9   8:45a   ENE
21  17.7  26.0   2:30p   8.7   1:40a   2.8   2.2   0.0   3.2  30.6  11:45p   ENE
22  20.5  29.4   3:05p  13.7   9:35p   1.1   3.3   0.0   4.5  35.4   2:05a   ENE
23  21.5  28.8  12:50p  16.1   6:15a   0.4   3.6   0.0   5.8  30.6   2:20a   ENE
24  22.2  27.2  12:25p  16.2  12:00m   0.1   4.0  22.6  11.4  77.2   7:50p   NNE
25  15.1  18.2  11:45a  13.3   7:35a   3.2   0.0  44.4   6.0  48.3   1:20p    NW
26  15.7  18.5   3:10p  13.0   9:10p   2.6   0.0  47.6   2.9  38.6   2:00p    SW
27  16.3  22.4  12:55p  13.1  12:00m   2.5   0.5   2.2   2.9  38.6   2:10p    SW
28  13.2  20.0   1:05p   7.9   6:15a   5.2   0.1   0.4   0.5  16.1  11:25a    NW
29  14.4  22.6   3:35p   7.6   7:25a   4.7   0.9   0.2   1.3  17.7  10:25a     N
30  16.4  23.1   1:50p   9.9  12:25a   2.9   1.0   0.0   4.2  29.0   1:30p    NE
31  15.0  18.1   9:30a  11.6   1:00a   3.3   0.0  13.8   3.1  32.2  10:20a     N
-------------------------------------------------------------------------------------
    17.7  34.2    12     6.3     4    76.2  57.6 136.6   4.7  77.2    24       E

Max >=  32.0:  1
Max <=   0.0:  0
Min <=   0.0:  0
Min <= -18.0:  0
Max Rain: 47.60 ON 26/05/18
Days of Rain: 9 (> .2 mm) 6 (> 2 mm) 3 (> 20 mm)
Heat Base:  18.3  Cool Base:  18.3  Method: Integration
Gardiner Family