Gardiner Family

Gardiner Family

Gardiner Family
NOAA style reports

NOAA-style Climate Reports


Report for 2018 Apr
                   MONTHLY CLIMATOLOGICAL SUMMARY for MAR. 2018

NAME: Kairos   CITY: Maddington   STATE: Western Australia 
ELEV:    20 m  LAT:  32 06' 00" S  LONG: 116 00' 00" E

                   TEMPERATURE (C), RAIN  (mm), WIND SPEED (km/hr)

                                      HEAT  COOL        AVG
    MEAN                              DEG   DEG         WIND                 DOM
DAY TEMP  HIGH   TIME   LOW    TIME   DAYS  DAYS  RAIN  SPEED HIGH   TIME    DIR
------------------------------------------------------------------------------------
 1  25.7  35.3   2:20p  16.7  12:50a   0.1   7.5   0.0   6.4  40.2   3:05a    SW
 2  22.3  30.6   3:15p  15.0   6:35a   0.6   4.5   0.0   5.3  43.5  11:35p   SSW
 3  22.9  30.6   3:50p  16.0   6:05a   0.3   5.0   0.0   7.9  56.3   8:00a     E
 4  24.8  32.7   3:20p  16.8   6:25a   0.2   6.7   0.0  14.5  56.3   4:45a     E
 5  28.3  36.8   2:50p  19.9   6:30a   0.0  10.0   0.0  15.8  57.9   3:20a     E
 6  30.7  38.6   1:20p  22.7  12:00m   0.0  10.3   0.0   6.3  33.8  12:35a    SW
 7  24.4  32.9   2:10p  19.2  12:00m   0.0   6.1   0.0   2.4  24.1   2:15p    SW
 8  23.4  34.2   2:15p  15.4   6:40a   0.5   5.6   0.0   1.6  20.9   3:20p    SW
 9  23.5  32.8   1:50p  16.9   6:35a   0.2   5.4   0.0   3.7  30.6   3:00p    SW
10  23.3  31.4   3:20p  17.2   6:00a   0.1   5.2   0.0  12.4  74.0  11:00p   ESE
11  25.2  33.6   4:10p  17.5   5:40a   0.1   7.0   0.0  11.9  69.2  12:55a     E
12  27.1  35.4   4:10p  19.3   6:35a   0.0   8.7   0.0   8.4  48.3  11:10a     E
13  31.7  40.2   3:35p  24.7  12:00m   0.0  11.0   0.0   4.0  48.3  12:45a     E
14  25.9  32.1   2:55p  22.6  11:55p   0.0   7.4   3.8   1.1  27.4   1:20a    SW
15  22.9  27.2   3:00p  19.4  12:00m   0.0   4.6   0.2   2.6  25.7   5:10p    SW
16  20.8  27.6   2:35p  16.9   6:40a   0.3   2.8   0.0   2.6  29.0   3:25p    SW
17  18.7  24.7   2:30p  14.2  12:00m   1.4   1.7   0.0   4.8  35.4  10:50a    SW
18  19.9  30.2   3:45p  11.4   6:25a   1.9   3.5   0.0   2.1  24.1   9:05a    SW
19  23.7  32.9   3:25p  13.3   2:50a   0.7   6.0   0.0   6.6  45.1   8:10a     E
20  28.0  34.6   3:35p  20.0   6:40a   0.0   7.6   0.0   9.5  51.5   5:50a     E
21  31.0  39.9   3:05p  23.3  12:00m   0.0  11.7   0.0   6.0  51.5   1:00a   ENE
22  23.8  30.4   2:10p  18.6  12:00m   0.0   5.5   0.0   1.9  20.9   2:20p   WNW
23  23.2  31.8   2:10p  15.3   6:45a   0.6   5.5   0.0   2.6  46.7  11:55p   ESE
24  21.8  28.0   1:55p  17.9   6:40a   0.0   3.5   0.0  11.4  54.7   2:15a     E
25  21.6  24.4   3:45p  18.4   9:05a   0.0   3.3   0.2  15.9  61.2   7:50a     E
26  22.9  25.5   1:00p  18.6  12:00m   0.0   4.6   1.8   6.6  33.8  12:05a    NW
27  19.6  25.8   2:45p  13.3  12:00m   0.9   2.1   0.0   2.7  25.7  10:20a    SW
28  17.8  26.9   1:40p   9.9   6:45a   2.9   2.4   0.0   2.1  24.1   4:25p    SW
29  20.6  31.8   3:40p  11.9   3:45a   1.8   4.1   0.0   1.8  24.1   5:50a   SSW
30  24.7  34.9   2:35p  16.1  12:15a   0.1   6.5   0.0   7.2  51.5   3:20a     E
31  22.1  29.8   2:45p  15.8   5:40a   0.4   4.1   0.0   3.4  33.8  10:45p   SSW
-------------------------------------------------------------------------------------
    23.9  40.2    13     9.9    28    12.9 180.1   6.0   6.2  74.0    10       E

Max >=  32.0: 15
Max <=   0.0:  0
Min <=   0.0:  0
Min <= -18.0:  0
Max Rain: 3.81 ON 14/03/18
Days of Rain: 4 (> .2 mm) 1 (> 2 mm) 0 (> 20 mm)
Heat Base:  18.3  Cool Base:  18.3  Method: Integration
Gardiner Family