Gardiner Family

Gardiner Family




Gardiner Family
NOAA style reports

NOAA-style Climate Reports


Report for 2018 Feb
                   MONTHLY CLIMATOLOGICAL SUMMARY for FEB. 2018

NAME: Kairos   CITY: Maddington   STATE: Western Australia 
ELEV:    20 m  LAT:  32 06' 00" S  LONG: 116 00' 00" E

                   TEMPERATURE (C), RAIN  (mm), WIND SPEED (km/hr)

                                      HEAT  COOL        AVG
    MEAN                              DEG   DEG         WIND                 DOM
DAY TEMP  HIGH   TIME   LOW    TIME   DAYS  DAYS  RAIN  SPEED HIGH   TIME    DIR
------------------------------------------------------------------------------------
 1  26.2  32.9   3:10p  19.1   6:05a   0.0   7.9   0.0   8.2  37.0  10:20p     E
 2  28.3  33.1   2:55p  24.1   6:40a   0.0   8.7   0.0   3.7  33.8   9:45a     E
 3  27.6  35.0   1:00p  21.7  11:45p   0.0   8.2   0.0   6.4  37.0  12:50a    SW
 4  23.9  31.2   1:35p  18.7  11:55p   0.0   5.6   0.0   3.4  29.0   3:15p    SW
 5  24.8  35.2  12:10p  15.8   6:20a   0.4   7.0   0.0   2.4  24.1   1:30p    SW
 6  23.8  32.3   1:30p  17.8   6:15a   0.0   5.5   0.0   4.8  32.2   5:15p    SW
 7  21.9  28.3   3:05p  16.7   5:00a   0.2   3.8   0.0   4.0  27.4  10:40a   SSW
 8  24.1  34.1   4:25p  17.9   5:20a   0.0   5.8   0.0   4.2  33.8  10:35a   SSW
 9  21.9  28.6  12:00p  16.4   6:25a   0.3   3.9   0.0   5.1  35.4  12:55p    SW
10  23.3  33.8   3:25p  16.7   1:25a   0.3   5.2   0.0   4.3  35.4   6:00a   SSW
11  25.4  35.6   3:00p  15.8   1:50a   0.2   7.2   0.0   6.3  45.1   4:05a    SW
12  25.4  35.7   2:30p  17.9   6:30a   0.0   7.1   0.0   8.2  53.1  12:45a    SW
13  21.3  29.5   1:40p  14.4   6:10a   0.7   3.6   0.0   4.7  32.2   1:45p    SW
14  24.4  34.5   2:55p  16.6   2:25a   0.1   6.3   0.0   5.1  38.6   6:35a    SW
15  30.3  40.2   2:55p  18.4   1:30a   0.0  10.9   0.0   9.2  51.5   7:25a     E
16  27.3  38.2  11:20a  21.7  12:00m   0.0   9.0   0.2  12.9  66.0   5:35a     E
17  24.3  31.5   2:35p  19.2  12:00m   0.0   6.0   0.0   1.6  24.1  12:50p   WNW
18  23.4  31.9   1:15p  17.4   4:45a   0.1   5.2   0.0   3.7  30.6   3:30p    SW
19  24.1  31.4   2:00p  20.0   6:25a   0.0   5.8   0.0   7.7  41.8   3:25p    SW
20  23.1  28.8   4:05p  18.8   6:15a   0.0   4.8   0.0   6.3  48.3  11:55p   ESE
21  22.4  32.1   2:20p  15.8   6:15a   0.5   4.5   0.0  11.4  54.7  12:15a     E
22  23.9  34.0  12:25p  15.9   4:05a   0.4   6.0   0.0   2.4  24.1   1:20p     N
23  23.2  31.7   2:35p  16.6   2:45a   0.2   5.1   0.0   3.7  33.8   4:45p     S
24  24.1  31.8   4:40p  16.2   6:10a   0.4   6.1   0.0   9.8  45.1  11:45p     E
25  26.7  32.5   3:50p  21.1  12:00m   0.0   8.3   0.0   7.7  48.3   1:15a    SW
26  21.1  24.9  11:40a  16.4  11:55p   0.1   2.9   0.0   6.6  35.4   3:55p    SW
27  19.6  26.6   2:40p  14.4   6:40a   0.9   2.2   0.0   4.5  35.4  12:00m     S
28  22.4  31.6   3:20p  15.8   6:15a   0.4   4.5   0.0   9.8  48.3   1:55a     E
-------------------------------------------------------------------------------------
    24.2  40.2    15    14.4    13     5.2 167.3   0.2   6.0  66.0    16      SW

Max >=  32.0: 15
Max <=   0.0:  0
Min <=   0.0:  0
Min <= -18.0:  0
Max Rain: 0.20 ON 16/02/18
Days of Rain: 1 (> .2 mm) 0 (> 2 mm) 0 (> 20 mm)
Heat Base:  18.3  Cool Base:  18.3  Method: Integration
Gardiner Family