Gardiner Family

Gardiner Family

Gardiner Family
NOAA style reports

NOAA-style Climate Reports


Report for 2017 Dec
                   MONTHLY CLIMATOLOGICAL SUMMARY for DEC. 2017

NAME: Kairos   CITY: Maddington   STATE: Western Australia 
ELEV:    20 m  LAT:  32 06' 00" S  LONG: 116 00' 00" E

                   TEMPERATURE (C), RAIN  (mm), WIND SPEED (km/hr)

                                      HEAT  COOL        AVG
    MEAN                              DEG   DEG         WIND                 DOM
DAY TEMP  HIGH   TIME   LOW    TIME   DAYS  DAYS  RAIN  SPEED HIGH   TIME    DIR
------------------------------------------------------------------------------------
 1  20.6  31.1   3:05p  13.4   5:15a   1.3   3.6   0.0  11.4  49.9   4:15a     E
 2  26.2  37.0   2:50p  13.6   1:15a   0.3   8.2   0.0  10.0  56.3  12:00m     E
 3  27.0  36.0   2:20p  20.8   5:35a   0.0   8.7   3.2  14.3  62.8   3:05a     E
 4  21.3  25.6   3:40p  19.7   4:20a   0.0   3.0   4.6   0.5  16.1   5:40p   SSW
 5  23.1  29.6  12:05p  18.2  12:00m   0.0   4.8   0.0   3.9  33.8   3:50p    SW
 6  22.5  31.1   3:45p  16.2   5:05a   0.3   4.5   0.0   5.6  49.9  11:05p     S
 7  22.4  31.3   4:30p  14.9   5:05a   0.7   4.8   0.0   9.2  48.3  12:40a     E
 8  27.1  36.9   3:45p  16.7   5:20a   0.2   8.9   0.0  13.4  57.9   1:35a     E
 9  26.5  34.3  10:30a  23.3  11:50p   0.0   8.2   0.0   9.7  49.9   2:30a     E
10  29.3  40.4   2:10p  20.4   5:25a   0.0  11.0   0.0   3.2  27.4  10:10a    SW
11  29.6  40.6  12:15p  21.6   1:10a   0.0  11.3   0.0   3.4  25.7   7:05a   ENE
12  23.9  31.7  12:35p  18.4  12:00m   0.0   5.6   0.0   5.1  38.6   2:50p    SW
13  20.8  27.5   3:15p  13.7   5:50a   0.8   3.2   0.0   4.8  32.2   3:35p   SSW
14  21.9  31.7   1:35p  15.3   2:45a   0.6   4.3   0.0   5.5  32.2   3:00p   SSW
15  23.7  34.3   1:10p  15.4   3:20a   0.5   5.9   0.0   3.7  35.4   4:55p    SW
16  22.3  31.6  11:40a  15.7   2:55a   0.4   4.4   0.0   4.2  33.8   1:15p    SW
17  17.3  22.9   1:20p  13.2  11:00p   1.7   0.8  21.8   8.2  49.9   5:00p   WNW
18  16.3  21.0   1:10p  12.1   5:10a   2.3   0.3  11.8   8.2  64.4   1:25p    SW
19  18.6  27.2   2:35p  11.3   5:45a   1.8   2.1   0.2   4.0  32.2   2:50p    SW
20  22.4  32.6   3:00p  14.7   1:10a   0.7   4.8   0.0   9.7  48.3   6:25a     E
21  28.4  39.8   3:45p  16.8   1:30a   0.1  10.2   0.0   6.8  41.8   4:55a     E
22  27.7  35.7  11:55a  19.8  11:35p   0.0   9.4   0.0   5.8  37.0   3:10a    SW
23  25.1  34.6   4:00p  17.1   5:40a   0.1   6.8   0.0   7.7  49.9   3:15a     E
24  26.2  37.1   3:55p  17.7   5:30a   0.0   7.9   0.0  11.4  57.9   1:20a     E
25  27.6  36.6  12:30p  19.2  12:00m   0.0   9.3   0.0   6.8  48.3   4:55a    SW
26  21.7  29.8   1:10p  16.2   3:55a   0.4   3.8   0.0   4.8  32.2   2:30p    SW
27  20.4  28.4   1:10p  13.7   4:00a   1.0   3.2   0.0   6.0  40.2   6:10p   SSW
28  21.9  30.6   2:25p  15.7   5:45a   0.6   4.2   0.4   6.3  40.2  12:30p     S
29  23.1  33.0   2:25p  15.2   2:05a   0.6   5.4   0.0   4.7  35.4   3:35p   SSW
30  26.8  37.6   3:10p  17.7   5:30a   0.0   8.6   0.0   9.2  59.5   2:35a     E
31  26.8  36.2   1:35p  19.7   5:50a   0.0   8.5   0.0   5.5  38.6   3:05a    SW
-------------------------------------------------------------------------------------
    23.8  40.6    11    11.3    19    14.5 185.6  42.0   6.9  64.4    18      SW

Max >=  32.0: 16
Max <=   0.0:  0
Min <=   0.0:  0
Min <= -18.0:  0
Max Rain: 21.79 ON 17/12/17
Days of Rain: 6 (> .2 mm) 4 (> 2 mm) 1 (> 20 mm)
Heat Base:  18.3  Cool Base:  18.3  Method: Integration
Gardiner Family