Gardiner Family

Gardiner Family

Gardiner Family
NOAA style reports

NOAA-style Climate Reports


Report for 2017 Oct
                   MONTHLY CLIMATOLOGICAL SUMMARY for OCT. 2017

NAME: Kairos   CITY: Maddington   STATE: Western Australia 
ELEV:    20 m  LAT:  32 06' 00" S  LONG: 116 00' 00" E

                   TEMPERATURE (C), RAIN  (mm), WIND SPEED (km/hr)

                                      HEAT  COOL        AVG
    MEAN                              DEG   DEG         WIND                 DOM
DAY TEMP  HIGH   TIME   LOW    TIME   DAYS  DAYS  RAIN  SPEED HIGH   TIME    DIR
------------------------------------------------------------------------------------
 1  18.2  27.9   3:35p  10.1  12:20a   2.6   2.5   0.0   8.9  53.1   4:30a     E
 2  16.6  26.3   2:05p   8.6   6:25a   3.7   2.0   0.0   3.1  29.0   3:55p    SW
 3  14.8  22.7   1:10p   7.8   6:00a   4.2   0.7   0.0   5.6  40.2   6:25p   ESE
 4  13.2  20.7   2:40p   7.4   6:10a   5.4   0.3   0.0   5.3  40.2   9:25a   ESE
 5  14.7  23.4   3:00p   8.6  12:00m   4.5   1.0   0.0   9.0  56.3   7:45a     E
 6  15.9  24.3  12:25p   7.8   1:20a   3.6   1.2   2.0   5.6  32.2  12:10p    SW
 7  12.2  15.9   1:35p   8.9   6:30a   6.1   0.0   0.6   3.4  27.4   1:55p    SW
 8  13.4  21.1   2:15p   7.7  12:00m   5.1   0.2   0.8   1.8  22.5   1:10p   SSW
 9  14.1  25.6   1:10p   4.8   6:05a   5.6   1.5   0.0   1.8  25.7   1:30p    SW
10  14.2  19.5   3:25p   8.8   3:20a   4.2   0.1   0.8   4.0  35.4   9:05a    SW
11  14.8  22.0   2:05p   9.4  12:00m   4.0   0.5   0.0   2.6  29.0   4:05p   SSW
12  17.3  27.8   2:20p   7.7   2:55a   3.1   2.1   0.0   5.0  43.5  11:25p     S
13  23.1  32.9   3:55p  15.1   5:50a   0.6   5.4   0.0  11.7  53.1   4:25a     E
14  22.6  31.9  12:55p  17.3   5:45a   0.1   4.4   0.0   3.1  41.8   1:15a    SW
15  21.3  29.4   1:25p  16.8   6:10a   0.3   3.3   0.0   1.8  24.1   2:40p    SW
16  17.1  21.2   1:55p  14.8  12:00m   1.5   0.3  13.2  17.1  66.0   7:20p    NW
17  16.3  20.5  12:35p  13.3  11:45p   2.4   0.3   4.2   7.9  43.5   1:25p   WNW
18  14.6  21.7   3:15p   8.7   5:50a   4.1   0.4   0.2   4.0  33.8  11:50a    SW
19  17.0  26.0   4:15p   8.1   1:05a   3.3   2.1   0.0   6.8  46.7   9:05a     E
20  23.0  31.9   3:25p  14.6   5:30a   0.7   5.4   0.0  15.4  57.9   4:55a     E
21  23.6  29.6   2:20p  17.8   5:25a   0.0   5.3   0.0  20.4  56.3  11:50a     E
22  23.4  33.5   2:45p  16.7  12:00m   0.1   5.1   1.8   7.2  56.3   1:10a     E
23  18.4  22.7  12:45p  15.2   2:50a   1.0   1.1   0.0   2.9  27.4   4:10p    SW
24  18.2  26.1   1:30p  12.5  12:00m   1.8   1.7   0.0   3.2  30.6   2:20p   SSW
25  17.4  24.7   2:00p  10.3   3:15a   2.1   1.3   5.0   3.5  29.0  11:05a   WNW
26  15.6  21.9  11:20a   9.9  11:40p   2.9   0.2   4.6   7.4  53.1  11:50a    SW
27  14.4  20.3  12:05p   8.7   3:15a   4.0   0.2   2.0   2.7  37.0  10:30a   WSW
28  16.9  20.6  10:30a  13.2   3:55a   1.8   0.5   1.0   6.4  37.0  11:55a   WNW
29  16.6  22.6   1:20p  11.2  12:00m   2.6   0.8   0.0   4.7  29.0  10:25a    SW
30  18.9  30.2   2:25p  10.1   1:45a   2.5   3.1   0.0   3.7  32.2   7:15a     S
31  19.9  32.2  12:30p   9.4   5:50a   2.5   4.1   0.0   2.7  29.0   1:35p   SSW
-------------------------------------------------------------------------------------
    17.3  33.5    22     4.8     9    86.4  56.9  36.2   6.1  66.0    16      SW

Max >=  32.0:  3
Max <=   0.0:  0
Min <=   0.0:  0
Min <= -18.0:  0
Max Rain: 13.21 ON 16/10/17
Days of Rain: 12 (> .2 mm) 6 (> 2 mm) 0 (> 20 mm)
Heat Base:  18.3  Cool Base:  18.3  Method: Integration
Gardiner Family