Gardiner Family

Gardiner Family

Gardiner Family
NOAA style reports

NOAA-style Climate Reports

Select a Year or Month report

Notice: Undefined index: NOAA2017.TXT in E:\xampp\htdocs\gardiner\davis\noaa.php on line 289

Report for 2017 Aug
                   MONTHLY CLIMATOLOGICAL SUMMARY for AUG. 2017

NAME: Kairos   CITY: Maddington   STATE: Western Australia 
ELEV:    20 m  LAT:  32 06' 00" S  LONG: 116 00' 00" E

                   TEMPERATURE (C), RAIN  (mm), WIND SPEED (km/hr)

                                      HEAT  COOL        AVG
    MEAN                              DEG   DEG         WIND                 DOM
DAY TEMP  HIGH   TIME   LOW    TIME   DAYS  DAYS  RAIN  SPEED HIGH   TIME    DIR
------------------------------------------------------------------------------------
 1   8.6  15.4   1:50p   2.0   7:25a   9.7   0.0   0.4   1.6  27.4   2:45p   SSW
 2   8.8  17.5  12:40p   2.3   7:25a   9.5   0.0   0.4   0.6  24.1   9:55a     S
 3   9.9  18.8   1:50p   3.2   4:20a   8.4   0.0   5.4   4.3  41.8   1:20p     N
 4  11.7  15.8   4:55p   8.1   4:05a   6.6   0.0   0.4   1.9  20.9   5:00p   NNW
 5  13.4  19.8   2:00p   8.4  12:00m   5.0   0.1   0.4   1.0  19.3  11:40a    SW
 6  13.7  21.2   1:35p   6.8   4:55a   5.0   0.4   0.2   4.2  32.2   1:40p    NW
 7  15.8  19.6   1:15p  12.2  12:05a   2.6   0.1   0.0   5.3  24.1  10:50a     N
 8  14.2  17.9  11:55a   9.6  11:35p   4.2   0.0  26.8   8.7  43.5  10:35p     N
 9   9.8  14.0   1:30p   6.8  12:00m   8.5   0.0  30.2   4.5  38.6   3:30p    SW
10  10.6  17.6   3:35p   6.1   7:30a   7.7   0.0   2.6   1.0  20.9   1:00p    SW
11  14.4  18.7  12:30p   9.7   1:10a   3.9   0.0   1.0  10.6  41.8   3:05p     N
12  16.2  19.7   4:15p  13.8   3:35a   2.3   0.1  27.0  10.6  40.2   4:20p    NW
13  16.4  20.9   2:15p  13.8   7:35a   2.2   0.3  15.2   9.2  43.5   3:20p   NNW
14  15.5  18.9   2:05p  11.6  11:05p   2.8   0.0   8.0  11.6  48.3   1:00p   WNW
15  13.5  17.5   1:50p  10.6   5:10a   4.8   0.0   6.0   6.3  41.8   9:15a    SW
16  12.2  17.2   1:25p   6.4  12:00m   6.1   0.0   3.8   5.8  43.5   3:45p    SW
17  11.7  18.7   2:20p   4.4   3:15a   6.6   0.0   0.8   4.2  29.0   2:05p    NW
18  15.2  22.4   2:05p   9.6   7:30a   3.9   0.8   0.2   3.4  25.7  12:10p   NNE
19  13.3  19.5  12:35p  10.6   7:30a   5.0   0.0  10.4   3.1  29.0   5:25p    SW
20  12.2  17.8  12:45p   7.0  11:45p   6.1   0.0   0.0   1.9  25.7  11:50a   SSW
21  12.6  17.9  12:45p   7.0  12:05a   5.7   0.0   0.4   0.6  20.9  11:40a    SW
22  14.8  21.2  12:40p  10.5   4:35a   3.8   0.3   0.0   1.4  22.5   2:00p   SSW
23  14.7  20.6  12:45p  10.6  12:00m   4.0   0.3   0.0   2.6  29.0  10:20a   ESE
24  15.9  22.9   2:15p  10.4  12:25a   3.4   1.0   0.0  10.8  51.5   8:05a     E
25  16.6  23.4  12:50p  11.5  11:50p   2.9   1.2   0.0   2.9  41.8  12:15a    SW
26  16.5  21.0   2:40p  11.5  12:05a   2.3   0.5   0.0   5.8  35.4  10:40p     E
27  18.9  24.9   1:35p  14.6   6:20a   1.3   1.9   0.0  14.6  61.2   8:00a     E
28  18.7  26.2   2:25p  13.5   6:50a   1.7   2.0   0.0   4.8  49.9   2:00a     E
29  15.5  17.3  12:50p  12.4  12:00m   2.8   0.0   8.8   1.1  25.7   3:00a   ENE
30  15.8  21.2   1:05p  11.9   1:20a   2.9   0.4   0.2   1.9  25.7   1:50p     W
31  14.3  18.7   1:40p  10.7   2:20a   4.0   0.0  12.4   2.1  32.2   2:55p    SW
-------------------------------------------------------------------------------------
    13.9  26.2    28     2.0     1   145.4   9.6 161.0   4.8  61.2    27       N

Max >=  32.0:  0
Max <=   0.0:  0
Min <=   0.0:  0
Min <= -18.0:  0
Max Rain: 30.20 ON 09/08/17
Days of Rain: 22 (> .2 mm) 12 (> 2 mm) 3 (> 20 mm)
Heat Base:  18.3  Cool Base:  18.3  Method: Integration
Gardiner Family