Gardiner Family

Gardiner Family

Gardiner Family
NOAA style reports

NOAA-style Climate Reports

Select a Year or Month report

Notice: Undefined index: NOAA2017.TXT in E:\xampp\htdocs\gardiner\davis\noaa.php on line 289

Report for 2017 Jul
                   MONTHLY CLIMATOLOGICAL SUMMARY for JUL. 2017

NAME: Kairos   CITY: Maddington   STATE: Western Australia 
ELEV:    20 m  LAT:  32 06' 00" S  LONG: 116 00' 00" E

                   TEMPERATURE (C), RAIN  (mm), WIND SPEED (km/hr)

                                      HEAT  COOL        AVG
    MEAN                              DEG   DEG         WIND                 DOM
DAY TEMP  HIGH   TIME   LOW    TIME   DAYS  DAYS  RAIN  SPEED HIGH   TIME    DIR
------------------------------------------------------------------------------------
 1  10.0  14.2   9:35a   4.9  12:00m   8.3   0.0  30.6   1.6  38.6  11:40a    SW
 2   8.8  15.2   3:00p   3.7   4:50a   9.4   0.0   0.4   1.3  27.4  12:25p   SSW
 3  10.5  16.8  12:50p   6.6   2:25a   7.8   0.0   5.0   2.3  22.5   3:20p   NNW
 4  10.7  15.9  12:20p   6.6   3:10a   7.6   0.0   0.6   0.8  14.5   1:25p   NNW
 5   9.8  12.2   9:10a   5.8  11:00p   8.5   0.0  22.8   4.7  46.7   2:05p   SSW
 6  10.3  17.8   1:35p   4.1   7:45a   8.0   0.0   1.2   1.9  20.9  10:40p   NNW
 7  12.6  17.5   1:35p   7.0  12:00m   5.7   0.0  17.8   2.9  25.7   2:50p     N
 8  11.4  18.6  12:35p   4.4   4:50a   6.9   0.0   0.4   0.6  17.7   2:50p   SSW
 9  13.2  19.6   3:05p   8.7   7:35a   5.2   0.1   0.0   0.6  16.1  10:00a    NW
10  13.7  18.5   2:05p   9.1  12:05a   4.6   0.0   0.0   5.1  29.0   3:35p   NNE
11  16.0  19.7  11:15a  13.7   7:45a   2.3   0.0   4.6   8.2  41.8  12:05p   NNE
12  17.3  21.3   1:05p  13.6  11:45p   1.6   0.6   5.4   9.5  45.1   1:40p   WNW
13  15.3  19.0   3:30p  13.3   6:20a   3.1   0.0   1.8   0.6  20.9   1:55p    SW
14  15.1  20.7  12:45p  11.0  11:55p   3.5   0.3   0.0   2.1  17.7   1:35p   NNW
15  15.3  19.4  11:50a  10.9  12:05a   3.1   0.1  10.0   5.1  41.8   2:40p     N
16  14.1  19.8   1:10p   9.4  12:00m   4.2   0.1   0.2   1.4  25.7  12:50p    SW
17  13.9  20.8   2:35p   8.7   1:00a   4.6   0.3   0.0   3.7  29.0  11:10a   ENE
18  17.8  24.9   3:30p  12.0   5:05a   2.4   1.9   3.6  12.1  38.6   2:15a   ENE
19  14.6  19.9   1:35p  12.3   9:55p   3.7   0.0  21.4   6.4  37.0   2:00p     N
20  14.6  19.3   1:20p  12.3  12:20a   3.7   0.0  12.6   5.1  41.8  12:45p   WNW
21  15.3  20.4   2:15p  11.1   3:45a   3.3   0.3   6.0   6.3  43.5  12:40p   WNW
22  14.1  20.0   2:05p   9.7   5:40a   4.4   0.2   2.8   1.4  24.1   4:40p     W
23  13.9  17.6   3:10p  11.2  12:55a   4.4   0.0  18.8   3.4  37.0  10:45a     N
24  13.7  19.5   2:15p  10.8   7:45a   4.6   0.0   4.4   1.3  27.4   2:55p     W
25  14.8  20.7   3:20p  10.6  12:50a   3.7   0.2   0.6   5.6  33.8   2:55p     N
26  14.8  20.2   2:25p  10.7  10:55p   3.6   0.1   5.4   5.6  32.2   1:45a     N
27  16.4  22.2   1:10p  10.8  12:05a   2.5   0.6   2.8  10.0  46.7   2:30p     N
28  14.8  18.1   2:00a  10.1  11:05p   3.5   0.0  27.0   9.5  51.5   8:25p     W
29  12.0  16.2   2:05p   9.1   6:35a   6.3   0.0  12.0   3.9  46.7   1:05a    SW
30  12.5  20.2   3:10p   5.8   7:50a   5.9   0.1   1.4   0.8  17.7  11:05p   WSW
31  11.6  15.4  11:10a   7.5  10:55p   6.7   0.0  26.0   8.5  46.7   3:45p     N
-------------------------------------------------------------------------------------
    13.5  24.9    18     3.7     2   153.5   4.9 245.7   4.3  51.5    28       N

Max >=  32.0:  0
Max <=   0.0:  0
Min <=   0.0:  0
Min <= -18.0:  0
Max Rain: 30.61 ON 01/07/17
Days of Rain: 27 (> .2 mm) 19 (> 2 mm) 5 (> 20 mm)
Heat Base:  18.3  Cool Base:  18.3  Method: Integration
Gardiner Family