Gardiner Family

Gardiner Family

Gardiner Family
NOAA style reports

NOAA-style Climate Reports


Report for 2017 Jun
                   MONTHLY CLIMATOLOGICAL SUMMARY for JUN. 2017

NAME: Kairos   CITY: Maddington   STATE: Western Australia 
ELEV:    20 m  LAT:  32 06' 00" S  LONG: 116 00' 00" E

                   TEMPERATURE (C), RAIN  (mm), WIND SPEED (km/hr)

                                      HEAT  COOL        AVG
    MEAN                              DEG   DEG         WIND                 DOM
DAY TEMP  HIGH   TIME   LOW    TIME   DAYS  DAYS  RAIN  SPEED HIGH   TIME    DIR
------------------------------------------------------------------------------------
 1  14.8  24.8   2:35p   7.9   7:00a   4.9   1.4   0.2   0.3  16.1   1:35p    SW
 2  15.6  25.2   2:35p   7.9   7:30a   4.4   1.6   0.2   1.4  20.9   2:15p   WNW
 3  15.8  24.4   2:45p   9.3   7:30a   3.6   1.0   0.2   1.1  29.0  11:25p    SW
 4  17.5  23.4   3:00p  11.8  11:55p   2.1   1.3   0.0   3.7  38.6   2:10a     E
 5  18.4  26.9   3:10p  11.8  12:05a   2.0   2.1   0.2   3.7  27.4   4:40a     E
 6  18.5  26.1   2:40p   8.6  12:00m   1.8   2.0   0.0   6.1  33.8  11:45a   NNE
 7  14.6  24.4   2:20p   6.6   7:25a   5.1   1.4   0.0   1.1  24.1  10:10a   ESE
 8  16.7  23.1   3:40p  12.4   7:35a   2.5   0.9   0.0  13.0  51.5   7:15a     E
 9  17.7  25.2   4:10p  12.1   7:45a   2.2   1.7   0.0   7.9  33.8   1:05a   ENE
10  17.6  22.4  11:50a  15.0  10:35p   1.5   0.7   0.0   5.3  27.4   2:10a    NE
11  17.8  23.8  12:40p  14.3   7:35a   1.6   1.1   0.0   6.3  33.8   1:30a   ENE
12  18.1  24.8   1:05p  13.1   1:25a   1.8   1.6   0.0   6.6  33.8   8:15a   ENE
13  18.0  24.5   1:45p   9.2   7:50a   1.9   1.6   1.4   2.6  30.6   2:05a   NNE
14  16.8  21.6   1:50p  13.1   7:40a   2.2   0.6  13.6   1.6  25.7  10:35a     E
15  15.4  21.1  12:05p   9.3  12:00m   3.2   0.3   0.2   0.3  16.1  10:50a   ESE
16  13.4  23.3   1:30p   6.4   7:35a   5.7   0.8   0.2   0.3  16.1   2:10p   ESE
17  14.6  22.8   3:15p   6.6   6:55a   4.6   0.9   0.2   2.6  33.8  11:50p     E
18  17.0  25.2   3:15p   9.6  12:00m   2.9   1.6   0.0   4.5  35.4   1:25a    NE
19  14.7  25.4   1:55p   5.7   7:25a   5.0   1.4   0.2   0.5  14.5   2:00p   NNW
20  17.2  24.8   2:00p  11.1   2:25a   2.5   1.4   0.0   4.0  37.0   9:35a   ENE
21  15.6  21.0   2:00p  12.6   3:35a   3.1   0.3   8.8   8.9  40.2   3:15p     N
22  14.4  16.2   8:40a  13.1  12:10a   3.9   0.0  21.0  12.2  45.1   5:10a    SW
23  15.5  18.9  12:50p  13.1  12:00m   2.8   0.0   0.6   5.6  41.8  11:55a   ESE
24  13.7  19.3   1:45p   7.0  12:00m   4.7   0.1   0.2   5.1  51.5   1:15a   ESE
25  10.8  17.6   2:45p   5.4   3:50a   7.5   0.0   0.2   2.6  33.8  10:35a   ESE
26  11.2  19.7  12:35p   4.3   2:20a   7.2   0.1   0.0   1.3  25.7   1:55p   SSW
27  12.3  20.3  12:45p   4.7   5:05a   6.2   0.2   0.2   1.4  22.5   7:35p     E
28  13.1  19.3   3:20p   8.1   5:05a   5.3   0.1   0.0   3.4  29.0  11:55p     E
29  13.9  19.8   2:50p   9.3   7:00a   4.5   0.2   0.0   7.7  33.8  11:50a   NNE
30  13.8  19.9   2:15p   9.8   2:35a   4.6   0.1   6.0   6.9  41.8  12:45p     N
-------------------------------------------------------------------------------------
    15.5  26.9     5     4.3    26   111.3  26.6  53.6   4.3  51.5     8       E

Max >=  32.0:  0
Max <=   0.0:  0
Min <=   0.0:  0
Min <= -18.0:  0
Max Rain: 21.01 ON 22/06/17
Days of Rain: 17 (> .2 mm) 4 (> 2 mm) 1 (> 20 mm)
Heat Base:  18.3  Cool Base:  18.3  Method: Integration
Gardiner Family