Gardiner Family

Gardiner Family

Gardiner Family
NOAA style reports

NOAA-style Climate Reports

Select a Year or Month report

Notice: Undefined index: NOAA2017.TXT in E:\xampp\htdocs\gardiner\davis\noaa.php on line 289

Report for 2017 May
                   MONTHLY CLIMATOLOGICAL SUMMARY for MAY. 2017

NAME: Kairos   CITY: Maddington   STATE: Western Australia 
ELEV:    20 m  LAT:  32 06' 00" S  LONG: 116 00' 00" E

                   TEMPERATURE (C), RAIN  (mm), WIND SPEED (km/hr)

                                      HEAT  COOL        AVG
    MEAN                              DEG   DEG         WIND                 DOM
DAY TEMP  HIGH   TIME   LOW    TIME   DAYS  DAYS  RAIN  SPEED HIGH   TIME    DIR
------------------------------------------------------------------------------------
 1  18.8  25.8   2:00p  14.4   4:35a   1.3   1.8   0.0   7.1  53.1   7:00a     E
 2  19.8  28.1   3:25p  13.4   7:05a   1.4   2.9   0.0  10.5  53.1   5:10a     E
 3  22.4  30.8   2:35p  17.2  12:00m   0.1   4.1   0.0   5.6  32.2  12:20a    NE
 4  19.9  26.0   1:55p  15.5   5:45a   0.6   2.2   0.0   2.4  27.4   1:15p   WNW
 5  19.8  26.7   2:45p  14.9  11:25p   0.6   2.0  12.0   0.6  27.4   4:50a    SW
 6  19.8  27.7   3:35p  14.6   1:30a   1.2   2.7   0.2   1.9  27.4   8:25a     E
 7  22.5  32.3   2:25p  13.7  12:00m   0.4   4.6   0.0   5.8  37.0   4:25a     E
 8  19.3  28.3   2:05p  12.9   1:50a   1.8   2.9   0.0   1.9  20.9  11:45a     N
 9  18.1  21.7   3:25p  13.6  12:00m   0.8   0.6   1.2   2.4  24.1   1:40p   SSW
10  15.3  23.1   1:55p   8.8   4:40a   3.9   0.9   0.0   1.8  27.4   9:50a   ESE
11  17.0  23.8   2:40p  11.2  10:45p   2.5   1.2   0.0   5.3  38.6   1:05a     E
12  16.4  24.3   3:05p  11.5   7:25a   2.9   1.0   0.0   3.9  30.6   1:55a     E
13  16.8  25.3   1:40p   9.9   5:15a   3.0   1.5   0.0   1.0  20.9   8:45a   ENE
14  19.6  26.3  12:40p  15.2  12:05a   0.7   2.0   0.6   9.2  40.2   3:25p    NW
15  17.0  20.4   3:10p  14.2  10:10p   1.5   0.2  11.2   6.0  43.5   8:55a    SW
16  16.8  22.3   1:00p  11.6  11:50p   2.4   0.9   1.2   0.6  25.7   1:05a   SSW
17  16.0  21.3   1:15p  11.0   1:15a   2.7   0.4   0.2   7.1  37.0  11:20a   ENE
18  19.2  26.7   2:30p  14.4   3:20a   1.3   2.2   0.0   6.0  32.2  10:25a    NE
19  18.7  24.7   2:05p  14.7  11:45p   0.8   1.2   6.4   4.7  32.2   1:45p     N
20  13.8  16.7   3:45p  10.9   6:10a   4.5   0.0   1.2   3.1  25.7  11:25p     N
21  13.2  16.2  12:10p   9.3  11:55p   5.1   0.0  27.8   4.3  30.6   3:30a    SW
22  13.8  20.3   1:05p   9.3  12:05a   4.7   0.2   4.0   0.8  17.7  12:30p    NW
23  15.8  19.9   2:05p  13.5   3:00a   2.6   0.1   1.8   1.8  17.7   2:15p     N
24  16.7  23.7   2:40p  10.7  12:00m   2.6   1.0   0.2   1.3  22.5  12:10p    NW
25  15.7  24.1   3:05p   7.5   6:10a   3.9   1.3   0.2   2.3  20.9   7:10a   WNW
26  14.4  19.9  11:45a   9.6  12:00m   4.1   0.2   1.6   1.1  22.5   1:00p   SSW
27  13.4  19.6   3:15p   8.4   7:40a   5.1   0.1   0.2   1.1  20.9   1:55a   ESE
28  13.8  21.3   2:20p   8.7  12:05a   4.9   0.4   0.0   2.6  35.4  10:10a     E
29  15.6  22.2   2:05p  10.3   7:10a   3.5   0.7   0.0   4.7  40.2  11:55p     E
30  17.6  26.3   2:25p  10.2  12:00m   2.6   1.9   0.0   6.3  41.8   1:25a   ENE
31  15.7  28.1   2:20p   8.0   6:40a   4.9   2.3   0.2   0.8  22.5  11:15a   NNW
-------------------------------------------------------------------------------------
    17.2  32.3     7     7.5    25    78.2  43.6  70.2   3.7  53.1     1       E

Max >=  32.0:  1
Max <=   0.0:  0
Min <=   0.0:  0
Min <= -18.0:  0
Max Rain: 27.79 ON 21/05/17
Days of Rain: 17 (> .2 mm) 5 (> 2 mm) 1 (> 20 mm)
Heat Base:  18.3  Cool Base:  18.3  Method: Integration
Gardiner Family