Gardiner Family

Gardiner Family

Gardiner Family
NOAA style reports

NOAA-style Climate Reports


Report for 2017 Apr
                   MONTHLY CLIMATOLOGICAL SUMMARY for APR. 2017

NAME: Kairos   CITY: Maddington   STATE: Western Australia 
ELEV:    20 m  LAT:  32 06' 00" S  LONG: 116 00' 00" E

                   TEMPERATURE (C), RAIN  (mm), WIND SPEED (km/hr)

                                      HEAT  COOL        AVG
    MEAN                              DEG   DEG         WIND                 DOM
DAY TEMP  HIGH   TIME   LOW    TIME   DAYS  DAYS  RAIN  SPEED HIGH   TIME    DIR
------------------------------------------------------------------------------------
 1  23.2  30.9   1:55p  15.8   6:30a   0.4   5.3   0.0  10.9  51.5   2:50a     E
 2  24.7  33.9   2:20p  18.3  12:00m   0.0   6.4   0.0   6.6  45.1   1:40a   ENE
 3  23.1  33.5   2:40p  12.8   6:55a   1.0   5.8   0.0   3.2  48.3  11:35p    SW
 4  22.6  32.9   2:50p  15.8  12:00m   0.4   4.7   0.0   8.9  51.5   1:00a     E
 5  23.2  33.2   1:40p  15.1   1:30a   0.4   5.3   0.0   1.6  25.7   5:20a    SW
 6  18.3  26.6   1:35p  11.7   7:10a   1.9   2.0   0.2   4.2  33.8   4:40p    SW
 7  17.6  24.3   3:05p  11.2  12:00m   2.0   1.3   0.0   2.9  25.7   8:55a     S
 8  17.3  25.3   1:50p  11.1  12:10a   2.8   1.8   0.0   2.7  22.5   5:40p   SSW
 9  20.9  28.9   2:50p  14.3   7:00a   0.9   3.5   0.0   9.7  49.9   8:00a     E
10  22.3  31.5   3:55p  15.4  11:30p   0.6   4.6   0.0   4.5  35.4   3:55a     E
11  22.3  30.9   1:40p  13.9  12:00m   0.5   4.4   0.0   5.3  37.0   5:20a     E
12  17.8  26.2   2:15p  10.5   7:00a   2.6   2.1   0.2   2.1  29.0   4:45p    SW
13  20.2  29.1   2:45p  13.7   1:40a   1.3   3.2   0.0   2.3  29.0   9:25a     E
14  22.2  31.9   3:05p  14.4  12:05a   0.3   4.1   0.0   4.2  35.4   1:05a     E
15  21.4  30.2   1:20p  13.1   5:45a   1.4   4.5   0.0   4.0  53.1  11:05p   ESE
16  21.3  27.3   4:00p  17.2   7:05a   0.1   3.1   0.0   4.3  54.7   1:45a   ESE
17  17.9  21.5   4:35p  13.6  12:00m   1.4   0.9   0.0   2.4  19.3   4:20p   SSW
18  18.6  26.6  11:50a  12.8   6:45a   1.9   2.2   0.0   2.3  25.7   4:05p    SW
19  18.3  28.9   2:00p  10.4   7:00a   2.5   2.4   0.2   0.8  22.5   3:45p    SW
20  19.9  31.7   2:15p  11.3   3:55a   2.3   3.9   0.2   1.3  20.9   3:30p    SW
21  21.2  32.4   2:05p  13.5   4:30a   1.2   4.1   0.0   1.0  25.7   8:10a    SW
22  23.3  31.4   2:30p  17.2  12:05a   0.0   5.1   0.0   5.6  48.3  10:15p     E
23  22.2  28.9   2:05p  17.6   7:00a   0.0   3.9   0.0  11.9  51.5  12:05a     E
24  20.4  27.7   3:30p  15.4   6:55a   0.8   2.9   0.0   2.9  29.0  12:35a    SW
25  18.4  26.2   2:35p  11.9  11:55p   1.9   2.0   0.0   1.8  24.1   5:55a     S
26  18.5  28.7   1:40p  10.6   2:25a   2.6   2.8   0.0   1.4  22.5   3:15p   SSW
27  20.7  29.4   1:55p  13.3  12:00m   0.8   3.3   0.0   3.5  27.4   2:20a     E
28  18.6  28.6   3:20p  11.3   3:45a   2.8   3.0   0.0   0.8  24.1   1:15p    SW
29  18.8  29.5   2:40p  10.6   2:45a   2.7   3.2   0.0   1.1  33.8   8:05a    SW
30  16.6  25.2   1:25p   8.1   7:00a   3.7   1.9   0.0   2.1  22.5  11:25a    SW
-------------------------------------------------------------------------------------
    20.4  33.9     2     8.1    30    41.0 103.6   0.8   3.9  54.7    16       E

Max >=  32.0:  5
Max <=   0.0:  0
Min <=   0.0:  0
Min <= -18.0:  0
Max Rain: 0.20 ON 06/04/17
Days of Rain: 4 (> .2 mm) 0 (> 2 mm) 0 (> 20 mm)
Heat Base:  18.3  Cool Base:  18.3  Method: Integration
Gardiner Family