Gardiner Family

Gardiner Family

Gardiner Family
NOAA style reports

NOAA-style Climate Reports

Select a Year or Month report

Notice: Undefined index: NOAA2017.TXT in E:\xampp\htdocs\gardiner\davis\noaa.php on line 289

Report for 2017 Mar
                   MONTHLY CLIMATOLOGICAL SUMMARY for MAR. 2017

NAME: Kairos   CITY: Maddington   STATE: Western Australia 
ELEV:    20 m  LAT:  32 06' 00" S  LONG: 116 00' 00" E

                   TEMPERATURE (C), RAIN  (mm), WIND SPEED (km/hr)

                                      HEAT  COOL        AVG
    MEAN                              DEG   DEG         WIND                 DOM
DAY TEMP  HIGH   TIME   LOW    TIME   DAYS  DAYS  RAIN  SPEED HIGH   TIME    DIR
------------------------------------------------------------------------------------
 1  30.6  41.6   2:35p  21.6  12:20a   0.0  12.3   4.6   5.8  43.5   3:05a     E
 2  25.6  31.3  12:50p  22.8   5:45a   0.0   7.3  12.8   2.4  40.2   1:45a    SW
 3  28.1  38.9   1:50p  20.0   6:30a   0.0   9.8   0.2   1.9  24.1   2:40p    SW
 4  30.2  37.8   3:05p  23.9   6:40a   0.0  11.9   0.0   4.2  54.7  11:55p     E
 5  28.6  38.7   2:55p  21.7   6:35a   0.0  10.3   0.0   7.4  51.5  12:15a     E
 6  27.8  37.8  12:45p  20.7  12:00m   0.0   9.5   0.0   2.1  24.1   1:20a    SW
 7  26.4  38.1   2:45p  16.8   6:30a   0.1   8.3   0.2   1.9  35.4  11:50p   SSW
 8  28.7  36.7   3:25p  21.9   6:40a   0.0  10.4   0.0   6.8  43.5  11:15p     E
 9  25.3  33.6   3:50p  18.6   6:05a   0.0   7.0   0.0   4.7  38.6   1:05a   ESE
10  24.2  30.7   2:55p  19.3  12:00m   0.0   5.9   0.0   6.9  43.5   7:10a   ESE
11  23.2  31.7   3:30p  15.7   5:40a   0.5   5.4   0.0  10.8  57.9   8:15a     E
12  21.6  25.1  12:45p  17.9   6:45a   0.0   3.3   4.2   9.5  64.4  12:45a     E
13  21.9  24.6   1:50p  19.2  11:50p   0.0   3.6   0.6   8.4  37.0  11:50a   WNW
14  20.0  25.3  11:50a  16.9   8:05p   0.2   1.9   6.4   8.4  49.9   2:50p   WNW
15  19.4  26.2   3:40p  13.7  12:00m   1.0   2.1   0.2   3.7  29.0   5:10p    SW
16  20.7  31.7   3:35p  12.9   1:05a   1.2   3.6   0.0   9.8  46.7   5:50a     E
17  19.0  28.1  12:35p  10.7   6:35a   2.1   2.8   0.0   2.3  27.4   2:40p    SW
18  18.2  20.3   1:30a  13.9  12:00m   0.5   0.4   1.0   3.2  29.0   1:25p   SSW
19  17.8  25.4   2:50p  10.7   3:55a   2.6   2.1   0.0   2.6  29.0   9:30a   ESE
20  20.0  27.4   4:15p  13.5   6:35a   1.2   2.9   0.0  10.1  46.7   9:00a     E
21  18.9  20.8  12:05a  16.1   1:45p   0.3   0.8   7.2  22.4  66.0   7:20p     E
22  20.7  25.0   1:30p  17.6   6:15a   0.0   2.4   0.8  10.9  46.7   4:30a    NW
23  19.8  25.1   3:00p  16.4   6:50a   0.2   1.8   0.2   3.1  29.0   2:15p    SW
24  21.3  30.0   2:50p  14.2   6:55a   0.9   3.9   0.0   0.8  22.5   2:05p   ESE
25  22.1  30.9  12:50p  17.1   6:40a   0.2   4.0   0.0   5.3  40.2   3:40a     E
26  18.4  22.9   1:00p  12.4  11:55p   0.9   1.0   1.6   7.6  40.2  10:45a    SW
27  16.7  25.8   1:00p   8.2   6:55a   3.4   1.8   0.0   1.9  25.7   4:10p   SSW
28  16.2  23.7   3:20p   8.4   6:30a   3.4   1.3   0.2   2.6  25.7   5:20p    SW
29  18.6  25.6   3:05p  12.6   6:45a   1.7   2.0   0.0   5.3  41.8   1:45p   SSW
30  20.7  30.1   3:00p  13.9   6:45a   1.4   3.8   0.0   9.7  56.3   2:00a     E
31  22.9  31.2   3:20p  13.9  12:40a   0.8   5.4   0.0   6.1  43.5  10:35p     E
-------------------------------------------------------------------------------------
    22.4  41.6     1     8.2    27    22.8 149.2  40.2   6.1  66.0    21       E

Max >=  32.0:  8
Max <=   0.0:  0
Min <=   0.0:  0
Min <= -18.0:  0
Max Rain: 12.80 ON 02/03/17
Days of Rain: 14 (> .2 mm) 5 (> 2 mm) 0 (> 20 mm)
Heat Base:  18.3  Cool Base:  18.3  Method: Integration
Gardiner Family