Gardiner Family

Gardiner Family

Gardiner Family
NOAA style reports

NOAA-style Climate Reports

Select a Year or Month report

Notice: Undefined index: NOAA2017.TXT in E:\xampp\htdocs\gardiner\davis\noaa.php on line 289

Report for 2017 Jan
                   MONTHLY CLIMATOLOGICAL SUMMARY for JAN. 2017

NAME: Kairos   CITY: Maddington   STATE: Western Australia 
ELEV:    20 m  LAT:  32 06' 00" S  LONG: 116 00' 00" E

                   TEMPERATURE (C), RAIN  (mm), WIND SPEED (km/hr)

                                      HEAT  COOL        AVG
    MEAN                              DEG   DEG         WIND                 DOM
DAY TEMP  HIGH   TIME   LOW    TIME   DAYS  DAYS  RAIN  SPEED HIGH   TIME    DIR
------------------------------------------------------------------------------------
 1  24.2  34.5   3:55p  16.2   5:45a   0.2   6.1   0.0  11.1  51.5   4:45a     E
 2  28.2  39.5   2:55p  19.6   5:45a   0.0   9.9   0.0  12.1  53.1   3:50a     E
 3  31.4  42.8   2:55p  20.9  12:15a   0.0  13.1   0.0   8.2  45.1   4:05a     E
 4  32.5  45.4   1:15p  22.1  12:00m   0.0  14.2   0.0   5.0  35.4   4:10a    SW
 5  22.6  28.6  12:55p  17.7  12:00m   0.0   4.3   0.0   5.6  43.5   7:30p    SW
 6  19.4  24.4   2:00p  15.6   5:55a   0.7   1.8   0.0   7.7  38.6   2:30p    SW
 7  19.9  28.7   1:00p  11.1   6:00a   1.7   3.3   0.0   4.3  35.4   3:55p    SW
 8  24.3  34.2   1:15p  15.1   2:15a   0.4   6.4   0.0   4.0  33.8   1:35p    SW
 9  26.9  39.4   3:40p  18.2   6:00a   0.0   8.6   0.0   7.2  48.3   5:30a     E
10  30.1  40.4   1:40p  19.7   1:05a   0.0  11.8   0.0   5.3  46.7   2:35a    SW
11  28.6  39.7  11:30a  19.7  11:45p   0.0  10.3   0.0   6.0  32.2  10:10p    SW
12  20.3  24.8  12:50p  14.2  12:00m   0.4   2.3   0.8  10.6  41.8   6:05a    SW
13  20.2  30.4   2:00p  10.4   5:40a   2.0   3.9   0.0   3.4  32.2   4:10p    SW
14  27.2  40.6   3:00p  14.2   1:35a   0.3   9.2   0.0   5.6  54.7   5:20a    SW
15  26.5  39.8   1:30p  16.5   5:45a   0.2   8.4   0.0   3.4  30.6   5:20p    SW
16  22.1  29.3  12:50p  15.6   5:45a   0.4   4.2   0.0   6.3  38.6   2:45p    SW
17  24.1  32.6   3:25p  15.9   5:40a   0.3   6.1   0.0   5.5  45.1  11:45p     E
18  24.5  36.6   2:20p  16.9   5:55a   0.1   6.3   0.0  14.2  56.3   2:10a     E
19  20.8  27.6   1:55p  16.3   6:15a   0.3   2.8   0.0   7.7  37.0   3:25p    SW
20  22.0  30.1  12:30p  14.7   2:55a   0.7   4.4   0.0   3.5  33.8   1:15p    SW
21  24.5  37.4   1:10p  14.3   3:35a   0.6   6.8   0.0   3.5  37.0   3:10p    SW
22  20.6  26.7   3:00p  15.4   6:00a   0.6   2.9   0.0   8.2  35.4  12:50p    SW
23  19.4  27.2   2:40p  11.4   6:05a   1.7   2.8   0.0   4.7  35.4   6:10p    SW
24  24.1  36.7   3:45p  14.0   1:35a   0.6   6.5   0.0  10.0  53.1   7:10a     E
25  30.8  42.3   2:50p  18.0   1:00a   0.0  12.5   0.0   7.6  43.5   2:55a     E
26  33.5  45.1   2:45p  24.8  11:25p   0.0  15.2   0.0   8.0  41.8   3:00a     E
27  29.4  40.1   2:00p  19.8   6:10a   0.0  11.1   0.0   3.9  45.1  11:30p    SW
28  30.3  42.4   2:05p  20.2   5:40a   0.0  12.0   0.0   6.1  49.9  12:30a    SW
29  25.2  27.4   7:10p  22.7  12:00m   0.0   6.9   5.2   1.3  38.6  11:20p    SW
30  19.0  22.7  12:05a  17.3  10:05a   0.1   0.8  20.2   7.7  45.1   1:40a     E
31  19.1  21.7   5:45p  16.2   6:05a   0.4   1.2   8.4   3.4  38.6  10:15a     E
-------------------------------------------------------------------------------------
    24.9  45.4     4    10.4    13    11.6 216.3  34.6   6.5  56.3    18      SW

Max >=  32.0: 18
Max <=   0.0:  0
Min <=   0.0:  0
Min <= -18.0:  0
Max Rain: 20.19 ON 30/01/17
Days of Rain: 4 (> .2 mm) 3 (> 2 mm) 1 (> 20 mm)
Heat Base:  18.3  Cool Base:  18.3  Method: Integration
Gardiner Family