Gardiner Family

Gardiner Family

Gardiner Family
NOAA style reports

NOAA-style Climate Reports

Select a Year or Month report

Notice: Undefined index: NOAA2017.TXT in E:\xampp\htdocs\gardiner\davis\noaa.php on line 289

Report for 2016 Dec
                   MONTHLY CLIMATOLOGICAL SUMMARY for DEC. 2016

NAME: Kairos   CITY: Maddington   STATE: Western Australia 
ELEV:    20 m  LAT:  32 06' 00" S  LONG: 116 00' 00" E

                   TEMPERATURE (C), RAIN  (mm), WIND SPEED (km/hr)

                                      HEAT  COOL        AVG
    MEAN                              DEG   DEG         WIND                 DOM
DAY TEMP  HIGH   TIME   LOW    TIME   DAYS  DAYS  RAIN  SPEED HIGH   TIME    DIR
------------------------------------------------------------------------------------
 1  19.3  27.8   1:10p  12.5   5:35a   1.5   2.5   0.0   2.9  30.6   3:40p    SW
 2  21.2  32.7   1:20p  13.2   1:30a   1.3   4.2   0.0   6.0  49.9   4:25a    SW
 3  19.0  26.4   1:00p  12.4   5:20a   1.5   2.2   0.2   3.9  33.8  11:50a    SW
 4  18.7  27.2   1:25p  12.7   5:35a   1.6   2.0   0.0   4.5  38.6   2:35p    SW
 5  18.4  26.5  12:40p  11.1   4:40a   2.1   2.2   0.0   5.8  38.6   1:20p    SW
 6  19.9  28.7  11:50a  12.7   4:30a   1.5   3.2   0.0   3.5  32.2   1:45p    SW
 7  20.8  27.6   2:55p  15.1  12:35a   0.5   3.0   0.4   6.4  38.6  11:50p    SW
 8  22.0  32.8   3:35p  13.4   5:15a   1.1   4.8   0.0   8.7  48.3   2:25a     E
 9  27.1  39.9   2:05p  15.3  12:10a   0.1   8.9   0.0   7.4  46.7   3:55a     E
10  28.6  40.4  12:00p  19.4  12:00m   0.0  10.3   0.0   5.6  43.5   7:10a    SW
11  23.3  32.3   1:00p  18.1   1:20a   0.0   5.0   0.4   3.2  32.2   4:40p    SW
12  20.3  27.2   1:00p  16.3  12:00m   0.1   2.1  12.6   3.2  33.8   2:55p     S
13  21.1  29.6   4:05p  14.3   5:15a   0.9   3.7   0.0   3.5  29.0   5:25p     S
14  24.2  33.1   3:55p  15.7   5:35a   0.3   6.1   0.0   5.1  29.0   2:55a     E
15  26.3  35.5  12:35p  18.6  12:10a   0.0   8.0   0.0   6.1  38.6   3:30a     E
16  24.2  32.1   4:10p  17.1   5:45a   0.1   6.0   0.0   6.4  53.1  11:15p   ESE
17  22.0  33.5   1:50p  14.3   4:50a   0.9   4.6   0.0  12.6  59.5  12:55a     E
18  20.6  27.6   1:15p  14.1   5:45a   0.9   3.1   0.0   6.4  37.0   5:55p    SW
19  21.8  31.4   2:15p  13.7   4:00a   1.0   4.5   0.0   4.7  43.5  12:00m   SSW
20  26.3  34.8   3:20p  15.8   5:40a   0.2   8.2   0.0  10.0  53.1   3:15a     E
21  30.6  44.4   3:10p  20.1   5:05a   0.0  12.2   0.0  13.7  66.0   5:10a     E
22  23.7  30.2   2:05p  18.8  12:00m   0.0   5.3   0.0   5.5  30.6   9:20a    SW
23  26.0  36.9   1:30p  16.1   3:20a   0.2   7.9   0.0   6.3  48.3   5:35a    SW
24  24.7  34.2  12:30p  16.4   5:25a   0.2   6.7   0.0   4.8  33.8   1:30p    SW
25  25.3  34.6   3:15p  17.7   5:50a   0.0   7.0   0.0   4.8  51.5  12:00m     S
26  23.2  35.5  12:40p  16.3   5:35a   0.3   5.2   0.4  12.4  54.7   5:10a    SW
27  19.1  23.3   3:00p  15.3  12:00m   0.6   1.4   0.6  11.6  46.7  12:40p    SW
28  17.9  25.1   2:00p  10.0   5:55a   2.1   1.8   0.0   6.0  35.4   3:10p    SW
29  19.2  28.6   1:00p  10.1   5:40a   2.1   2.9   0.0   3.1  27.4   2:35p    SW
30  19.7  27.1   1:50p  13.3   4:45a   1.4   2.7   0.0   6.1  40.2   3:50p    SW
31  21.2  30.8   4:25p  11.4   5:05a   1.5   4.4   0.0   4.0  40.2  11:35p   SSW
-------------------------------------------------------------------------------------
    22.4  44.4    21    10.0    28    24.1 152.3  14.6   6.3  66.0    21      SW

Max >=  32.0: 15
Max <=   0.0:  0
Min <=   0.0:  0
Min <= -18.0:  0
Max Rain: 12.60 ON 12/12/16
Days of Rain: 6 (> .2 mm) 1 (> 2 mm) 0 (> 20 mm)
Heat Base:  18.3  Cool Base:  18.3  Method: Integration
Gardiner Family