Gardiner Family

Gardiner Family

Gardiner Family
NOAA style reports

NOAA-style Climate Reports


Report for 2016 Nov
                   MONTHLY CLIMATOLOGICAL SUMMARY for NOV. 2016

NAME: Kairos   CITY: Maddington   STATE: Western Australia 
ELEV:    20 m  LAT:  32 06' 00" S  LONG: 116 00' 00" E

                   TEMPERATURE (C), RAIN  (mm), WIND SPEED (km/hr)

                                      HEAT  COOL        AVG
    MEAN                              DEG   DEG         WIND                 DOM
DAY TEMP  HIGH   TIME   LOW    TIME   DAYS  DAYS  RAIN  SPEED HIGH   TIME    DIR
------------------------------------------------------------------------------------
 1  19.2  30.1   2:25p  11.7   5:25a   2.3   3.2   0.0   5.3  41.8   3:40a   SSW
 2  22.4  35.4   2:05p  12.7  12:05a   1.1   5.3   0.0   7.9  48.3   3:15a     E
 3  18.3  26.4   1:30p  11.1   6:00a   2.0   2.0   0.0   6.1  32.2  10:40p    SW
 4  21.6  31.3   2:00p  15.6   5:45a   0.6   3.9   0.0   3.1  27.4   2:20p    SW
 5  27.3  41.0   3:10p  15.6   1:35a   0.2   9.2   0.0   3.2  37.0   4:30a     E
 6  20.4  27.1   1:10p  14.6  12:00m   0.6   2.8   0.0   6.1  40.2   3:00p    SW
 7  17.3  26.1   1:10p  11.3   6:00a   2.6   1.6   0.0   4.2  30.6   1:55p    SW
 8  18.4  28.7   1:35p  11.3   1:30a   2.3   2.4   0.0   5.1  40.2   2:35a    SW
 9  16.2  23.2   2:45p  10.4  12:00m   3.1   0.9   0.0   3.4  33.8  12:30p    SW
10  15.2  23.9  10:55a   7.1   5:45a   4.1   0.9   1.2   4.8  43.5   2:45p    SW
11  15.7  23.7   2:25p   9.0   5:15a   3.7   1.1   0.2   4.5  37.0   4:45p    SW
12  16.5  25.2   1:55p   7.2   5:25a   3.6   1.7   0.0   4.5  35.4   4:10p    SW
13  22.8  33.2   3:15p  11.9   1:50a   1.2   5.8   0.0   5.5  35.4   3:45a     E
14  29.7  39.2   2:25p  20.0   5:25a   0.0  11.4   0.0  14.5  57.9   7:30a     E
15  26.9  39.2  11:25a  18.7   6:00a   0.0   8.6   0.0   6.9  38.6  12:05a   WNW
16  18.7  22.2   9:10a  13.2  12:00m   0.8   1.2  30.4   6.1  35.4  12:35p    NW
17  16.6  26.0   2:05p   8.6   5:30a   3.2   1.5   0.0   3.1  30.6   2:40p    SW
18  21.3  33.7   2:10p  11.7   4:05a   1.7   4.7   0.0   3.4  29.0   4:10p    SW
19  20.1  30.3  11:50a  10.4   5:20a   2.0   3.8   0.0   4.3  30.6  12:55p    SW
20  18.5  25.1   2:20p  13.2  12:00m   1.5   1.7   0.0   6.3  35.4   1:50p    SW
21  17.0  26.0   1:25p   9.1   5:10a   3.0   1.7   0.0   3.7  32.2   2:30p    SW
22  21.3  32.9   2:45p  11.9   1:55a   1.3   4.3   0.0   9.7  53.1   5:20a     E
23  25.4  36.4   2:25p  15.2   1:20a   0.2   7.4   0.0  10.1  54.7  11:40p     E
24  26.8  37.2   2:30p  19.1   4:30a   0.0   8.5   0.0  13.2  59.5   1:05a     E
25  27.3  38.9   3:10p  17.1   5:35a   0.1   9.1   0.0  10.6  53.1   3:35a     E
26  30.6  42.7   2:00p  19.3  12:00m   0.0  12.3   0.0   8.0  46.7   5:20a     E
27  24.4  36.3   1:45p  14.7   5:35a   0.6   6.7   0.0   3.1  30.6   1:05p    SW
28  23.0  33.7   1:35p  15.3   3:35a   0.6   5.3   0.0   2.6  27.4   3:35p    SW
29  21.9  32.6   3:05p  13.0   5:45a   1.1   4.7   0.0   3.2  32.2   5:50p   SSW
30  21.2  29.7  12:05p  15.4   5:35a   0.6   3.5   0.0   7.4  40.2   2:05a    SW
-------------------------------------------------------------------------------------
    21.4  42.7    26     7.1    10    43.9 137.1  31.8   6.0  59.5    24      SW

Max >=  32.0: 14
Max <=   0.0:  0
Min <=   0.0:  0
Min <= -18.0:  0
Max Rain: 30.40 ON 16/11/16
Days of Rain: 3 (> .2 mm) 1 (> 2 mm) 1 (> 20 mm)
Heat Base:  18.3  Cool Base:  18.3  Method: Integration
Gardiner Family