Gardiner Family

Gardiner Family

Gardiner Family
NOAA style reports

NOAA-style Climate Reports

Select a Year or Month report

Notice: Undefined index: NOAA2017.TXT in E:\xampp\htdocs\gardiner\davis\noaa.php on line 289

Report for 2016 Aug
                   MONTHLY CLIMATOLOGICAL SUMMARY for AUG. 2016

NAME: Kairos   CITY: Maddington   STATE: Western Australia 
ELEV:    20 m  LAT:  32 06' 00" S  LONG: 116 00' 00" E

                   TEMPERATURE (C), RAIN  (mm), WIND SPEED (km/hr)

                                      HEAT  COOL        AVG
    MEAN                              DEG   DEG         WIND                 DOM
DAY TEMP  HIGH   TIME   LOW    TIME   DAYS  DAYS  RAIN  SPEED HIGH   TIME    DIR
------------------------------------------------------------------------------------
 1   9.4  18.6   2:25p   1.7   7:25a   8.9   0.0   0.2   1.6  24.1  10:00a   ENE
 2  11.5  19.2   2:50p   4.6   1:50a   6.9   0.0   0.0   4.0  32.2  10:45a    NE
 3  15.1  18.1   3:15p  11.6   5:15a   3.2   0.0   0.0   6.6  32.2  10:05a   NNE
 4  13.6  16.2   4:05p   9.3  12:00m   4.8   0.0   8.0   1.0  20.9  12:55p     E
 5  12.6  17.0   1:05p   7.7   6:40a   5.8   0.0   0.2   0.5  20.9   9:40a     E
 6  14.5  19.2  12:05p  10.6   3:45a   3.9   0.0   7.4   6.9  37.0   9:15p     N
 7  13.2  18.6  12:40p   9.0   6:40a   5.1   0.0  15.8   8.4  43.5   5:40a   WNW
 8  11.3  15.1  12:30p   8.6  10:25p   7.0   0.0  10.2   4.8  45.1  11:35a    SW
 9  11.0  17.8   3:25p   6.2   3:30a   7.3   0.0   4.8   1.8  33.8   3:50p    SW
10  13.1  20.1   3:05p   8.1   3:00a   5.3   0.1   0.4   2.3  22.5   2:25p   WNW
11  14.0  19.6   3:05p  10.0  12:00m   4.4   0.1   9.0   4.2  46.7   3:35p     N
12  11.4  19.9   2:05p   4.6   7:25a   7.1   0.2   0.2   0.5  14.5   1:00p     S
13  13.2  22.9   1:40p   5.9   2:20a   5.8   0.7   0.2   0.3  17.7  10:55a     S
14  13.7  24.8   2:25p   4.7   6:50a   6.0   1.3   0.2   1.0  17.7   1:05p    SW
15  13.7  19.3   3:40p   8.6  12:00m   4.7   0.1   5.0   3.2  40.2  11:45a   WNW
16  13.8  21.4   1:35p   5.8   4:35a   5.0   0.6   0.2   3.7  29.0   3:25p    NW
17  13.5  16.4   1:40a   9.3  11:55p   4.8   0.0  20.0   9.5  45.1   4:40p   NNE
18  10.2  15.5  11:40a   5.6   5:25a   8.1   0.0   0.6   2.1  32.2  11:50a    SW
19  12.3  17.6  12:15p   8.9  12:05a   6.0   0.0   1.8   1.8  22.5   1:00p    NW
20  12.9  18.9   2:55p   9.0   5:55a   5.4   0.0  10.2   1.9  25.7   2:10p    SW
21  11.7  19.7   3:00p   7.0   5:50a   6.6   0.1   7.2   2.9  40.2   3:55p   WNW
22   9.6  17.3   2:30p   3.6   6:55a   8.8   0.0   0.2   2.9  32.2   2:30p   SSW
23  10.4  18.7   1:40p   3.4   6:55a   7.9   0.0   0.2   1.6  33.8   2:20p   ESE
24  11.6  18.6   2:15p   6.1  11:00p   6.7   0.0   0.0   7.2  37.0   9:15a     E
25  13.9  20.2   2:10p   8.4   7:00a   4.6   0.2   0.0  13.7  45.1   9:15a     E
26  17.1  21.1   3:30p  12.7  11:00p   1.8   0.7  17.2  10.1  38.6   5:55p     N
27  12.8  16.1   1:35p  10.6  11:15p   5.5   0.0  27.6   7.4  43.5   2:30p    SW
28  12.4  15.6  12:05p   9.3   5:30a   5.9   0.0   0.2   5.5  43.5  10:25a   SSW
29  12.5  18.6   2:55p   6.2  12:00m   5.8   0.0   0.0   1.6  25.7   3:45p    SW
30  12.0  19.1  12:30p   3.4   5:20a   6.4   0.0   0.2   2.1  24.1   2:10p   WNW
31  13.6  18.1   2:55p   8.0  12:00m   4.8   0.0   4.8   4.0  35.4   2:20p    SW
-------------------------------------------------------------------------------------
    12.6  24.8    14     1.7     1   180.0   4.1 152.0   4.0  46.7    11      SW

Max >=  32.0:  0
Max <=   0.0:  0
Min <=   0.0:  0
Min <= -18.0:  0
Max Rain: 27.61 ON 27/08/16
Days of Rain: 26 (> .2 mm) 13 (> 2 mm) 1 (> 20 mm)
Heat Base:  18.3  Cool Base:  18.3  Method: Integration
Gardiner Family