Gardiner Family

Gardiner Family

Gardiner Family
NOAA style reports

NOAA-style Climate Reports

Select a Year or Month report

Notice: Undefined index: NOAA2017.TXT in E:\xampp\htdocs\gardiner\davis\noaa.php on line 289

Report for 2016 Jul
                   MONTHLY CLIMATOLOGICAL SUMMARY for JUL. 2016

NAME: Kairos   CITY: Maddington   STATE: Western Australia 
ELEV:    20 m  LAT:  32 06' 00" S  LONG: 116 00' 00" E

                   TEMPERATURE (C), RAIN  (mm), WIND SPEED (km/hr)

                                      HEAT  COOL        AVG
    MEAN                              DEG   DEG         WIND                 DOM
DAY TEMP  HIGH   TIME   LOW    TIME   DAYS  DAYS  RAIN  SPEED HIGH   TIME    DIR
------------------------------------------------------------------------------------
 1  11.6  21.4   2:00p   2.7   7:30a   7.2   0.4   0.2   1.1  20.9  11:15a     E
 2  15.7  24.6  12:55p   9.9  12:00m   3.7   1.1   0.0   1.9  27.4   6:45a     E
 3  10.9  17.4   3:25p   5.1   7:30a   7.4   0.0   0.6   3.1  38.6   9:00p   ESE
 4   9.8  15.7   3:10p   4.8   5:35a   8.5   0.0   0.0   4.5  37.0  11:25a     E
 5  12.6  18.0   2:40p   8.7  12:05a   5.7   0.0   0.0  11.4  41.8   9:50p     E
 6  13.4  19.2   1:40p   9.2   7:10a   4.9   0.0   0.0   8.9  43.5   7:40a     E
 7  13.4  15.8   2:35p  11.4   8:10a   4.8   0.0   5.4   6.6  25.7  11:40p     N
 8  13.4  17.1   2:25p   9.3  12:00m   4.9   0.0  25.8   3.4  38.6  11:10a    SW
 9   9.3  15.5  12:25p   6.7   8:15a   9.0   0.0  28.0   1.6  33.8  12:30p   SSW
10  11.7  17.7   1:25p   7.1  12:00m   6.6   0.0   7.4   1.9  25.7  11:45a    SW
11  10.6  17.3   2:40p   5.4   7:50a   7.7   0.0   0.4   1.8  27.4   1:05p   SSW
12   9.8  15.9   2:10p   4.1  12:00m   8.5   0.0   0.2   2.6  30.6  10:05a   ENE
13  10.1  17.6   1:40p   2.2   2:05a   8.3   0.0   0.0   4.5  29.0   9:40a    NE
14  14.3  18.9   2:25p   9.8   7:20a   4.0   0.0   0.0  13.2  54.7  10:25a     N
15  18.1  22.5   3:55p  15.2   5:25a   1.0   0.8   0.0   9.8  37.0   8:30a     N
16  17.4  20.7   3:15p  15.1  11:35a   1.1   0.2  25.0  10.8  43.5   9:50a     N
17  14.9  19.8   2:15p  11.3  12:00m   3.4   0.1  12.4   4.3  40.2   7:05p   WNW
18  11.8  18.6   2:00p   6.6   7:45a   6.4   0.0   1.8   1.1  20.9  11:25a     S
19  11.9  21.0   3:10p   4.5   7:30a   6.7   0.3   0.2   0.6  20.9   8:00a   ENE
20  12.4  20.1   2:05p   5.4   4:45a   6.1   0.2   3.4   4.8  27.4  11:05a     N
21  11.9  16.3   2:20p   8.6   8:10a   6.4   0.0  25.8   5.1  32.2   2:45p    SW
22  11.6  17.4  12:40p   7.3   9:00p   6.8   0.0   0.0   1.3  20.9   3:55p     S
23  11.1  17.6   1:30p   6.4  10:30p   7.2   0.0   0.2   2.3  35.4   1:50p   SSW
24   9.8  17.4  12:55p   1.8   7:35a   8.5   0.0   0.2   1.3  22.5   4:40p   SSW
25  12.4  19.1   1:25p   6.8  11:10p   5.9   0.0   0.0   1.4  22.5   4:50a   ESE
26  11.2  19.9   2:55p   3.8   7:10a   7.3   0.2   0.2   0.6  19.3  12:20p   SSW
27  12.9  20.3   2:10p   5.6   6:35a   5.6   0.2   0.2   1.6  19.3  11:05a   NNE
28  17.3  23.9   3:40p  10.9   8:10a   1.8   1.1   0.0   0.2  12.9  12:05a    SW
29  17.1  22.8   2:45p  11.1  12:45a   2.2   1.0   0.0   8.7  59.5   2:35p    NW
30  16.2  20.4  12:45p  12.2   7:30a   2.4   0.3   3.8   6.6  37.0   5:30p   WNW
31  12.4  15.6   1:00p   6.4  11:05p   5.9   0.0   6.2   7.9  49.9  12:50p    SW
-------------------------------------------------------------------------------------
    12.8  24.6     2     1.8    24   175.8   5.9 147.4   4.4  59.5    29       N

Max >=  32.0:  0
Max <=   0.0:  0
Min <=   0.0:  0
Min <= -18.0:  0
Max Rain: 27.99 ON 09/07/16
Days of Rain: 20 (> .2 mm) 10 (> 2 mm) 4 (> 20 mm)
Heat Base:  18.3  Cool Base:  18.3  Method: Integration
Gardiner Family