Gardiner Family

Gardiner Family

Gardiner Family
NOAA style reports

NOAA-style Climate Reports


Report for 2016 Jun
                   MONTHLY CLIMATOLOGICAL SUMMARY for JUN. 2016

NAME: Kairos   CITY: Maddington   STATE: Western Australia 
ELEV:    20 m  LAT:  32 06' 00" S  LONG: 116 00' 00" E

                   TEMPERATURE (C), RAIN  (mm), WIND SPEED (km/hr)

                                      HEAT  COOL        AVG
    MEAN                              DEG   DEG         WIND                 DOM
DAY TEMP  HIGH   TIME   LOW    TIME   DAYS  DAYS  RAIN  SPEED HIGH   TIME    DIR
------------------------------------------------------------------------------------
 1  15.2  22.3   3:15p   8.8   5:20a   4.0   0.9   0.0   5.5  37.0  12:00m     E
 2  16.7  22.6   2:15p  11.7   7:25a   2.4   0.9   0.0  17.4  49.9   5:50a     E
 3  19.4  26.0   2:15p  15.7   5:20a   0.8   1.9   7.2   7.9  41.8  12:20a   ENE
 4  14.6  18.1   1:35p  10.1  10:10p   3.8   0.0   3.2   1.8  25.7   7:25a   SSW
 5  13.1  20.2   2:40p   7.3  11:55p   5.4   0.1   0.2   4.5  37.0   9:15a     E
 6  12.1  18.4   1:50p   5.4   4:10a   6.2   0.0   9.8   3.2  37.0   8:45p     N
 7  10.8  15.7   2:25p   5.0  12:00m   7.5   0.0   5.0   4.5  45.1   2:40p   SSW
 8   9.4  16.4   1:40p   2.9   3:45a   8.9   0.0   0.2   2.6  33.8   2:35p   SSW
 9  12.4  17.2   1:00p   9.3   7:00a   5.9   0.0   0.4   2.1  20.9  11:30a   NNW
10  14.3  19.6   2:55p  11.5  12:50a   4.0   0.1   2.2   3.9  22.5   9:45a     N
11  15.7  21.1   2:35p  12.3   3:25a   2.8   0.2   0.0   5.5  38.6   6:25p   NNE
12  16.4  22.7   1:30p  13.1   8:05p   2.5   0.6  15.4   8.2  37.0   1:40p   NNE
13  14.7  20.2  12:45p  11.1   4:35a   3.8   0.2   3.8   0.6  17.7   2:05p    SW
14  14.2  21.3   1:35p  10.5  12:00m   4.3   0.2   0.0   1.0  22.5  11:20a     S
15  13.9  21.3   2:50p   8.7   2:35a   4.8   0.4   0.4   0.5  12.9   7:50a   SSW
16  15.1  22.9   2:30p  10.0  12:05a   3.8   0.6   0.0   0.8  19.3   4:10p   SSW
17  13.3  18.2   1:25p  10.0   9:00p   5.0   0.0   0.0   9.0  40.2  11:20a     E
18  14.3  20.3   3:05p   9.7   6:50a   4.2   0.3   0.0   8.7  33.8  12:10a   ENE
19  16.3  20.4   2:05p  11.6   3:50a   2.3   0.3  10.8   5.0  29.0   1:45p     N
20  14.2  16.9   2:00p  12.4   4:40a   4.1   0.0   3.0   0.5  22.5  11:35p    SW
21  12.9  18.3   1:05p   7.6   7:45a   5.4   0.0   0.2   1.0  20.9  12:10p     S
22  13.4  19.3   1:40p   9.3   6:25a   5.0   0.1   2.8   1.4  30.6   3:10p    SW
23  12.7  17.4   2:00p   9.2   7:05a   5.6   0.0   2.0   0.5  17.7   1:10p   SSW
24  13.4  18.3   3:55p   9.7  11:40p   4.9   0.0   0.0   2.7  29.0   4:20a   NNW
25  12.1  18.1   2:45p   5.8  11:55p   6.3   0.0  14.8   3.4  27.4   3:40p     N
26  11.2  20.2   3:05p   2.9   7:30a   7.3   0.2   0.2   1.3  19.3  12:15p     N
27  12.2  18.8   2:05p   6.0   7:10a   6.1   0.0   0.0   4.2  35.4  10:50a     N
28  14.8  18.4  10:50a   8.9   1:05a   3.5   0.0  17.8   4.0  33.8   7:50a     N
29  13.9  19.9  12:25p   7.5  12:00m   4.5   0.1   5.4   1.8  27.4   1:40p    SW
30  11.3  20.2   2:25p   5.0   7:40a   7.3   0.3   0.2   0.3  17.7  12:45p    SW
-------------------------------------------------------------------------------------
    13.8  26.0     3     2.9     8   142.5   7.4 105.1   3.8  49.9     2       E

Max >=  32.0:  0
Max <=   0.0:  0
Min <=   0.0:  0
Min <= -18.0:  0
Max Rain: 17.81 ON 28/06/16
Days of Rain: 21 (> .2 mm) 14 (> 2 mm) 0 (> 20 mm)
Heat Base:  18.3  Cool Base:  18.3  Method: Integration
Gardiner Family