Gardiner Family

Gardiner Family

Gardiner Family
NOAA style reports

NOAA-style Climate Reports

Select a Year or Month report

Notice: Undefined index: NOAA2017.TXT in E:\xampp\htdocs\gardiner\davis\noaa.php on line 289

Report for 2016 May
                   MONTHLY CLIMATOLOGICAL SUMMARY for MAY. 2016

NAME: Kairos   CITY: Maddington   STATE: Western Australia 
ELEV:    20 m  LAT:  32 06' 00" S  LONG: 116 00' 00" E

                   TEMPERATURE (C), RAIN  (mm), WIND SPEED (km/hr)

                                      HEAT  COOL        AVG
    MEAN                              DEG   DEG         WIND                 DOM
DAY TEMP  HIGH   TIME   LOW    TIME   DAYS  DAYS  RAIN  SPEED HIGH   TIME    DIR
------------------------------------------------------------------------------------
 1  15.4  20.4  12:40p  10.4  12:00m   3.0   0.2   0.0   1.6  19.3   5:50a   ESE
 2  15.1  22.2   4:40p   8.7   5:15a   3.9   0.6   0.2   1.3  22.5   2:45p    SW
 3  15.7  22.3   2:30p   9.4   7:15a   3.5   0.9   0.2   0.5  19.3  10:35a   SSE
 4  16.3  24.4   1:50p  10.8   1:40a   3.0   1.1   0.2   0.8  20.9   3:05p    SW
 5  16.1  22.8  12:40p  10.5   5:50a   2.8   0.5   0.4   0.5  14.5   2:15p    SW
 6  16.7  21.9   2:25p  13.0   7:30a   2.1   0.6  16.0   2.4  27.4   1:50p    NW
 7  14.0  17.9   2:30p   7.4  12:00m   4.3   0.0   6.4   3.7  45.1   2:40p   SSW
 8  11.0  18.8   1:30p   4.9   5:45a   7.3   0.0   0.2   2.4  27.4  10:05a   SSW
 9  13.3  22.8   2:40p   4.8   4:55a   5.8   0.8   0.0   0.8  17.7   1:30p   SSW
10  14.9  25.1   2:00p   6.7   6:45a   4.9   1.6   0.2   0.6  19.3  11:40a   SSW
11  18.0  27.7   2:35p   9.2  12:00m   2.8   2.5   0.2   4.2  29.0   2:40a   ENE
12  15.8  27.6   1:25p   6.1   7:20a   4.7   2.2   0.0   2.7  29.0  10:00a   WNW
13  16.9  24.8  12:45p   9.3   6:55a   2.8   1.4   0.2   4.5  25.7   3:05p     N
14  17.9  23.8   1:00p  11.2  12:00m   1.7   1.3   1.6   3.1  25.7  12:00p     N
15  14.9  23.3   1:35p   8.8   4:30a   4.2   0.9   3.0   3.1  33.8  11:25a   WNW
16  14.6  24.1   2:20p   8.4   5:55a   4.9   1.2   0.2   0.3  16.1   2:35p    NW
17  15.2  23.9   3:05p   8.2   4:00a   4.3   1.2   0.2   1.8  20.9  12:10p   NNW
18  18.1  25.5   2:45p  14.1  12:00m   1.6   1.4   1.4   0.5  16.1   3:30p    SW
19  16.2  20.3   1:55p  13.2  12:00m   2.5   0.4   0.0   0.2  14.5  10:25a   ENE
20  16.6  24.5   1:35p   9.6   7:00a   3.0   1.3   0.2   4.5  24.1   2:40p     N
21  14.1  17.7   2:45p   9.4  11:20p   4.2   0.0  33.6  10.3  64.4  10:55a     N
22  14.4  20.6   2:50p   9.5   1:05a   4.1   0.2   5.6   2.3  30.6  12:15p   WNW
23  16.6  21.5   1:55p  11.5   6:40a   2.3   0.6   0.6   7.4  38.6   3:40p     N
24  15.7  21.1  12:00p  10.8  10:30p   2.7   0.2  29.8   6.1  35.4   2:05a    SW
25  14.9  21.5  12:55p   9.8   7:30a   3.9   0.4   3.2   2.6  27.4   2:15p    NW
26  14.3  19.7   2:55p   8.3  12:00m   4.1   0.1   5.6   0.5  20.9   7:10a     S
27  14.8  22.3   1:20p   6.9   5:30a   4.3   0.8   0.4   1.9  22.5   3:55p   NNE
28  16.3  22.1  12:55p  12.7   7:45a   2.6   0.6   9.4   3.5  33.8   1:00p    SW
29  15.5  21.2  12:30p  11.2   7:20a   3.2   0.4   0.0   2.1  24.1  10:10p     E
30  15.0  22.0   2:40p  10.9   6:30a   4.0   0.7   0.0   6.0  27.4  12:10a     E
31  14.9  23.1   2:00p   8.0   7:30a   4.3   0.9   0.0   1.9  20.9  12:05a   ENE
-------------------------------------------------------------------------------------
    15.5  27.7    11     4.8     9   112.7  24.9 119.0   2.7  64.4    21       N

Max >=  32.0:  0
Max <=   0.0:  0
Min <=   0.0:  0
Min <= -18.0:  0
Max Rain: 33.60 ON 21/05/16
Days of Rain: 24 (> .2 mm) 9 (> 2 mm) 2 (> 20 mm)
Heat Base:  18.3  Cool Base:  18.3  Method: Integration
Gardiner Family