Gardiner Family

Gardiner Family

Gardiner Family
NOAA style reports

NOAA-style Climate Reports


Report for 2016 Apr
                   MONTHLY CLIMATOLOGICAL SUMMARY for APR. 2016

NAME: Kairos   CITY: Maddington   STATE: Western Australia 
ELEV:    20 m  LAT:  32 06' 00" S  LONG: 116 00' 00" E

                   TEMPERATURE (C), RAIN  (mm), WIND SPEED (km/hr)

                                      HEAT  COOL        AVG
    MEAN                              DEG   DEG         WIND                 DOM
DAY TEMP  HIGH   TIME   LOW    TIME   DAYS  DAYS  RAIN  SPEED HIGH   TIME    DIR
------------------------------------------------------------------------------------
 1  21.4  27.7   2:35p  15.3  12:00m   0.2   1.5   0.0   2.4  22.5   5:25p    SW
 2  22.5  33.4   3:15p  14.0   3:40a   0.9   5.1   0.0   1.6  22.5   4:05p     E
 3  25.7  36.8   3:15p  16.4   1:25a   0.2   7.5   0.0   2.4  22.5   8:50a     E
 4  20.3  27.0   2:45p  14.6   6:10a   0.8   2.8   0.0   3.9  35.4   3:05p    SW
 5  17.3  23.4   3:05p  11.4   7:10a   2.1   1.1   0.0   4.0  40.2   9:30a     S
 6  17.8  25.1   2:05p  11.3   6:50a   2.4   1.9   0.0   3.4  40.2  12:25p     S
 7  19.4  26.0   2:50p  14.2   6:45a   1.3   2.4   0.0   6.3  41.8   7:10a     E
 8  21.9  29.2   2:45p  17.5   6:35a   0.1   3.7   0.0   8.5  45.1   3:55a     E
 9  20.5  25.5   4:00p  18.1   7:20a   0.0   2.2   4.0   3.4  40.2   1:50p   ESE
10  22.4  26.4   3:25p  18.6   5:00a   0.0   4.1   0.2  18.5  61.2   8:45p     E
11  21.6  23.5  12:05a  19.8   3:20p   0.0   3.3   3.0  14.6  54.7   9:15a   ENE
12  21.9  26.4  12:20p  19.7   5:10a   0.0   3.6   6.4   1.9  24.1  11:25a     N
13  21.6  27.7   2:30p  16.7  12:00m   0.1   3.3   0.0   0.5  19.3   2:15p    SW
14  18.7  24.6  10:45a  13.4   5:40a   1.5   1.8   0.2   1.9  27.4  11:15a    SW
15  21.2  26.7   3:15p  15.3   1:40a   0.4   3.3   0.0   9.0  53.1  10:45p     E
16  23.7  33.3   1:55p  18.3   5:10a   0.0   5.4   0.0  11.6  56.3   3:50a     E
17  20.3  24.2   1:50p  16.3  12:00m   0.1   2.1   2.2   2.4  24.1   2:40p   NNW
18  19.4  23.9   1:00p  16.1  12:20a   0.4   1.5  19.8   1.0  19.3   1:45p   WSW
19  19.7  27.8   2:55p  15.1  11:50p   0.7   2.1   7.2   1.3  27.4   4:50p    SW
20  19.3  26.0   2:00p  13.9   2:05a   1.3   2.3   0.2   1.1  25.7   8:35p    SW
21  19.4  26.0   2:25p  12.0   4:05a   1.2   2.3   0.0   7.2  43.5   8:50a     E
22  21.0  26.7   3:05p  15.2   6:55a   0.5   3.2   0.0  10.3  45.1   4:05a     E
23  23.2  31.8   2:45p  17.8  12:00m   0.0   4.9   0.0   7.9  41.8   6:55a   ENE
24  21.9  28.1  12:30p  17.3   5:05a   0.2   3.9   1.2   1.8  24.1  12:15p   NNW
25  19.6  20.3   1:40a  18.4  12:00m   0.0   1.3  18.0   1.9  22.5   8:50a   NNE
26  16.7  20.1  10:40a  12.2  12:00m   1.8   0.1   3.8   5.6  45.1  12:15p   WNW
27  13.8  20.5   3:05p   9.6  11:45p   4.7   0.2   0.8   0.5  16.1  12:50p   WNW
28  15.3  21.5   1:00p   9.2  12:45a   3.4   0.4   8.2   3.5  38.6  12:50p    SW
29  17.0  21.8   3:15p  12.7   5:45a   2.0   0.7   1.4   4.2  40.2   4:15p     W
30  15.2  21.1   2:50p  10.5  11:40p   3.4   0.3   0.2   1.1  20.9  10:00a    SW
-------------------------------------------------------------------------------------
    20.0  36.8     3     9.2    28    29.7  78.3  76.8   4.8  61.2    10       E

Max >=  32.0:  3
Max <=   0.0:  0
Min <=   0.0:  0
Min <= -18.0:  0
Max Rain: 19.81 ON 18/04/16
Days of Rain: 16 (> .2 mm) 9 (> 2 mm) 0 (> 20 mm)
Heat Base:  18.3  Cool Base:  18.3  Method: Integration
Gardiner Family