Gardiner Family

Gardiner Family

Gardiner Family
NOAA style reports

NOAA-style Climate Reports


Report for 2016 Jan
                   MONTHLY CLIMATOLOGICAL SUMMARY for DEC. 2015

NAME: Kairos   CITY: Maddington   STATE: Western Australia 
ELEV:    20 m  LAT:  32 06' 00" S  LONG: 116 00' 00" E

                   TEMPERATURE (C), RAIN  (mm), WIND SPEED (km/hr)

                                      HEAT  COOL        AVG
    MEAN                              DEG   DEG         WIND                 DOM
DAY TEMP  HIGH   TIME   LOW    TIME   DAYS  DAYS  RAIN  SPEED HIGH   TIME    DIR
------------------------------------------------------------------------------------
 1  21.9  30.4   3:25p  13.3   5:40a   1.0   4.6   0.0   5.5  38.6   9:25a   ESE
 2  26.9  37.6   3:15p  16.3   5:35a   0.2   8.8   0.2  10.3  53.1   4:35a     E
 3  25.8  33.9  12:40p  18.1  11:55p   0.0   7.5   0.0   3.1  27.4   7:45p    SW
 4  20.7  27.8   3:50p  15.8  12:00m   0.5   3.0   1.4   3.9  32.2   1:25p    SW
 5  14.9  20.2   1:10p  11.4  12:00m   3.4   0.0  16.6   1.9  32.2   6:00p    SW
 6  17.0  22.1  12:45p  11.4  12:05a   2.0   0.7   3.8   3.4  32.2  12:20p    SW
 7  18.6  25.0   3:10p  13.3   2:20a   1.6   1.9   0.0   4.3  35.4   1:20p    SW
 8  18.9  27.8  12:15p   9.6   5:30a   2.3   3.0   0.2   2.4  27.4   2:05p    SW
 9  20.4  29.4  12:20p  13.3   4:00a   1.4   3.5   0.2   2.3  27.4   5:35p    SW
10  21.7  32.2   2:00p  13.1   3:15a   1.2   4.6   0.0   3.7  35.4  11:50p    SW
11  23.8  35.9   3:05p  16.0   5:30a   0.3   5.7   0.0  10.9  54.7   5:15a     E
12  22.7  33.0  11:45a  14.8   5:30a   0.5   4.9   0.0   2.9  33.8   2:15p    SW
13  21.7  30.2   1:25p  13.7   5:30a   0.8   4.2   0.0   2.4  25.7   2:00p    SW
14  21.3  30.6   1:25p  12.7   5:30a   1.3   4.3   0.0   2.6  27.4   3:10p    SW
15  22.3  32.9   1:15p  13.1   5:30a   1.2   5.1   0.0   2.1  25.7   3:40p    SW
16  22.6  31.7  12:15p  14.6   5:55a   0.7   5.0   0.0   3.4  33.8   3:15p    SW
17  24.8  34.8   1:45p  17.3   3:05a   0.1   6.6   0.0   2.3  29.0   1:05p    SW
18  22.2  30.9   1:40p  16.9  11:30p   0.1   4.1   0.0   4.8  35.4   7:10p    SW
19  20.4  27.0   1:40p  13.8   5:40a   0.7   2.8   0.0   6.4  38.6  11:20p    SW
20  22.5  31.4   4:00p  15.4   5:45a   0.6   4.8   0.0   9.7  56.3   7:05a     E
21  28.1  39.2   2:25p  18.3   4:50a   0.0   9.7   0.0  11.4  54.7  12:55a     E
22  31.8  42.7   1:30p  23.1   5:45a   0.0  13.5   0.0   4.8  46.7  12:50a    SW
23  32.1  44.3   2:05p  22.3  12:00m   0.0  13.8   0.0   6.6  35.4   4:50a   ENE
24  22.7  30.8  11:45a  16.3  12:00m   0.1   4.5   0.0   6.8  41.8   4:55p    SW
25  21.8  31.3   4:20p  10.6   5:45a   1.5   5.1   0.0   3.4  40.2  12:00m   ESE
26  24.4  36.0   3:35p  14.6   5:30a   0.6   6.7   0.0   9.5  56.3   4:00a     E
27  30.9  42.4   3:05p  18.0  12:25a   0.0  12.6   0.0   5.3  40.2   3:20a     E
28  34.2  45.3   1:55p  22.4   4:30a   0.0  15.9   0.0   4.7  40.2  10:50p    SW
29  31.3  39.7   1:25p  23.3  12:00m   0.0  13.0   0.0   3.9  41.8  12:10a    SW
30  26.2  35.6   2:15p  20.8   4:30a   0.0   7.9   0.0   2.7  38.6  11:55p    SE
31  25.1  33.4   3:45p  17.8   5:25a   0.0   6.8   0.0  10.3  67.6  11:55p   ESE
-------------------------------------------------------------------------------------
    23.9  45.3    28     9.6     8    22.2 194.6  22.4   5.1  67.6    31      SW

Max >=  32.0: 16
Max <=   0.0:  0
Min <=   0.0:  0
Min <= -18.0:  0
Max Rain: 16.61 ON 05/12/15
Days of Rain: 6 (> .2 mm) 2 (> 2 mm) 0 (> 20 mm)
Heat Base:  18.3  Cool Base:  18.3  Method: Integration
Gardiner Family