Gardiner Family

Gardiner Family

Gardiner Family
NOAA style reports

NOAA-style Climate Reports

Select a Year or Month report

Notice: Undefined index: NOAA2017.TXT in E:\xampp\htdocs\gardiner\davis\noaa.php on line 289

Report for 2015 Aug
                   MONTHLY CLIMATOLOGICAL SUMMARY for JUL. 2015

NAME: Kairos   CITY: Maddington   STATE: Western Australia 
ELEV:    20 m  LAT:  32 06' 00" S  LONG: 116 00' 00" E

                   TEMPERATURE (C), RAIN  (mm), WIND SPEED (km/hr)

                                      HEAT  COOL        AVG
    MEAN                              DEG   DEG         WIND                 DOM
DAY TEMP  HIGH   TIME   LOW    TIME   DAYS  DAYS  RAIN  SPEED HIGH   TIME    DIR
------------------------------------------------------------------------------------
 1  16.2  20.6  12:45p  11.9   7:35a   2.5   0.4   0.4   0.3  14.5  11:10p    NW
 2  16.9  21.8   3:10p  13.1  12:00m   1.8   0.4   1.6   4.3  33.8   6:50a   ENE
 3  17.2  23.7   1:15p  11.7  12:00m   2.3   1.1   0.2   0.6  14.5   2:45p    NW
 4  15.4  21.9   1:50p   9.8   3:55a   3.4   0.5   4.2   1.0  20.9   1:55p    NW
 5  14.5  20.6  11:55a   9.7   6:20a   3.9   0.1   5.2   0.6  17.7   2:00p   NNW
 6  14.0  20.6  12:15p   8.4   7:40a   4.4   0.2  12.2   1.1  20.9  11:05a   NNW
 7  14.7  18.0   4:15p  12.4   2:25a   3.6   0.0   8.6   1.6  30.6   9:50p    SW
 8  10.7  16.7   1:20p   6.3  10:35p   7.6   0.0   0.2   1.3  27.4  11:00a     S
 9  10.2  17.4   1:55p   1.4   7:45a   8.1   0.0   0.2   0.2  16.1   2:35p     S
10  12.4  19.2   2:40p   7.7  11:25p   5.9   0.0   0.2   1.1  17.7  11:45p     N
11  12.2  18.0   1:50p   5.7  12:00m   6.1   0.0   0.0   4.8  35.4  10:20a     E
12  11.0  18.7   2:45p   4.6   2:00a   7.3   0.0   0.0   1.9  24.1   8:20a     E
13  11.8  18.3   2:50p   5.9   1:25a   6.5   0.0   0.0   3.5  25.7   9:30a   ESE
14  13.8  19.1   1:50p   8.6   1:15a   4.6   0.1   0.0   3.5  35.4  11:45a     E
15  13.8  18.1   2:05p  10.8   5:55a   4.5   0.0   0.0   8.0  48.3   3:30a     E
16  14.0  19.8   1:50p   9.7   7:15a   4.5   0.2   0.0   9.2  56.3   8:30a   ENE
17  16.1  20.9   2:20p  13.1   5:00a   2.6   0.4   0.0   4.5  29.0   1:05a   NNE
18  16.7  21.4   3:20p  14.0   7:10a   2.1   0.5   1.4   0.2  11.3   3:20p   NNW
19  16.2  18.5  12:15p  13.1   3:20a   2.1   0.0   4.2   5.3  27.4   8:55a     N
20  15.3  21.3   1:30p  11.5  11:55p   3.2   0.2  26.0   5.1  38.6   2:40p   WNW
21  12.0  19.0   1:20p   7.4  10:40p   6.3   0.0   4.4   0.3  17.7   2:40p    SW
22  12.8  18.3  12:20p   8.3  12:05a   5.5   0.0   2.0   3.9  29.0   1:00p   NNE
23  12.1  17.8  12:45p   5.5  12:00m   6.2   0.0   4.8   1.0  24.1   1:45p     S
24  10.3  19.3  12:55p   1.9   7:05a   8.0   0.0   0.2   0.6  20.9   3:25p    SW
25  12.3  19.1   1:45p   6.3  12:00m   6.0   0.0   0.2   0.5  19.3  12:15p   SSW
26  12.8  20.7   1:15p   5.9   1:05a   5.6   0.1   0.2   6.1  35.4   8:25a     E
27  15.2  21.8   2:15p  10.4   7:00a   3.7   0.6   0.0   6.4  33.8   1:20a     E
28  14.7  16.3   1:20a  11.9  12:00m   3.6   0.0   4.2   3.5  30.6   8:05a   NNE
29  15.8  20.2   3:20p  10.6   1:10a   2.8   0.3   8.6   0.8  16.1   3:10p   NNW
30  17.2  20.1   1:55p  15.3   2:40a   1.3   0.3   7.6   4.8  45.1   7:25p   NNE
31  17.9  23.7   3:05p  13.6  12:00m   1.3   0.9   4.2   4.0  54.7  10:30p     W
-------------------------------------------------------------------------------------
    14.1  23.7    31     1.4     9   137.2   6.3 101.0   2.9  56.3    16     NNE

Max >=  32.0:  0
Max <=   0.0:  0
Min <=   0.0:  0
Min <= -18.0:  0
Max Rain: 26.01 ON 20/07/15
Days of Rain: 23 (> .2 mm) 13 (> 2 mm) 1 (> 20 mm)
Heat Base:  18.3  Cool Base:  18.3  Method: Integration
Gardiner Family