Gardiner Family

Gardiner Family

Gardiner Family
NOAA style reports

NOAA-style Climate Reports

Select a Year or Month report

Notice: Undefined index: NOAA2017.TXT in E:\xampp\htdocs\gardiner\davis\noaa.php on line 289

Report for 2015 Jun
                   MONTHLY CLIMATOLOGICAL SUMMARY for MAY. 2015

NAME: Kairos   CITY: Maddington   STATE: Western Australia 
ELEV:    20 m  LAT:  32 06' 00" S  LONG: 116 00' 00" E

                   TEMPERATURE (C), RAIN  (mm), WIND SPEED (km/hr)

                                      HEAT  COOL        AVG
    MEAN                              DEG   DEG         WIND                 DOM
DAY TEMP  HIGH   TIME   LOW    TIME   DAYS  DAYS  RAIN  SPEED HIGH   TIME    DIR
------------------------------------------------------------------------------------
 1  18.2  24.6   1:15p  12.9   8:55p   1.7   1.6   0.0   4.7  41.8  11:30p   ESE
 2  17.6  25.1  12:55p  12.8   3:35a   2.2   1.5   0.0   6.8  46.7  12:50a     E
 3  16.2  23.3  12:50p   9.4   6:10a   3.1   1.0  10.8   6.9  45.1   9:55p   WNW
 4  12.2  18.3   1:40p   7.3  12:00m   6.1   0.0   2.2   2.7  33.8  12:05a   SSW
 5  12.8  22.2   1:35p   4.8   5:55a   6.2   0.7   0.2   1.0  25.7   1:10p     S
 6  15.6  24.1  12:30p   7.7   6:20a   4.2   1.4   0.2   0.6  14.5  12:50p   SSE
 7  16.8  26.0  12:55p   9.5  12:00m   3.3   1.8   0.0   2.4  24.1   4:20a     E
 8  15.4  26.3  12:50p   6.7   6:10a   4.7   1.8   0.2   1.0  20.9   2:45p    SW
 9  16.0  24.8  11:00a   8.2   6:15a   3.9   1.6   0.0   0.6  19.3   1:25p    SW
10  17.9  25.7   1:20p  13.1   2:15a   2.1   1.7   0.0   2.3  29.0   9:20a     E
11  18.6  26.1  12:05p  13.4   9:45p   1.5   1.8   0.0   5.6  37.0   5:20a   ESE
12  17.7  23.5  12:30p  13.7   4:50a   1.7   1.2   0.0  14.0  48.3   6:20a     E
13  18.4  23.9  11:50a  13.3   4:15a   1.4   1.5   0.0  15.1  49.9   3:25a   ENE
14  20.7  26.7  11:00a  15.8   2:55a   0.5   2.8   0.0   8.0  45.1  12:05a   ENE
15  23.1  26.2  12:20p  18.6   4:25a   0.0   4.3   0.0  10.1  37.0   8:15a   NNE
16  14.7  23.0  12:05a  12.5   8:05a   3.9   0.3  23.2  11.6  56.3  10:25a   NNE
17  14.7  16.3  10:25a  13.5   2:50a   3.2   0.0  49.0   6.9  35.4  10:55a   WNW
18  15.8  21.4   3:10p  11.3  11:55p   2.8   0.4   5.0   0.6  19.3   3:55p    SW
19  12.6  17.5   1:20p   8.8  10:00p   5.7   0.0   0.2   2.1  29.0   1:55p    SW
20  12.8  17.4   2:05p   9.5   6:50a   5.5   0.0   0.0   7.6  38.6  11:45p     E
21  14.8  20.3   2:20p  10.7   6:35a   3.6   0.2   0.0  15.1  49.9   8:55a     E
22  16.4  24.4   3:05p   9.4  12:00m   3.2   1.3   0.0   4.7  37.0   7:20a   ENE
23  14.0  24.0  12:05p   5.9   7:30a   5.2   0.8   0.2   0.5  19.3   2:35p    SW
24  14.8  22.1   1:00p   9.8   1:35a   4.3   0.9   0.2   0.0  11.3  11:55a    SW
25  15.9  24.7   2:35p  10.3  11:30p   3.8   1.4   0.0   0.6  19.3   4:25p    SW
26  13.4  20.7  12:30p   8.3   6:30a   5.2   0.3   0.2   0.2  17.7  12:40p    SW
27  13.4  20.4   1:10p   7.4  12:00m   5.1   0.2   0.0   1.3  25.7   2:05p     S
28  12.7  20.7   3:25p   4.9   4:55a   5.8   0.2   0.2   4.0  30.6   9:35a     E
29  15.4  23.0   2:10p  10.5   7:15a   3.7   0.8   0.0   7.7  35.4   3:00a     E
30  16.4  24.9   2:00p   9.1  12:00m   3.5   1.6   0.0   4.2  35.4   1:50a     E
31  13.6  24.4   3:05p   5.9   7:25a   6.1   1.3   0.2   0.2  14.5   1:30p     W
-------------------------------------------------------------------------------------
    15.8  26.7    14     4.8     5   113.1  34.3  92.0   4.8  56.3    16       E

Max >=  32.0:  0
Max <=   0.0:  0
Min <=   0.0:  0
Min <= -18.0:  0
Max Rain: 49.00 ON 17/05/15
Days of Rain: 14 (> .2 mm) 5 (> 2 mm) 2 (> 20 mm)
Heat Base:  18.3  Cool Base:  18.3  Method: Integration
Gardiner Family