Gardiner Family

Gardiner Family

Gardiner Family
NOAA style reports

NOAA-style Climate Reports


Report for 2015 Apr
                   MONTHLY CLIMATOLOGICAL SUMMARY for MAR. 2015

NAME: Kairos   CITY: Maddington   STATE: Western Australia 
ELEV:    20 m  LAT:  32 06' 00" S  LONG: 116 00' 00" E

                   TEMPERATURE (C), RAIN  (mm), WIND SPEED (km/hr)

                                      HEAT  COOL        AVG
    MEAN                              DEG   DEG         WIND                 DOM
DAY TEMP  HIGH   TIME   LOW    TIME   DAYS  DAYS  RAIN  SPEED HIGH   TIME    DIR
------------------------------------------------------------------------------------
 1  24.9  35.1   1:15p  17.4   4:25a   0.1   6.7   0.0   9.8  62.8   2:50a     E
 2  23.1  29.2   1:40p  18.9  12:00m   0.0   4.7   0.0   8.2  43.5  10:30a   ESE
 3  24.7  32.1   3:45p  17.5   4:50a   0.1   6.5   0.0   7.9  43.5  10:10p   ESE
 4  25.9  33.6   2:20p  17.8   5:25a   0.0   7.6   0.0  11.7  49.9   4:00a     E
 5  26.2  33.8   3:00p  18.1   5:35a   0.0   7.9   0.0   8.2  38.6  11:35p   ESE
 6  25.7  35.5   2:50p  18.7  12:00m   0.0   7.4   0.0   6.3  41.8  12:50a     E
 7  25.8  35.6   1:40p  18.7  12:05a   0.0   7.6   0.0   8.7  45.1   3:35a     E
 8  26.0  35.3  12:35p  19.2  12:00m   0.0   7.7   0.0   9.7  48.3   3:25a    SW
 9  26.0  36.6   1:05p  17.8  12:00m   0.0   7.7   0.0   8.2  41.8   2:55a    SW
10  23.9  35.9  12:40p  14.7   5:40a   0.8   6.3   0.0   2.6  24.1   1:25p    SW
11  27.2  38.2   2:05p  16.6  12:30a   0.1   8.9   0.0   4.3  40.2  11:00p   SSW
12  30.0  41.3   1:25p  21.1  11:35p   0.0  11.7   0.0   7.1  43.5   3:40a     E
13  28.9  36.7  12:45p  21.3  12:05a   0.0  10.6   2.6   5.6  37.0   4:20a     W
14  24.7  33.9  11:40a  20.7   2:35a   0.0   6.3   3.4   7.4  53.1  11:55a     E
15  23.4  28.2  12:20p  19.9  12:00m   0.0   5.1   0.8   6.8  35.4  11:05a   WNW
16  22.3  27.6  11:30a  18.6   5:15a   0.0   4.0   0.0   3.5  27.4  11:40a     W
17  22.9  27.9  10:35a  18.2   5:20a   0.0   4.6   0.0   7.4  32.2  12:05p    NW
18  21.6  25.2   2:00p  18.5  12:00m   0.0   3.3  10.8   6.6  37.0  10:40a    SW
19  20.4  27.2   2:15p  15.1  11:30p   0.6   2.7   1.0   1.6  22.5   2:45p   SSW
20  22.9  33.7   2:30p  14.7  12:45a   0.6   5.2   0.0   9.8  43.5   3:25a     E
21  21.3  26.6  10:15a  16.7   4:10a   0.2   3.1   0.0   6.0  35.4   3:35p    SW
22  19.1  26.1   1:40p  13.8   4:30a   1.4   2.1   0.0   4.8  35.4   1:05p    SE
23  18.2  25.4   2:25p  11.1   5:50a   2.0   2.0   0.0   6.3  33.8   8:10a   ESE
24  20.7  29.2   1:15p  13.9   5:35a   1.1   3.5   0.0  10.9  51.5  11:20p     E
25  21.8  29.4   2:15p  15.4   5:40a   0.6   4.1   0.0  16.4  62.8  11:40p     E
26  22.4  30.9   1:45p  15.9   5:25a   0.5   4.5   3.4  14.3  61.2  12:40a     E
27  22.4  30.6   1:30p  16.5  12:00m   0.1   4.2   0.0   5.6  38.6   5:25a     E
28  20.2  30.2  12:10p  12.1   5:50a   1.6   3.6   0.0   2.3  27.4   2:15p    SW
29  23.1  34.8   1:25p  13.1   2:45a   0.9   5.7   0.0   3.7  35.4   6:45a    SW
30  21.6  30.7  10:40a  14.2   5:55a   1.0   4.3   0.0   1.8  19.3  12:30p    SW
31  20.6  26.8   2:30p  15.5   5:20a   0.6   2.9   0.0   2.9  30.6   1:30p    SW
-------------------------------------------------------------------------------------
    23.5  41.3    12    11.1    23    12.2 172.7  22.0   7.0  62.8     1       E

Max >=  32.0: 15
Max <=   0.0:  0
Min <=   0.0:  0
Min <= -18.0:  0
Max Rain: 10.80 ON 18/03/15
Days of Rain: 6 (> .2 mm) 4 (> 2 mm) 0 (> 20 mm)
Heat Base:  18.3  Cool Base:  18.3  Method: Integration
Gardiner Family