Gardiner Family

Gardiner Family

Gardiner Family
NOAA style reports

NOAA-style Climate Reports


Report for 2014 Sep
                   MONTHLY CLIMATOLOGICAL SUMMARY for SEP. 2014

NAME: Kairos   CITY: Maddington   STATE: Western Australia 
ELEV:    20 m  LAT:  32 06' 00" S  LONG: 116 00' 00" E

                   TEMPERATURE (C), RAIN  (mm), WIND SPEED (km/hr)

                                      HEAT  COOL        AVG
    MEAN                              DEG   DEG         WIND                 DOM
DAY TEMP  HIGH   TIME   LOW    TIME   DAYS  DAYS  RAIN  SPEED HIGH   TIME    DIR
------------------------------------------------------------------------------------
 1  14.5  19.7   2:45p   9.8   6:50a   3.9   0.1   0.0  11.6  40.2   9:20a     E
 2  17.2  22.1   1:05p  13.8  12:00m   1.8   0.7   0.0   3.7  33.8  12:05a   ENE
 3  15.6  22.8   1:50p  10.2  11:25p   3.6   0.9   0.0   1.4  17.7   3:20p     E
 4  16.2  21.8   1:50p  11.1   4:35a   2.6   0.4   0.0  12.1  51.5   1:55a     E
 5  19.9  27.6   2:00p  16.0  11:45p   0.8   2.5   0.0   6.6  40.2  12:15a   ENE
 6  18.2  23.0   2:25p  15.1   8:05p   0.9   0.9  11.0   9.0  57.9  10:25a   WNW
 7  16.3  18.7   4:25p  13.5  12:00m   2.0   0.0   4.6   8.0  53.1  11:35p   WNW
 8  14.3  16.8  11:45a  10.7   5:25a   4.0   0.0  16.2  13.0  57.9   1:40p     W
 9  16.6  20.7   2:40p  14.1   6:55a   2.0   0.3   0.0   4.2  35.4  12:15a    SW
10  16.3  21.4  12:45p  12.3  12:00m   2.4   0.4   0.2   2.4  27.4   3:50p     W
11  15.2  24.3   3:20p   8.8   5:40a   4.1   1.0   0.2   1.8  22.5   3:35p    SW
12  15.7  25.9   1:25p   7.6   5:40a   4.3   1.8   0.2   3.2  29.0   3:50p    SW
13  15.9  25.6   2:25p   9.3  12:00m   3.7   1.4   0.2   1.3  19.3   3:25p    SW
14  15.3  24.8   1:50p   5.7   6:35a   4.6   1.6   0.2   1.6  20.9   4:45p     S
15  16.7  25.6   2:30p   9.3   5:25a   3.2   1.7   0.2   3.2  48.3  11:35p     S
16  18.7  25.6   2:05p  12.3   6:30a   1.7   2.1   0.0  14.6  57.9   3:25a     E
17  19.9  27.5  12:45p  13.1  12:00m   1.3   3.0   0.0   7.1  41.8   1:25a   SSW
18  17.3  27.6   1:30p   9.1   6:25a   3.2   2.2   0.2   3.2  30.6   3:55p    SW
19  18.7  27.6   2:50p  10.4   6:40a   2.4   2.9   0.2   1.3  16.1   4:40p   SSW
20  22.7  34.8   2:50p  13.4  12:55a   0.6   4.9   0.0  13.7  57.9   8:35a   NNE
21  16.2  22.7   9:00a  11.4   8:45p   2.8   0.7  28.0   9.8  54.7   8:25a   NNE
22  13.5  20.4   2:55p   8.4  12:00m   5.0   0.2   0.8   4.0  30.6   5:40p    SW
23  11.8  17.9  10:55a   6.3   5:10a   6.5   0.0   0.0   1.3  17.7   9:55a   SSW
24  15.6  24.9  10:40a   7.5   3:15a   4.2   1.5   0.2   2.3  20.9   7:40a    SW
25  16.9  25.7  10:35a   8.0   3:20a   3.0   1.7   0.2   2.3  22.5  11:35a    SW
26  18.0  24.4  11:15a  10.9   2:15a   1.9   1.6   0.0   8.7  38.6  12:40p    NW
27  15.3  17.9   4:10p  13.8  10:15a   2.7   0.0  17.2   8.7  41.8  10:00a     W
28  16.7  21.8   1:50p  14.1  11:55p   2.1   0.5   1.8   7.4  30.6  12:55p   WNW
29  16.6  22.7  12:10p  12.8  12:00m   2.5   0.7   2.0   4.2  25.7  11:35a   NNE
30  17.4  26.0   3:10p   9.3   4:00a   2.9   2.1   0.2   2.7  27.4  12:00m   ESE
-------------------------------------------------------------------------------------
    16.6  34.8    20     5.7    14    87.0  37.7  83.8   5.8  57.9     6      SW

Max >=  32.0:  1
Max <=   0.0:  0
Min <=   0.0:  0
Min <= -18.0:  0
Max Rain: 27.99 ON 21/09/14
Days of Rain: 19 (> .2 mm) 6 (> 2 mm) 1 (> 20 mm)
Heat Base:  18.3  Cool Base:  18.3  Method: Integration
Gardiner Family