Gardiner Family

Gardiner Family

Gardiner Family
NOAA style reports

NOAA-style Climate Reports

Select a Year or Month report

Notice: Undefined index: NOAA2017.TXT in E:\xampp\htdocs\gardiner\davis\noaa.php on line 289

Report for 2014 Aug
                   MONTHLY CLIMATOLOGICAL SUMMARY for AUG. 2014

NAME: Kairos   CITY: Maddington   STATE: Western Australia 
ELEV:    20 m  LAT:  32 06' 00" S  LONG: 116 00' 00" E

                   TEMPERATURE (C), RAIN  (mm), WIND SPEED (km/hr)

                                      HEAT  COOL        AVG
    MEAN                              DEG   DEG         WIND                 DOM
DAY TEMP  HIGH   TIME   LOW    TIME   DAYS  DAYS  RAIN  SPEED HIGH   TIME    DIR
------------------------------------------------------------------------------------
 1  11.3  18.3   3:10p   3.3   2:45a   7.0   0.0   0.2  10.0  48.3   9:00a   ENE
 2  13.3  21.5   3:30p   5.8   5:05a   5.4   0.5   0.0   1.3  19.3  12:20p   SSW
 3  12.6  21.3   3:15p   5.7   7:00a   6.1   0.4   0.2   2.7  29.0  10:40a     E
 4  15.1  23.2   2:35p   6.8  12:20a   4.1   0.9   0.0   7.4  41.8   4:35a   ENE
 5  18.3  26.0   2:05p  11.9   3:10a   2.0   1.9   0.0   6.4  27.4   9:05a   ENE
 6  18.7  27.5   3:20p   9.9   5:25a   2.3   2.7   0.0   4.0  24.1  12:45a   NNE
 7  16.8  20.3   2:35p  15.1  12:05a   1.6   0.2   8.4   1.8  24.1  12:20p   WSW
 8  16.2  23.1   3:00p   9.6  12:00m   3.0   0.9   0.2   1.0  17.7   4:20p   WSW
 9  15.4  22.0   2:45p   9.6  12:05a   3.6   0.7   0.2   6.3  35.4   8:25a     E
10  18.1  24.4   2:05p  13.3   7:15a   1.6   1.4   0.0   9.3  45.1   2:25a     E
11  18.5  23.9   2:00p  15.2   7:15a   1.1   1.3   0.0  16.9  61.2  11:00p     E
12  16.1  18.3   2:00p  13.1   6:25a   2.2   0.0   0.0  28.8  74.0   8:55a     E
13  17.8  20.8   1:20p  14.4   7:20a   1.2   0.7   0.0  13.0  56.3  12:30a   ENE
14  18.4  23.1   3:30p  15.8   6:20a   1.0   1.1   0.0   5.6  30.6   2:25a    NE
15  17.3  26.2   2:50p  10.2   6:00a   2.6   1.6   0.0   3.1  25.7   7:30a    SW
16  17.6  25.2   2:50p   8.8   7:15a   2.6   1.9   0.0   2.3  25.7   2:05a   ENE
17  19.1  26.7   1:35p  12.4   6:50a   1.7   2.5   9.4   5.8  49.9  10:30p   NNE
18  14.9  19.4   3:40p  12.2   5:55a   3.4   0.1  18.2   6.0  41.8   1:00a   WNW
19  15.8  22.2   1:55p  12.4   1:45a   3.0   0.5   4.0   1.6  19.3   3:05p   WNW
20  15.7  18.7   3:40p  12.3   7:25a   2.7   0.0   6.0   3.9  24.1  11:35a     N
21  16.9  22.5  12:05p  14.0  12:00m   1.9   0.5   9.8   7.2  33.8  10:30a   WNW
22  14.9  22.7   2:25p  10.1   7:25a   4.1   0.6   3.0   1.1  25.7   2:45a    SW
23  14.8  23.0   2:30p   7.4   6:20a   4.7   1.2   0.2   2.1  20.9  12:25p     W
24  14.8  24.5   2:05p   6.2   6:55a   4.9   1.5   0.2   1.8  20.9   2:45p     W
25  17.2  25.9   2:45p   9.1   7:05a   3.2   2.1   0.2   3.5  27.4   8:55a    NW
26  16.7  22.4   3:30p  10.7  11:35p   2.2   0.7   0.6   2.9  32.2   8:55a     S
27  15.6  23.3   1:30p   9.8   3:25a   3.7   0.9   0.2   2.4  24.1   3:15p   WSW
28  17.1  26.1   1:10p  10.9   6:25a   2.9   1.7   0.0   3.9  30.6   1:35p    NW
29  17.1  21.2  11:15a  15.1  10:55p   1.6   0.3  46.2   6.4  53.1  11:20a    NW
30  15.7  19.2   2:10p  11.8  11:45p   2.7   0.0   7.2   2.9  24.1  10:55a    SW
31  13.9  20.3   1:35p  10.5  11:45p   4.5   0.2   1.0   1.6  19.3   1:05p   SSW
-------------------------------------------------------------------------------------
    16.2  27.5     6     3.3     1    94.5  28.9 115.4   5.6  74.0    12       E

Max >=  32.0:  0
Max <=   0.0:  0
Min <=   0.0:  0
Min <= -18.0:  0
Max Rain: 46.20 ON 29/08/14
Days of Rain: 19 (> .2 mm) 9 (> 2 mm) 1 (> 20 mm)
Heat Base:  18.3  Cool Base:  18.3  Method: Integration
Gardiner Family