Gardiner Family

Gardiner Family

Gardiner Family
NOAA style reports

NOAA-style Climate Reports

Select a Year or Month report

Notice: Undefined index: NOAA2017.TXT in E:\xampp\htdocs\gardiner\davis\noaa.php on line 289

Report for 2014 Jul
                   MONTHLY CLIMATOLOGICAL SUMMARY for JUL. 2014

NAME: Kairos   CITY: Maddington   STATE: Western Australia 
ELEV:    20 m  LAT:  32 06' 00" S  LONG: 116 00' 00" E

                   TEMPERATURE (C), RAIN  (mm), WIND SPEED (km/hr)

                                      HEAT  COOL        AVG
    MEAN                              DEG   DEG         WIND                 DOM
DAY TEMP  HIGH   TIME   LOW    TIME   DAYS  DAYS  RAIN  SPEED HIGH   TIME    DIR
------------------------------------------------------------------------------------
 1  19.8  22.8   1:40p  16.7   8:20a   0.1   1.6   0.0   4.8  24.1   9:35p   NNE
 2  16.2  20.2  12:05a   9.3  12:00m   2.3   0.2  20.4   6.6  45.1   2:55p    SW
 3   9.5  16.9   2:30p   3.3   7:30a   8.8   0.0   0.2   2.3  27.4  11:30p   ENE
 4  13.9  21.5   1:10p   5.8   6:30a   4.6   0.3   6.6   4.8  25.7   1:30a   NNE
 5  17.8  23.3   2:05p  11.9   5:50a   1.9   1.4   2.6   4.7  29.0   8:45p   NNE
 6  15.0  19.1  12:05a  10.4  10:50p   3.3   0.0  24.4   5.6  51.5   9:45a   NNE
 7  12.7  17.1   1:00p   9.3   9:15p   5.6   0.0  17.8   8.4  57.9   1:05p   WNW
 8  11.6  15.7   1:35p   6.2  12:00m   6.7   0.0   1.6   4.0  33.8   4:35a    SW
 9   9.6  16.9   1:40p   3.1   7:40a   8.7   0.0   0.2   2.1  22.5  12:15p     E
10  11.3  20.1   2:45p   3.0   7:30a   7.1   0.1   0.2   0.5  12.9   4:40p    NE
11  13.9  20.5  12:55p   8.6   7:50a   4.7   0.3   0.0   1.9  27.4   7:50p     E
12  13.1  19.1   2:25p   9.1  10:10p   5.3   0.0   0.0   4.3  32.2   4:50a    NE
13  13.6  20.7   2:30p   7.8  11:20p   5.1   0.4   0.0   4.0  20.9  12:35a   NNW
14  13.9  18.3   1:10p   8.4  12:05a   4.4   0.0  15.4   6.9  40.2  11:45a    SW
15  13.5  19.3   1:45p   8.7   1:25a   4.8   0.0   1.2   2.9  33.8  12:05p    SW
16  12.0  19.3   2:35p   6.4  11:55p   6.4   0.0   0.2   1.1  17.7   3:05p     S
17  10.7  18.4   3:00p   3.9   5:00a   7.6   0.0   0.2   4.0  30.6  11:55p     E
18  14.5  21.3   2:50p   9.6   7:10a   4.3   0.4   0.0  10.3  33.8   3:25a   ENE
19  15.0  21.8   2:30p  11.4   3:50a   3.8   0.5   5.2   5.5  32.2   5:30p   NNE
20  13.4  19.6   1:50p   7.9  12:00m   4.9   0.0   0.0   2.4  19.3   1:40p   ENE
21  12.7  16.9  11:25a   7.6  12:50a   5.6   0.0  23.6   3.2  29.0   2:15p   NNE
22  11.7  15.2   1:15p   9.2   7:45a   6.6   0.0  14.0   1.6  27.4   1:10a   WNW
23  11.1  15.7  12:30p   7.7   4:35a   7.2   0.0   1.2   1.6  24.1   3:20p     N
24  14.6  20.5   1:00p   9.6   3:20a   4.1   0.3   4.6   1.3  17.7  11:40a     N
25  15.3  19.3  12:10p  12.7   3:25a   3.0   0.0   2.6   6.8  38.6   3:50p   NNW
26  14.2  17.3  11:05a   9.7  11:00p   4.1   0.0  16.4   5.8  32.2   1:20p     N
27  13.3  20.2   1:40p   8.8   5:55a   5.0   0.1   1.6   2.7  37.0  11:50a     W
28  14.9  20.9   2:15p  10.7   1:30a   3.7   0.3   0.6   3.4  29.0   1:45p   WNW
29  15.8  20.8   3:00p  12.0   4:45a   2.8   0.3   0.2   3.1  27.4   3:00p     W
30  16.0  18.6   4:25p  13.6  10:35p   2.3   0.0   1.4   3.1  27.4   5:10p     W
31  11.9  18.1   2:55p   4.8  12:00m   6.4   0.0   0.0   1.8  19.3   3:40a     S
-------------------------------------------------------------------------------------
    13.6  23.3     5     3.0    10   151.3   6.5 162.4   3.9  57.9     7     NNE

Max >=  32.0:  0
Max <=   0.0:  0
Min <=   0.0:  0
Min <= -18.0:  0
Max Rain: 24.41 ON 06/07/14
Days of Rain: 24 (> .2 mm) 12 (> 2 mm) 3 (> 20 mm)
Heat Base:  18.3  Cool Base:  18.3  Method: Integration
Gardiner Family