Gardiner Family

Gardiner Family

Gardiner Family
NOAA style reports

NOAA-style Climate Reports

Select a Year or Month report

Notice: Undefined index: NOAA2017.TXT in E:\xampp\htdocs\gardiner\davis\noaa.php on line 289

Report for 2014 Jun
                   MONTHLY CLIMATOLOGICAL SUMMARY for JUN. 2014

NAME: Kairos   CITY: Maddington   STATE: Western Australia 
ELEV:    20 m  LAT:  32 06' 00" S  LONG: 116 00' 00" E

                   TEMPERATURE (C), RAIN  (mm), WIND SPEED (km/hr)

                                      HEAT  COOL        AVG
    MEAN                              DEG   DEG         WIND                 DOM
DAY TEMP  HIGH   TIME   LOW    TIME   DAYS  DAYS  RAIN  SPEED HIGH   TIME    DIR
------------------------------------------------------------------------------------
 1  17.3  22.8   2:35p  13.0   6:45a   1.7   0.7   1.6   4.5  29.0   1:00a   NNE
 2  16.6  23.8   1:25p  12.1   6:25a   2.7   1.0   0.4   1.1  17.7   2:45p     W
 3  15.8  24.3   2:30p  10.6   6:30a   3.4   0.9   0.2   1.0  14.5  11:05a     S
 4  17.3  25.0   3:40p  11.9   7:20a   2.4   1.4   0.0   2.9  22.5  10:35a   ENE
 5  19.0  25.8   1:30p  14.3   6:55a   1.2   1.9   0.0   6.4  27.4   2:20a     E
 6  18.7  24.8   1:55p  13.1   7:45p   1.2   1.6   0.0   6.8  33.8   8:35p   ENE
 7  17.4  21.2   1:20p  13.9   6:05a   1.3   0.4   0.0   7.7  33.8   7:50a    NE
 8  18.2  20.8   2:30p  15.7  10:45p   0.7   0.7   0.8   4.3  25.7  10:00a   NNE
 9  18.6  24.1   3:35p  15.1   7:25a   1.0   1.3   3.4   2.6  24.1   3:40p   NNE
10  14.1  17.6  12:05a   7.9  12:00m   4.2   0.0   9.0   4.8  32.2   9:50a     S
11  11.1  18.8   3:15p   4.6   7:35a   7.3   0.0   0.4   1.0  20.9  12:15p     S
12  11.8  20.1   2:35p   6.2   7:35a   6.6   0.2   0.2   1.3  20.9  11:25a   ESE
13  10.9  20.2   1:50p   4.6   7:30a   7.5   0.1   0.2   0.8  19.3  10:25a   NNE
14  10.2  20.2   2:25p   2.5   7:05a   8.3   0.2   0.4   0.6  17.7  11:05a    NW
15  11.6  21.4   1:20p   2.8   6:40a   7.3   0.5   0.2   1.9  20.9   2:35p    NE
16  15.1  22.2   2:50p   9.8   7:20a   4.0   0.7   0.0   5.8  33.8  10:55a     N
17  14.6  19.0  10:50a  12.0   8:55p   3.8   0.0  54.8  10.9  53.1  10:25a   NNE
18  13.1  17.9   1:25p  10.5   8:50p   5.3   0.0  22.6   3.1  35.4  12:35p    SW
19  13.8  17.6   3:10p  10.3   1:50a   4.5   0.0  13.2   1.6  19.3  11:15a   NNE
20  14.1  18.8   1:25p   8.7   3:40a   4.2   0.0   1.4   2.1  25.7   2:05p   WNW
21  14.7  19.9  11:30a  10.3  12:00m   3.7   0.1  19.4   6.6  40.2  12:10p   NNE
22  10.4  17.0   2:40p   6.2   5:25a   7.9   0.0   1.8   2.3  30.6  12:50p   SSW
23   9.5  17.9   1:55p   2.4   7:20a   8.8   0.0   0.2   0.6  17.7  12:15p   SSE
24  11.5  20.1   2:25p   5.2   4:20a   6.9   0.2   0.2   1.6  20.9   5:35a    NE
25  11.6  21.6   2:35p   4.0   7:00a   7.3   0.6   0.2   1.6  22.5   8:55a    NW
26  12.9  20.1   2:20p   6.1   1:10a   5.5   0.1   3.2   4.7  40.2  12:25p   WSW
27  11.2  18.4   1:45p   4.4   7:30a   7.1   0.0   0.4   2.6  27.4   2:25p   SSW
28  10.9  16.8   2:30p   4.4  12:00m   7.4   0.0   0.0   5.5  29.0  12:25a     E
29  11.6  17.0   2:45p   3.5   2:20a   6.7   0.0   0.0   6.1  33.8   8:55p    NE
30  17.8  22.8   2:15p  14.2   7:25a   1.4   0.9   0.0   5.8  30.6  12:05a    NE
-------------------------------------------------------------------------------------
    14.0  25.8     5     2.4    23   141.3  13.4 134.2   3.6  53.1    17     NNE

Max >=  32.0:  0
Max <=   0.0:  0
Min <=   0.0:  0
Min <= -18.0:  0
Max Rain: 54.79 ON 17/06/14
Days of Rain: 22 (> .2 mm) 7 (> 2 mm) 2 (> 20 mm)
Heat Base:  18.3  Cool Base:  18.3  Method: Integration
Gardiner Family