Gardiner Family

Gardiner Family

Gardiner Family
NOAA style reports

NOAA-style Climate Reports

Select a Year or Month report

Notice: Undefined index: NOAA2017.TXT in E:\xampp\htdocs\gardiner\davis\noaa.php on line 289

Report for 2014 May
                   MONTHLY CLIMATOLOGICAL SUMMARY for MAY. 2014

NAME: Kairos   CITY: Maddington   STATE: Western Australia 
ELEV:    20 m  LAT:  32 06' 00" S  LONG: 116 00' 00" E

                   TEMPERATURE (C), RAIN  (mm), WIND SPEED (km/hr)

                                      HEAT  COOL        AVG
    MEAN                              DEG   DEG         WIND                 DOM
DAY TEMP  HIGH   TIME   LOW    TIME   DAYS  DAYS  RAIN  SPEED HIGH   TIME    DIR
------------------------------------------------------------------------------------
 1  15.2  24.1   3:00p   7.3   6:50a   4.3   1.2   0.2   4.7  40.2  10:20p   ESE
 2  14.6  22.9   3:25p   8.0   7:25a   4.5   0.8   0.0   4.2  48.3  12:50a     S
 3  16.1  25.7   1:20p   8.2   7:15a   3.6   1.4   0.0   1.6  19.3   3:20p   SSW
 4  18.0  21.7   2:20p  13.9   3:35a   1.1   0.8   0.0   5.1  25.7   6:55a   ENE
 5  17.2  20.7   3:35p  14.3   7:05a   1.4   0.3   1.2   6.8  33.8   7:50a     E
 6  19.4  22.6   2:40p  15.9   6:35a   0.6   1.7   3.0   6.3  27.4   9:30a   ENE
 7  19.3  21.6  12:30p  16.2  11:35p   0.2   1.2  39.4   7.1  29.0  10:25a     N
 8  15.6  20.3   2:30p  11.9   6:35a   2.8   0.1   8.4   6.9  62.8   5:55a     W
 9  17.2  22.5  12:35p  12.9   2:10a   2.0   0.9   3.6   3.9  33.8   2:45p     W
10  17.3  22.9  12:25p  12.6  11:55p   1.9   1.0   2.4   3.2  17.7   9:30a   NNE
11  16.8  25.7   1:55p  10.6   7:20a   3.1   1.7   0.4   2.3  22.5   3:15p   NNW
12  17.3  25.1   1:05p  13.2  12:20a   2.0   1.0   1.6   4.7  33.8  11:20a     N
13  16.4  24.0   1:45p  12.2   2:45a   2.9   1.0   0.2   1.4  19.3   2:25p    SW
14  16.9  21.4   3:55p  13.1   4:00a   2.0   0.7   0.0   2.3  20.9  12:30p   WNW
15  17.4  24.3   1:50p  12.2   7:30a   2.0   1.1   0.0   2.1  17.7  12:40p     W
16  16.4  24.3   3:00p  10.6   7:15a   3.1   1.2   0.6   1.6  19.3   1:55p    SW
17  16.6  25.5   2:10p   9.6   7:15a   3.3   1.6   0.2   1.9  19.3   3:25p    SW
18  17.1  21.5   1:35p  12.2   3:10a   1.9   0.7   0.8   2.6  20.9  11:50a    NW
19  18.8  22.1   3:15p  16.4   1:40a   0.6   1.0   3.2   3.2  19.3   7:05a     N
20  18.8  23.3   1:45p  16.0   5:35a   0.8   1.3   0.2   2.9  25.7  10:50a     W
21  17.7  20.7   2:20p  15.8   6:25a   1.0   0.4   8.0   1.4  17.7   2:15p   NNE
22  18.2  22.7   2:30p  13.6   3:10a   1.2   1.2   9.8   5.5  29.0  12:15p     N
23  17.2  22.2   1:05p  14.3   8:15a   1.7   0.5  51.4   6.1  43.5  11:35a    NW
24  16.2  20.3  12:15p  13.8  12:00m   2.1   0.1   6.8   6.3  48.3  11:30a     W
25  15.9  21.3   2:40p  11.7   6:50a   2.8   0.3   6.0   4.2  40.2   1:15p     W
26  16.2  19.6   1:45p  13.7   7:05a   2.3   0.2   0.4   0.6  20.9   9:25p     W
27  16.6  19.6  12:20p  14.1  12:35a   1.9   0.1   9.8   3.2  25.7   2:10p     N
28  14.6  19.9  12:00p  10.3  12:00m   3.8   0.1   0.8   1.4  25.7   6:00p   SSW
29  13.9  21.9   2:05p   8.6   7:30a   4.9   0.6   0.2   0.8  17.7  12:05p     S
30  13.5  20.0  12:45p   9.3   4:45a   4.9   0.1   0.2   4.8  25.7  10:15a     E
31  14.1  17.0   1:15p  11.4   5:25a   4.2   0.0   0.0   5.8  37.0   1:35a    NE
-------------------------------------------------------------------------------------
    16.7  25.7     3     7.3     1    74.8  24.3 158.8   3.7  62.8     8       N

Max >=  32.0:  0
Max <=   0.0:  0
Min <=   0.0:  0
Min <= -18.0:  0
Max Rain: 51.41 ON 23/05/14
Days of Rain: 25 (> .2 mm) 12 (> 2 mm) 2 (> 20 mm)
Heat Base:  18.3  Cool Base:  18.3  Method: Integration
Gardiner Family